CRAN Package Check Results for Package bigReg

Last updated on 2022-01-26 05:54:09 CET.

Flavor Version Tinstall Tcheck Ttotal Status Flags
r-devel-linux-x86_64-debian-clang 0.1.2 48.99 50.25 99.24 NOTE
r-devel-linux-x86_64-debian-gcc 0.1.2 36.16 39.16 75.32 NOTE
r-devel-linux-x86_64-fedora-clang 0.1.2 139.11 NOTE
r-devel-linux-x86_64-fedora-gcc 0.1.2 121.65 NOTE
r-patched-linux-x86_64 0.1.2 48.38 47.67 96.05 NOTE
r-release-linux-x86_64 0.1.2 49.42 47.57 96.99 NOTE
r-release-macos-arm64 0.1.2 OK
r-release-macos-x86_64 0.1.2 OK
r-oldrel-macos-x86_64 0.1.2 OK

Check Details

Version: 0.1.2
Check: for non-standard things in the check directory
Result: NOTE
    Found the following files/directories:
     'outputs'
Flavors: r-devel-linux-x86_64-debian-clang, r-devel-linux-x86_64-debian-gcc, r-devel-linux-x86_64-fedora-clang, r-devel-linux-x86_64-fedora-gcc, r-patched-linux-x86_64, r-release-linux-x86_64

Version: 0.1.2
Check: compiled code
Result: NOTE
    File ‘bigReg/libs/bigReg.so’:
     Found no calls to: ‘R_registerRoutines’, ‘R_useDynamicSymbols’
    
    It is good practice to register native routines and to disable symbol
    search.
    
    See ‘Writing portable packages’ in the ‘Writing R Extensions’ manual.
Flavors: r-devel-linux-x86_64-fedora-clang, r-devel-linux-x86_64-fedora-gcc