CRAN Package Check Results for Package beanz

Last updated on 2021-10-19 05:50:54 CEST.

Flavor Version Tinstall Tcheck Ttotal Status Flags
r-devel-linux-x86_64-debian-clang 2.4 713.56 235.18 948.74 NOTE
r-devel-linux-x86_64-debian-gcc 2.4 629.67 201.27 830.94 NOTE
r-devel-linux-x86_64-fedora-clang 2.4 1429.62 NOTE
r-devel-linux-x86_64-fedora-gcc 2.4 1497.19 NOTE
r-devel-windows-x86_64 2.4 842.00 340.00 1182.00 NOTE
r-devel-windows-x86_64-gcc10-UCRT 2.4 NOTE
r-patched-linux-x86_64 2.4 599.47 258.70 858.17 NOTE
r-patched-solaris-x86 2.4 1355.70 NOTE
r-release-linux-x86_64 2.4 630.98 261.10 892.08 NOTE
r-release-macos-arm64 2.4 NOTE
r-release-macos-x86_64 2.4 NOTE
r-release-windows-ix86+x86_64 2.4 1438.00 461.00 1899.00 NOTE
r-oldrel-macos-x86_64 2.4 NOTE
r-oldrel-windows-ix86+x86_64 2.4 176.00 8.00 184.00 ERROR

Check Details

Version: 2.4
Check: for GNU extensions in Makefiles
Result: NOTE
    GNU make is a SystemRequirements.
Flavors: r-devel-linux-x86_64-debian-clang, r-devel-linux-x86_64-debian-gcc, r-devel-linux-x86_64-fedora-clang, r-devel-linux-x86_64-fedora-gcc, r-devel-windows-x86_64, r-devel-windows-x86_64-gcc10-UCRT, r-patched-linux-x86_64, r-patched-solaris-x86, r-release-linux-x86_64, r-release-macos-arm64, r-release-macos-x86_64, r-release-windows-ix86+x86_64, r-oldrel-macos-x86_64

Version: 2.4
Check: installed package size
Result: NOTE
     installed size is 87.6Mb
     sub-directories of 1Mb or more:
     libs 86.0Mb
Flavors: r-devel-linux-x86_64-fedora-clang, r-devel-windows-x86_64, r-patched-solaris-x86, r-release-macos-arm64, r-release-macos-x86_64, r-release-windows-ix86+x86_64, r-oldrel-macos-x86_64

Version: 2.4
Check: dependencies in R code
Result: NOTE
    Namespace in Imports field not imported from: ‘rstantools’
     All declared Imports should be used.
Flavors: r-devel-linux-x86_64-fedora-clang, r-devel-linux-x86_64-fedora-gcc, r-devel-windows-x86_64-gcc10-UCRT, r-patched-solaris-x86, r-release-macos-arm64, r-release-macos-x86_64, r-oldrel-macos-x86_64

Version: 2.4
Check: line endings in C/C++/Fortran sources/headers
Result: NOTE
    Found the following sources/headers with CR or CRLF line endings:
     src/stan_files/bs.hpp
     src/stan_files/ds.hpp
     src/stan_files/eds.hpp
     src/stan_files/fs.hpp
     src/stan_files/nse.hpp
     src/stan_files/sr.hpp
     src/stan_files/srs.hpp
    Some Unix compilers require LF line endings.
Flavor: r-devel-windows-x86_64-gcc10-UCRT

Version: 2.4
Check: whether package can be installed
Result: ERROR
    Installation failed.
Flavor: r-oldrel-windows-ix86+x86_64