CRAN Package Check Results for Package bde

Last updated on 2021-06-13 05:50:59 CEST.

Flavor Version Tinstall Tcheck Ttotal Status Flags
r-devel-linux-x86_64-debian-clang 1.0.1 11.94 88.37 100.31 NOTE
r-devel-linux-x86_64-debian-gcc 1.0.1 10.69 65.42 76.11 NOTE
r-devel-linux-x86_64-fedora-clang 1.0.1 126.63 NOTE
r-devel-linux-x86_64-fedora-gcc 1.0.1 117.16 NOTE
r-devel-windows-x86_64 1.0.1 22.00 113.00 135.00 NOTE
r-devel-windows-x86_64-gcc10-UCRT 1.0.1 NOTE
r-patched-linux-x86_64 1.0.1 12.96 83.20 96.16 NOTE
r-patched-solaris-x86 1.0.1 163.60 NOTE
r-release-linux-x86_64 1.0.1 11.62 83.12 94.74 NOTE
r-release-macos-arm64 1.0.1 NOTE
r-release-macos-x86_64 1.0.1 NOTE
r-release-windows-ix86+x86_64 1.0.1 36.00 106.00 142.00 NOTE
r-oldrel-macos-x86_64 1.0.1 NOTE
r-oldrel-windows-ix86+x86_64 1.0.1 37.00 114.00 151.00 NOTE

Check Details

Version: 1.0.1
Check: R code for possible problems
Result: NOTE
    mise: no visible global function definition for 'integrate'
    density,BrVitale : density.vitale : <anonymous>: no visible global
     function definition for 'dbeta'
    density,Chen99Kernel : <anonymous>: no visible global function
     definition for 'dbeta'
    density,HirukawaJLNKernel : <anonymous>: no visible global function
     definition for 'dbeta'
    density,MicroBetaChen99Kernel : <anonymous>: no visible global function
     definition for 'dbeta'
    density,Vitale : <anonymous>: no visible global function definition for
     'dbeta'
    distribution,BernsteinPolynomials : <anonymous>: no visible global
     function definition for 'integrate'
    distribution,KernelDensity : <anonymous>: no visible global function
     definition for 'integrate'
    print,BoundedDensity: no visible global function definition for 'str'
    print,KernelDensity: no visible global function definition for 'str'
    rsample,BoundedDensity: no visible global function definition for
     'runif'
    setNormalizationConst,MacroBetaChen99Kernel: no visible global function
     definition for 'integrate'
    setNormalizationConst,MacroBetaHirukawaTSKernel: no visible global
     function definition for 'integrate'
    setNormalizationConstant,MacroBetaHirukawaJLNKernel: no visible global
     function definition for 'integrate'
    setNormalizationConstants,MicroBetaChen99Kernel :
     density.kernelFunction: no visible global function definition for
     'dbeta'
    setNormalizationConstants,MicroBetaChen99Kernel : <anonymous>: no
     visible global function definition for 'integrate'
    show,BoundedDensity: no visible global function definition for 'str'
    show,KernelDensity: no visible global function definition for 'str'
    Undefined global functions or variables:
     dbeta integrate runif str
    Consider adding
     importFrom("stats", "dbeta", "integrate", "runif")
     importFrom("utils", "str")
    to your NAMESPACE file.
Flavors: r-devel-linux-x86_64-debian-clang, r-devel-linux-x86_64-debian-gcc, r-devel-linux-x86_64-fedora-clang, r-devel-linux-x86_64-fedora-gcc, r-devel-windows-x86_64, r-devel-windows-x86_64-gcc10-UCRT, r-patched-linux-x86_64, r-patched-solaris-x86, r-release-linux-x86_64, r-release-macos-arm64, r-release-macos-x86_64, r-release-windows-ix86+x86_64, r-oldrel-macos-x86_64, r-oldrel-windows-ix86+x86_64