CRAN Package Check Results for Package bcp

Last updated on 2021-08-04 05:52:23 CEST.

Flavor Version Tinstall Tcheck Ttotal Status Flags
r-devel-linux-x86_64-debian-clang 4.0.3 105.20 42.38 147.58 OK
r-devel-linux-x86_64-debian-gcc 4.0.3 78.81 32.10 110.91 OK
r-devel-linux-x86_64-fedora-clang 4.0.3 221.55 NOTE
r-devel-linux-x86_64-fedora-gcc 4.0.3 197.12 OK
r-devel-windows-x86_64 4.0.3 90.00 74.00 164.00 OK
r-devel-windows-x86_64-gcc10-UCRT 4.0.3 OK
r-patched-linux-x86_64 4.0.3 86.88 41.19 128.07 OK
r-patched-solaris-x86 4.0.3 191.80 OK
r-release-linux-x86_64 4.0.3 85.84 41.48 127.32 OK
r-release-macos-arm64 4.0.3 NOTE
r-release-macos-x86_64 4.0.3 OK
r-release-windows-ix86+x86_64 4.0.3 252.00 81.00 333.00 OK
r-oldrel-macos-x86_64 4.0.3 NOTE
r-oldrel-windows-ix86+x86_64 4.0.3 193.00 99.00 292.00 OK

Check Details

Version: 4.0.3
Check: installed package size
Result: NOTE
     installed size is 5.6Mb
     sub-directories of 1Mb or more:
     libs 5.3Mb
Flavors: r-devel-linux-x86_64-fedora-clang, r-release-macos-arm64, r-oldrel-macos-x86_64