CRAN Package Check Results for Package bbl

Last updated on 2021-10-16 05:51:15 CEST.

Flavor Version Tinstall Tcheck Ttotal Status Flags
r-devel-linux-x86_64-debian-clang 0.4.0 42.96 221.50 264.46 OK
r-devel-linux-x86_64-debian-gcc 0.4.0 30.64 179.99 210.63 OK
r-devel-linux-x86_64-fedora-clang 0.4.0 354.16 OK
r-devel-linux-x86_64-fedora-gcc 0.4.0 337.61 OK
r-devel-windows-x86_64 0.4.0 49.00 285.00 334.00 OK
r-devel-windows-x86_64-gcc10-UCRT 0.4.0 OK
r-patched-linux-x86_64 0.4.0 37.26 228.22 265.48 OK
r-patched-solaris-x86 0.4.0 621.40 OK
r-release-linux-x86_64 0.4.0 39.10 221.94 261.04 OK
r-release-macos-arm64 0.4.0 NOTE
r-release-macos-x86_64 0.4.0 NOTE
r-release-windows-ix86+x86_64 0.4.0 113.00 417.00 530.00 NOTE
r-oldrel-macos-x86_64 0.4.0 NOTE
r-oldrel-windows-ix86+x86_64 0.4.0 116.00 539.00 655.00 NOTE

Check Details

Version: 0.4.0
Check: installed package size
Result: NOTE
     installed size is 6.7Mb
     sub-directories of 1Mb or more:
     extdata 2.3Mb
     libs 3.8Mb
Flavors: r-release-macos-arm64, r-release-macos-x86_64, r-release-windows-ix86+x86_64, r-oldrel-macos-x86_64, r-oldrel-windows-ix86+x86_64