CRAN Package Check Results for Package bayesGARCH

Last updated on 2021-08-04 05:52:23 CEST.

Flavor Version Tinstall Tcheck Ttotal Status Flags
r-devel-linux-x86_64-debian-clang 2.1.10 3.29 33.89 37.18 OK
r-devel-linux-x86_64-debian-gcc 2.1.10 2.49 26.30 28.79 OK
r-devel-linux-x86_64-fedora-clang 2.1.10 56.99 NOTE
r-devel-linux-x86_64-fedora-gcc 2.1.10 42.25 OK
r-devel-windows-x86_64 2.1.10 6.00 52.00 58.00 OK
r-devel-windows-x86_64-gcc10-UCRT 2.1.10 OK
r-patched-linux-x86_64 2.1.10 3.45 32.31 35.76 OK
r-patched-solaris-x86 2.1.10 64.10 OK
r-release-linux-x86_64 2.1.10 2.88 32.24 35.12 OK
r-release-macos-arm64 2.1.10 OK
r-release-macos-x86_64 2.1.10 OK
r-release-windows-ix86+x86_64 2.1.10 9.00 51.00 60.00 OK
r-oldrel-macos-x86_64 2.1.10 OK
r-oldrel-windows-ix86+x86_64 2.1.10 9.00 66.00 75.00 OK

Check Details

Version: 2.1.10
Check: Rd cross-references
Result: NOTE
    Undeclared package ‘fGarch’ in Rd xrefs
Flavor: r-devel-linux-x86_64-fedora-clang