CRAN Package Check Results for Package apollo

Last updated on 2022-01-22 05:10:09 CET.

Flavor Version Tinstall Tcheck Ttotal Status Flags
r-devel-linux-x86_64-debian-clang 0.2.6 77.76 253.99 331.75 NOTE
r-devel-linux-x86_64-debian-gcc 0.2.6 53.19 187.17 240.36 NOTE
r-devel-linux-x86_64-fedora-clang 0.2.6 415.08 OK
r-devel-linux-x86_64-fedora-gcc 0.2.6 390.27 OK
r-devel-windows-x86_64-new-UL 0.2.6 117.00 282.00 399.00 OK
r-devel-windows-x86_64-new-TK 0.2.6 OK
r-patched-linux-x86_64 0.2.6 61.89 234.17 296.06 NOTE
r-release-linux-x86_64 0.2.6 72.55 232.23 304.78 NOTE
r-release-macos-arm64 0.2.6 OK
r-release-macos-x86_64 0.2.6 OK
r-release-windows-ix86+x86_64 0.2.6 165.00 307.00 472.00 OK
r-oldrel-macos-x86_64 0.2.6 OK
r-oldrel-windows-ix86+x86_64 0.2.6 168.00 314.00 482.00 OK

Check Details

Version: 0.2.6
Check: R code for possible problems
Result: NOTE
    Found the following calls to attach():
    File 'apollo/R/apollo_attach.R':
     attach(as.list(apollo_beta), warn.conflicts = FALSE)
     attach(database, warn.conflicts = FALSE)
     attach(draws, warn.conflicts = FALSE)
     attach(randcoeff, warn.conflicts = FALSE)
     attach(lcpars, warn.conflicts = FALSE)
    See section 'Good practice' in '?attach'.
Flavors: r-devel-linux-x86_64-debian-clang, r-devel-linux-x86_64-debian-gcc, r-patched-linux-x86_64, r-release-linux-x86_64