CRAN Package Check Results for Package apc

Last updated on 2021-10-19 05:50:53 CEST.

Flavor Version Tinstall Tcheck Ttotal Status Flags
r-devel-linux-x86_64-debian-clang 2.0.0 22.31 610.52 632.83 OK
r-devel-linux-x86_64-debian-gcc 2.0.0 18.58 446.52 465.10 OK
r-devel-linux-x86_64-fedora-clang 2.0.0 751.35 NOTE
r-devel-linux-x86_64-fedora-gcc 2.0.0 730.87 NOTE
r-devel-windows-x86_64 2.0.0 33.00 721.00 754.00 OK
r-devel-windows-x86_64-gcc10-UCRT 2.0.0 NOTE
r-patched-linux-x86_64 2.0.0 31.06 597.57 628.63 OK
r-patched-solaris-x86 2.0.0 1746.20 NOTE
r-release-linux-x86_64 2.0.0 19.89 614.22 634.11 OK
r-release-macos-arm64 2.0.0 NOTE
r-release-macos-x86_64 2.0.0 NOTE
r-release-windows-ix86+x86_64 2.0.0 45.00 794.00 839.00 OK
r-oldrel-macos-x86_64 2.0.0 NOTE
r-oldrel-windows-ix86+x86_64 2.0.0 49.00 782.00 831.00 OK

Check Details

Version: 2.0.0
Check: dependencies in R code
Result: NOTE
    Namespaces in Imports field not imported from:
     ‘AER’ ‘ChainLadder’ ‘ISLR’ ‘ggplot2’
     All declared Imports should be used.
Flavors: r-devel-linux-x86_64-fedora-clang, r-devel-linux-x86_64-fedora-gcc, r-devel-windows-x86_64-gcc10-UCRT, r-patched-solaris-x86, r-release-macos-arm64, r-release-macos-x86_64, r-oldrel-macos-x86_64