CRAN Package Check Results for Package aml

Last updated on 2021-10-19 05:50:53 CEST.

Flavor Version Tinstall Tcheck Ttotal Status Flags
r-devel-linux-x86_64-debian-clang 0.1-1 2.17 45.98 48.15 NOTE
r-devel-linux-x86_64-debian-gcc 0.1-1 2.00 36.21 38.21 NOTE
r-devel-linux-x86_64-fedora-clang 0.1-1 69.32 NOTE
r-devel-linux-x86_64-fedora-gcc 0.1-1 57.89 NOTE
r-devel-windows-x86_64 0.1-1 4.00 72.00 76.00 NOTE
r-devel-windows-x86_64-gcc10-UCRT 0.1-1 NOTE
r-patched-linux-x86_64 0.1-1 2.53 44.33 46.86 NOTE
r-patched-solaris-x86 0.1-1 98.80 NOTE
r-release-linux-x86_64 0.1-1 2.14 45.27 47.41 NOTE
r-release-macos-arm64 0.1-1 NOTE
r-release-macos-x86_64 0.1-1 NOTE
r-release-windows-ix86+x86_64 0.1-1 4.00 69.00 73.00 NOTE
r-oldrel-macos-x86_64 0.1-1 NOTE
r-oldrel-windows-ix86+x86_64 0.1-1 5.00 73.00 78.00 NOTE

Check Details

Version: 0.1-1
Check: R code for possible problems
Result: NOTE
    amltest: no visible global function definition for 'var'
    amltest: no visible global function definition for 'optim'
    amltest: no visible global function definition for 'lm'
    cleanclust: no visible global function definition for 'cor'
    cleanclust: no visible global function definition for 'hclust'
    cleanclust: no visible global function definition for 'as.dist'
    cleanclust: no visible global function definition for 'cutree'
    Undefined global functions or variables:
     as.dist cor cutree hclust lm optim var
    Consider adding
     importFrom("stats", "as.dist", "cor", "cutree", "hclust", "lm",
     "optim", "var")
    to your NAMESPACE file.
Flavors: r-devel-linux-x86_64-debian-clang, r-devel-linux-x86_64-debian-gcc, r-devel-linux-x86_64-fedora-clang, r-devel-linux-x86_64-fedora-gcc, r-devel-windows-x86_64, r-devel-windows-x86_64-gcc10-UCRT, r-patched-linux-x86_64, r-patched-solaris-x86, r-release-linux-x86_64, r-release-macos-arm64, r-release-macos-x86_64, r-release-windows-ix86+x86_64, r-oldrel-macos-x86_64, r-oldrel-windows-ix86+x86_64