CRAN Package Check Results for Package alphashape3d

Last updated on 2021-09-20 05:49:38 CEST.

Flavor Version Tinstall Tcheck Ttotal Status Flags
r-devel-linux-x86_64-debian-clang 1.3.1 6.41 50.28 56.69 OK
r-devel-linux-x86_64-debian-gcc 1.3.1 4.67 39.64 44.31 OK
r-devel-linux-x86_64-fedora-clang 1.3.1 76.33 OK
r-devel-linux-x86_64-fedora-gcc 1.3.1 65.31 OK
r-devel-windows-x86_64 1.3.1 10.00 53.00 63.00 OK
r-devel-windows-x86_64-gcc10-UCRT 1.3.1 ERROR
r-patched-linux-x86_64 1.3.1 9.11 48.45 57.56 OK
r-patched-solaris-x86 1.3.1 98.00 OK
r-release-linux-x86_64 1.3.1 5.69 48.68 54.37 OK
r-release-macos-arm64 1.3.1 OK
r-release-macos-x86_64 1.3.1 OK
r-release-windows-ix86+x86_64 1.3.1 18.00 92.00 110.00 OK
r-oldrel-macos-x86_64 1.3.1 OK
r-oldrel-windows-ix86+x86_64 1.3.1 17.00 68.00 85.00 OK

Check Details

Version: 1.3.1
Check: whether package can be installed
Result: ERROR
    Installation failed.
Flavor: r-devel-windows-x86_64-gcc10-UCRT