CRAN Package Check Results for Package agroclim

Last updated on 2021-06-13 05:50:58 CEST.

Flavor Version Tinstall Tcheck Ttotal Status Flags
r-devel-linux-x86_64-debian-clang 0.1.0 13.59 131.09 144.68 OK
r-devel-linux-x86_64-debian-gcc 0.1.0 11.53 96.88 108.41 OK
r-devel-linux-x86_64-fedora-clang 0.1.0 181.78 NOTE
r-devel-linux-x86_64-fedora-gcc 0.1.0 167.46 NOTE
r-devel-windows-x86_64 0.1.0 23.00 180.00 203.00 OK
r-devel-windows-x86_64-gcc10-UCRT 0.1.0 NOTE
r-patched-linux-x86_64 0.1.0 14.11 122.90 137.01 OK
r-patched-solaris-x86 0.1.0 242.60 NOTE
r-release-linux-x86_64 0.1.0 13.21 123.05 136.26 OK
r-release-macos-arm64 0.1.0 NOTE
r-release-macos-x86_64 0.1.0 NOTE
r-release-windows-ix86+x86_64 0.1.0 33.00 176.00 209.00 OK
r-oldrel-macos-x86_64 0.1.0 NOTE
r-oldrel-windows-ix86+x86_64 0.1.0 34.00 173.00 207.00 OK

Check Details

Version: 0.1.0
Check: dependencies in R code
Result: NOTE
    Namespace in Imports field not imported from: ‘plyr’
     All declared Imports should be used.
Flavors: r-devel-linux-x86_64-fedora-clang, r-devel-linux-x86_64-fedora-gcc, r-devel-windows-x86_64-gcc10-UCRT, r-patched-solaris-x86, r-release-macos-arm64, r-release-macos-x86_64, r-oldrel-macos-x86_64