CRAN Package Check Results for Package act

Last updated on 2021-10-18 05:54:11 CEST.

Flavor Version Tinstall Tcheck Ttotal Status Flags
r-devel-linux-x86_64-debian-clang 1.1.9 15.20 78.86 94.06 OK
r-devel-linux-x86_64-debian-gcc 1.1.9 11.32 57.95 69.27 OK
r-devel-linux-x86_64-fedora-clang 1.1.9 120.12 NOTE
r-devel-linux-x86_64-fedora-gcc 1.1.9 115.02 NOTE
r-devel-windows-x86_64 1.1.9 24.00 103.00 127.00 OK
r-devel-windows-x86_64-gcc10-UCRT 1.1.9 NOTE
r-patched-linux-x86_64 1.1.9 14.19 75.96 90.15 OK
r-patched-solaris-x86 1.1.9 143.90 NOTE
r-release-linux-x86_64 1.1.9 13.01 76.88 89.89 OK
r-release-macos-arm64 1.1.9 NOTE
r-release-macos-x86_64 1.1.9 NOTE
r-release-windows-ix86+x86_64 1.1.9 19.00 107.00 126.00 OK
r-oldrel-macos-x86_64 1.1.9 NOTE
r-oldrel-windows-ix86+x86_64 1.1.9 25.00 109.00 134.00 OK

Check Details

Version: 1.1.9
Check: data for non-ASCII characters
Result: NOTE
     Note: found 305 marked UTF-8 strings
Flavors: r-devel-linux-x86_64-fedora-clang, r-devel-linux-x86_64-fedora-gcc, r-devel-windows-x86_64-gcc10-UCRT, r-patched-solaris-x86, r-release-macos-arm64, r-release-macos-x86_64, r-oldrel-macos-x86_64