CRAN Package Check Results for Package abstractr

Last updated on 2021-05-16 05:47:41 CEST.

Flavor Version Tinstall Tcheck Ttotal Status Flags
r-devel-linux-x86_64-debian-clang 0.1.0 5.96 62.58 68.54 NOTE
r-devel-linux-x86_64-debian-gcc 0.1.0 4.61 47.66 52.27 NOTE
r-devel-linux-x86_64-fedora-clang 0.1.0 88.47 NOTE
r-devel-linux-x86_64-fedora-gcc 0.1.0 79.23 NOTE
r-devel-windows-ix86+x86_64 0.1.0 17.00 84.00 101.00 NOTE
r-devel-windows-x86_64-gcc10-UCRT 0.1.0 NOTE
r-patched-linux-x86_64 0.1.0 5.36 57.37 62.73 NOTE
r-patched-solaris-x86 0.1.0 111.30 NOTE
r-release-linux-x86_64 0.1.0 5.11 57.85 62.96 OK
r-release-macos-x86_64 0.1.0 OK
r-release-windows-ix86+x86_64 0.1.0 13.00 75.00 88.00 OK
r-oldrel-macos-x86_64 0.1.0 OK
r-oldrel-windows-ix86+x86_64 0.1.0 9.00 85.00 94.00 OK

Check Details

Version: 0.1.0
Check: LazyData
Result: NOTE
     'LazyData' is specified without a 'data' directory
Flavors: r-devel-linux-x86_64-debian-clang, r-devel-linux-x86_64-debian-gcc, r-devel-linux-x86_64-fedora-clang, r-devel-linux-x86_64-fedora-gcc, r-devel-windows-ix86+x86_64, r-devel-windows-x86_64-gcc10-UCRT, r-patched-linux-x86_64, r-patched-solaris-x86