CRAN Package Check Results for Package aLFQ

Last updated on 2021-09-21 05:50:52 CEST.

Flavor Version Tinstall Tcheck Ttotal Status Flags
r-devel-linux-x86_64-debian-clang 1.3.6 15.14 147.99 163.13 OK
r-devel-linux-x86_64-debian-gcc 1.3.6 12.51 107.55 120.06 OK
r-devel-linux-x86_64-fedora-clang 1.3.6 197.88 OK
r-devel-linux-x86_64-fedora-gcc 1.3.6 180.74 OK
r-devel-windows-x86_64 1.3.6 20.00 118.00 138.00 OK
r-devel-windows-x86_64-gcc10-UCRT 1.3.6 ERROR
r-patched-linux-x86_64 1.3.6 16.01 135.45 151.46 OK
r-patched-solaris-x86 1.3.6 257.80 OK
r-release-linux-x86_64 1.3.6 14.56 132.84 147.40 OK
r-release-macos-arm64 1.3.6 OK
r-release-macos-x86_64 1.3.6 OK
r-release-windows-ix86+x86_64 1.3.6 36.00 163.00 199.00 OK
r-oldrel-macos-x86_64 1.3.6 OK
r-oldrel-windows-ix86+x86_64 1.3.6 36.00 124.00 160.00 OK

Check Details

Version: 1.3.6
Check: whether package can be installed
Result: WARN
    Found the following significant warnings:
     WARNING: installation-time patches will not be applied, could not get the patches index
Flavor: r-devel-windows-x86_64-gcc10-UCRT

Version: 1.3.6
Check: PDF version of manual
Result: WARN
    LaTeX errors when creating PDF version.
    This typically indicates Rd problems.
Flavor: r-devel-windows-x86_64-gcc10-UCRT

Version: 1.3.6
Check: PDF version of manual without hyperrefs or index
Result: ERROR
    Re-running with no redirection of stdout/stderr.
Flavor: r-devel-windows-x86_64-gcc10-UCRT