CRAN Package Check Results for Package XLConnect

Last updated on 2021-09-23 05:51:50 CEST.

Flavor Version Tinstall Tcheck Ttotal Status Flags
r-devel-linux-x86_64-debian-clang 1.0.4 11.38 155.53 166.91 OK
r-devel-linux-x86_64-debian-gcc 1.0.4 10.46 122.38 132.84 OK
r-devel-linux-x86_64-fedora-clang 1.0.4 199.97 NOTE
r-devel-linux-x86_64-fedora-gcc 1.0.4 189.87 OK
r-devel-windows-x86_64 1.0.4 27.00 184.00 211.00 NOTE
r-devel-windows-x86_64-gcc10-UCRT 1.0.4 ERROR
r-patched-linux-x86_64 1.0.4 13.64 156.85 170.49 OK
r-release-linux-x86_64 1.0.4 11.17 154.46 165.63 OK
r-release-macos-arm64 1.0.4 NOTE
r-release-macos-x86_64 1.0.4 NOTE
r-release-windows-ix86+x86_64 1.0.4 36.00 207.00 243.00 NOTE
r-oldrel-macos-x86_64 1.0.4 NOTE
r-oldrel-windows-ix86+x86_64 1.0.4 45.00 181.00 226.00 NOTE

Additional issues

M1mac M1mac

Check Details

Version: 1.0.4
Check: installed package size
Result: NOTE
     installed size is 36.5Mb
     sub-directories of 1Mb or more:
     java 34.2Mb
Flavors: r-devel-linux-x86_64-fedora-clang, r-devel-windows-x86_64, r-release-macos-arm64, r-release-macos-x86_64, r-release-windows-ix86+x86_64, r-oldrel-macos-x86_64, r-oldrel-windows-ix86+x86_64

Version: 1.0.4
Check: whether package can be installed
Result: ERROR
    Installation failed.
Flavor: r-devel-windows-x86_64-gcc10-UCRT