CRAN Package Check Results for Package WRI

Last updated on 2021-10-19 05:51:20 CEST.

Flavor Version Tinstall Tcheck Ttotal Status Flags
r-devel-linux-x86_64-debian-clang 0.1.0 53.24 88.18 141.42 OK
r-devel-linux-x86_64-debian-gcc 0.1.0 38.79 66.31 105.10 OK
r-devel-linux-x86_64-fedora-clang 0.1.0 207.53 NOTE
r-devel-linux-x86_64-fedora-gcc 0.1.0 184.06 NOTE
r-devel-windows-x86_64 0.1.0 74.00 125.00 199.00 OK
r-devel-windows-x86_64-gcc10-UCRT 0.1.0 NOTE
r-patched-linux-x86_64 0.1.0 49.01 83.35 132.36 OK
r-patched-solaris-x86 0.1.0 181.20 NOTE
r-release-linux-x86_64 0.1.0 50.96 84.03 134.99 OK
r-release-macos-arm64 0.1.0 NOTE
r-release-macos-x86_64 0.1.0 NOTE
r-release-windows-ix86+x86_64 0.1.0 143.00 165.00 308.00 OK
r-oldrel-macos-x86_64 0.1.0 NOTE
r-oldrel-windows-ix86+x86_64 0.1.0 145.00 177.00 322.00 OK

Check Details

Version: 0.1.0
Check: dependencies in R code
Result: NOTE
    Namespaces in Imports field not imported from:
     ‘fdadensity’ ‘locfit’ ‘locpol’ ‘modeest’
     All declared Imports should be used.
Flavors: r-devel-linux-x86_64-fedora-clang, r-devel-linux-x86_64-fedora-gcc, r-devel-windows-x86_64-gcc10-UCRT, r-patched-solaris-x86, r-release-macos-arm64, r-release-macos-x86_64, r-oldrel-macos-x86_64