CRAN Package Check Results for Package VertexSimilarity

Last updated on 2021-07-31 05:52:09 CEST.

Flavor Version Tinstall Tcheck Ttotal Status Flags
r-devel-linux-x86_64-debian-clang 0.1 1.77 20.27 22.04 NOTE
r-devel-linux-x86_64-debian-gcc 0.1 1.35 16.04 17.39 NOTE
r-devel-linux-x86_64-fedora-clang 0.1 36.53 NOTE
r-devel-linux-x86_64-fedora-gcc 0.1 25.35 NOTE
r-devel-windows-x86_64 0.1 3.00 35.00 38.00 NOTE
r-devel-windows-x86_64-gcc10-UCRT 0.1 NOTE
r-patched-linux-x86_64 0.1 NOTE
r-patched-solaris-x86 0.1 41.00 NOTE
r-release-linux-x86_64 0.1 1.75 19.64 21.39 NOTE
r-release-macos-arm64 0.1 NOTE
r-release-macos-x86_64 0.1 NOTE
r-release-windows-ix86+x86_64 0.1 6.00 29.00 35.00 NOTE
r-oldrel-macos-x86_64 0.1 OK
r-oldrel-windows-ix86+x86_64 0.1 5.00 35.00 40.00 OK

Check Details

Version: 0.1
Check: LazyData
Result: NOTE
     'LazyData' is specified without a 'data' directory
Flavors: r-devel-linux-x86_64-debian-clang, r-devel-linux-x86_64-debian-gcc, r-devel-linux-x86_64-fedora-clang, r-devel-linux-x86_64-fedora-gcc, r-devel-windows-x86_64, r-devel-windows-x86_64-gcc10-UCRT, r-patched-linux-x86_64, r-patched-solaris-x86, r-release-linux-x86_64, r-release-macos-arm64, r-release-macos-x86_64, r-release-windows-ix86+x86_64