CRAN Package Check Results for Package VSdecomp

Last updated on 2021-09-20 05:50:28 CEST.

Flavor Version Tinstall Tcheck Ttotal Status Flags
r-devel-linux-x86_64-debian-clang 0.1.1 11.25 100.79 112.04 OK
r-devel-linux-x86_64-debian-gcc 0.1.1 8.45 74.04 82.49 OK
r-devel-linux-x86_64-fedora-clang 0.1.1 142.25 OK
r-devel-linux-x86_64-fedora-gcc 0.1.1 128.93 OK
r-devel-windows-x86_64 0.1.1 13.00 85.00 98.00 OK
r-devel-windows-x86_64-gcc10-UCRT 0.1.1 ERROR
r-patched-linux-x86_64 0.1.1 10.88 93.49 104.37 OK
r-patched-solaris-x86 0.1.1 186.30 OK
r-release-linux-x86_64 0.1.1 10.52 92.96 103.48 OK
r-release-macos-arm64 0.1.1 OK
r-release-macos-x86_64 0.1.1 OK
r-release-windows-ix86+x86_64 0.1.1 27.00 116.00 143.00 OK
r-oldrel-macos-x86_64 0.1.1 OK
r-oldrel-windows-ix86+x86_64 0.1.1 34.00 87.00 121.00 OK

Check Details

Version: 0.1.1
Check: whether package can be installed
Result: WARN
    Found the following significant warnings:
     WARNING: installation-time patches will not be applied, could not get the patches index
Flavor: r-devel-windows-x86_64-gcc10-UCRT

Version: 0.1.1
Check: PDF version of manual
Result: WARN
    LaTeX errors when creating PDF version.
    This typically indicates Rd problems.
Flavor: r-devel-windows-x86_64-gcc10-UCRT

Version: 0.1.1
Check: PDF version of manual without hyperrefs or index
Result: ERROR
    Re-running with no redirection of stdout/stderr.
Flavor: r-devel-windows-x86_64-gcc10-UCRT