CRAN Package Check Results for Package TextForecast

Last updated on 2021-10-18 05:54:37 CEST.

Flavor Version Tinstall Tcheck Ttotal Status Flags
r-devel-linux-x86_64-debian-clang 0.1.2 11.74 122.01 133.75 OK
r-devel-linux-x86_64-debian-gcc 0.1.2 11.07 91.79 102.86 OK
r-devel-linux-x86_64-fedora-clang 0.1.2 169.47 NOTE
r-devel-linux-x86_64-fedora-gcc 0.1.2 157.29 NOTE
r-devel-windows-x86_64 0.1.2 22.00 150.00 172.00 OK
r-devel-windows-x86_64-gcc10-UCRT 0.1.2 NOTE
r-patched-linux-x86_64 0.1.2 11.83 112.63 124.46 OK
r-patched-solaris-x86 0.1.2 254.90 NOTE
r-release-linux-x86_64 0.1.2 11.75 113.76 125.51 OK
r-release-macos-arm64 0.1.2 NOTE
r-release-macos-x86_64 0.1.2 NOTE
r-release-windows-ix86+x86_64 0.1.2 39.00 147.00 186.00 OK
r-oldrel-macos-x86_64 0.1.2 NOTE
r-oldrel-windows-ix86+x86_64 0.1.2 30.00 147.00 177.00 OK

Additional issues

donttest

Check Details

Version: 0.1.2
Check: dependencies in R code
Result: NOTE
    Namespaces in Imports field not imported from:
     ‘doParallel’ ‘parallel’ ‘tidyr’
     All declared Imports should be used.
Flavors: r-devel-linux-x86_64-fedora-clang, r-devel-linux-x86_64-fedora-gcc, r-devel-windows-x86_64-gcc10-UCRT, r-patched-solaris-x86, r-release-macos-arm64, r-release-macos-x86_64, r-oldrel-macos-x86_64

Version: 0.1.2
Check: data for non-ASCII characters
Result: NOTE
     Note: found 40 marked UTF-8 strings
Flavors: r-devel-linux-x86_64-fedora-clang, r-devel-linux-x86_64-fedora-gcc, r-devel-windows-x86_64-gcc10-UCRT, r-patched-solaris-x86, r-release-macos-arm64, r-release-macos-x86_64, r-oldrel-macos-x86_64