CRAN Package Check Results for Package TELP

Last updated on 2021-09-20 05:50:25 CEST.

Flavor Version Tinstall Tcheck Ttotal Status Flags
r-devel-linux-x86_64-debian-clang 1.0 14.75 113.41 128.16 OK
r-devel-linux-x86_64-debian-gcc 1.0 11.26 84.89 96.15 OK
r-devel-linux-x86_64-fedora-clang 1.0 168.11 OK
r-devel-linux-x86_64-fedora-gcc 1.0 153.39 OK
r-devel-windows-x86_64 1.0 15.00 97.00 112.00 OK
r-devel-windows-x86_64-gcc10-UCRT 1.0 ERROR
r-patched-linux-x86_64 1.0 16.78 108.78 125.56 OK
r-patched-solaris-x86 1.0 229.80 OK
r-release-linux-x86_64 1.0 15.15 107.05 122.20 OK
r-release-macos-arm64 1.0 OK
r-release-macos-x86_64 1.0 OK
r-release-windows-ix86+x86_64 1.0 34.00 120.00 154.00 OK
r-oldrel-macos-x86_64 1.0 OK
r-oldrel-windows-ix86+x86_64 1.0 30.00 90.00 120.00 OK

Check Details

Version: 1.0
Check: whether package can be installed
Result: WARN
    Found the following significant warnings:
     WARNING: installation-time patches will not be applied, could not get the patches index
Flavor: r-devel-windows-x86_64-gcc10-UCRT

Version: 1.0
Check: PDF version of manual
Result: WARN
    LaTeX errors when creating PDF version.
    This typically indicates Rd problems.
Flavor: r-devel-windows-x86_64-gcc10-UCRT

Version: 1.0
Check: PDF version of manual without hyperrefs or index
Result: ERROR
    Re-running with no redirection of stdout/stderr.
Flavor: r-devel-windows-x86_64-gcc10-UCRT