CRAN Package Check Results for Package SuperPCA

Last updated on 2021-10-16 05:51:39 CEST.

Flavor Version Tinstall Tcheck Ttotal Status Flags
r-devel-linux-x86_64-debian-clang 0.4.0 11.93 79.34 91.27 OK
r-devel-linux-x86_64-debian-gcc 0.4.0 8.90 60.83 69.73 OK
r-devel-linux-x86_64-fedora-clang 0.4.0 120.48 NOTE
r-devel-linux-x86_64-fedora-gcc 0.4.0 108.22 NOTE
r-devel-windows-x86_64 0.4.0 14.00 73.00 87.00 OK
r-devel-windows-x86_64-gcc10-UCRT 0.4.0 NOTE
r-patched-linux-x86_64 0.4.0 10.64 77.17 87.81 OK
r-patched-solaris-x86 0.4.0 154.80 NOTE
r-release-linux-x86_64 0.4.0 9.63 77.38 87.01 OK
r-release-macos-arm64 0.4.0 NOTE
r-release-macos-x86_64 0.4.0 NOTE
r-release-windows-ix86+x86_64 0.4.0 25.00 99.00 124.00 OK
r-oldrel-macos-x86_64 0.4.0 NOTE
r-oldrel-windows-ix86+x86_64 0.4.0 24.00 98.00 122.00 OK

Check Details

Version: 0.4.0
Check: dependencies in R code
Result: NOTE
    Namespaces in Imports field not imported from:
     ‘R.matlab’ ‘fBasics’ ‘spls’
     All declared Imports should be used.
Flavors: r-devel-linux-x86_64-fedora-clang, r-devel-linux-x86_64-fedora-gcc, r-devel-windows-x86_64-gcc10-UCRT, r-patched-solaris-x86, r-release-macos-arm64, r-release-macos-x86_64, r-oldrel-macos-x86_64