CRAN Package Check Results for Package StroupGLMM

Last updated on 2022-01-26 05:54:31 CET.

Flavor Version Tinstall Tcheck Ttotal Status Flags
r-devel-linux-x86_64-debian-clang 0.1.0 16.12 141.50 157.62 OK
r-devel-linux-x86_64-debian-gcc 0.1.0 12.82 108.59 121.41 OK
r-devel-linux-x86_64-fedora-clang 0.1.0 181.77 NOTE
r-devel-linux-x86_64-fedora-gcc 0.1.0 177.75 NOTE
r-devel-windows-x86_64-new-UL 0.1.0 66.00 170.00 236.00 OK
r-devel-windows-x86_64-new-TK 0.1.0 ERROR
r-patched-linux-x86_64 0.1.0 15.11 127.45 142.56 OK
r-release-linux-x86_64 0.1.0 14.08 128.25 142.33 OK
r-release-macos-arm64 0.1.0 NOTE
r-release-macos-x86_64 0.1.0 NOTE
r-release-windows-ix86+x86_64 0.1.0 35.00 264.00 299.00 OK
r-oldrel-macos-x86_64 0.1.0 NOTE
r-oldrel-windows-ix86+x86_64 0.1.0 40.00 158.00 198.00 OK

Check Details

Version: 0.1.0
Check: dependencies in R code
Result: NOTE
    Namespaces in Imports field not imported from:
     ‘broom’ ‘car’ ‘lmerTest’ ‘pbkrtest’
     All declared Imports should be used.
Flavors: r-devel-linux-x86_64-fedora-clang, r-devel-linux-x86_64-fedora-gcc, r-release-macos-arm64, r-release-macos-x86_64, r-oldrel-macos-x86_64

Version: 0.1.0
Check: package dependencies
Result: ERROR
    Packages required but not available:
     'car', 'lme4', 'lmerTest', 'pbkrtest', 'phia'
    
    See section 'The DESCRIPTION file' in the 'Writing R Extensions'
    manual.
Flavor: r-devel-windows-x86_64-new-TK