CRAN Package Check Results for Package SpatialEpi

Last updated on 2021-09-23 05:51:44 CEST.

Flavor Version Tinstall Tcheck Ttotal Status Flags
r-devel-linux-x86_64-debian-clang 1.2.5 60.58 183.47 244.05 OK
r-devel-linux-x86_64-debian-gcc 1.2.5 42.78 135.30 178.08 OK
r-devel-linux-x86_64-fedora-clang 1.2.5 307.09 OK
r-devel-linux-x86_64-fedora-gcc 1.2.5 289.01 OK
r-devel-windows-x86_64 1.2.5 57.00 186.00 243.00 OK
r-devel-windows-x86_64-gcc10-UCRT 1.2.5 ERROR
r-patched-linux-x86_64 1.2.5 49.35 169.34 218.69 OK
r-patched-solaris-x86 1.2.5 385.60 OK
r-release-linux-x86_64 1.2.5 46.88 168.29 215.17 OK
r-release-macos-arm64 1.2.5 OK
r-release-macos-x86_64 1.2.5 OK
r-release-windows-ix86+x86_64 1.2.5 137.00 356.00 493.00 OK
r-oldrel-macos-x86_64 1.2.5 OK
r-oldrel-windows-ix86+x86_64 1.2.5 107.00 269.00 376.00 OK

Check Details

Version: 1.2.5
Check: package dependencies
Result: ERROR
    Package required but not available: 'spdep'
    
    See section 'The DESCRIPTION file' in the 'Writing R Extensions'
    manual.
Flavor: r-devel-windows-x86_64-gcc10-UCRT