CRAN Package Check Results for Package SparseTSCGM

Last updated on 2021-09-20 05:50:22 CEST.

Flavor Version Tinstall Tcheck Ttotal Status Flags
r-devel-linux-x86_64-debian-clang 4.0 10.77 93.98 104.75 OK
r-devel-linux-x86_64-debian-gcc 4.0 8.92 71.92 80.84 OK
r-devel-linux-x86_64-fedora-clang 4.0 134.19 NOTE
r-devel-linux-x86_64-fedora-gcc 4.0 121.63 NOTE
r-devel-windows-x86_64 4.0 12.00 89.00 101.00 OK
r-devel-windows-x86_64-gcc10-UCRT 4.0 ERROR
r-patched-linux-x86_64 4.0 13.28 89.07 102.35 OK
r-patched-solaris-x86 4.0 185.20 OK
r-release-linux-x86_64 4.0 9.46 88.80 98.26 OK
r-release-macos-arm64 4.0 OK
r-release-macos-x86_64 4.0 OK
r-release-windows-ix86+x86_64 4.0 26.00 156.00 182.00 OK
r-oldrel-macos-x86_64 4.0 OK
r-oldrel-windows-ix86+x86_64 4.0 25.00 121.00 146.00 OK

Check Details

Version: 4.0
Check: compiled code
Result: NOTE
    File ‘SparseTSCGM/libs/SparseTSCGM.so’:
     Found no calls to: ‘R_registerRoutines’, ‘R_useDynamicSymbols’
    
    It is good practice to register native routines and to disable symbol
    search.
    
    See ‘Writing portable packages’ in the ‘Writing R Extensions’ manual.
Flavors: r-devel-linux-x86_64-fedora-clang, r-devel-linux-x86_64-fedora-gcc

Version: 4.0
Check: whether package can be installed
Result: ERROR
    Installation failed.
Flavor: r-devel-windows-x86_64-gcc10-UCRT