CRAN Package Check Results for Package SmartSVA

Last updated on 2021-10-18 05:54:34 CEST.

Flavor Version Tinstall Tcheck Ttotal Status Flags
r-devel-linux-x86_64-debian-clang 0.1.3 48.24 243.94 292.18 NOTE
r-devel-linux-x86_64-debian-gcc 0.1.3 37.50 181.99 219.49 NOTE
r-devel-linux-x86_64-fedora-clang 0.1.3 371.29 NOTE
r-devel-linux-x86_64-fedora-gcc 0.1.3 366.24 NOTE
r-devel-windows-x86_64 0.1.3 69.00 269.00 338.00 NOTE
r-devel-windows-x86_64-gcc10-UCRT 0.1.3 ERROR
r-patched-linux-x86_64 0.1.3 44.27 230.30 274.57 NOTE
r-patched-solaris-x86 0.1.3 477.60 NOTE
r-release-linux-x86_64 0.1.3 47.12 229.53 276.65 NOTE
r-release-macos-arm64 0.1.3 NOTE
r-release-macos-x86_64 0.1.3 NOTE
r-release-windows-ix86+x86_64 0.1.3 82.00 368.00 450.00 NOTE
r-oldrel-macos-x86_64 0.1.3 OK
r-oldrel-windows-ix86+x86_64 0.1.3 113.00 343.00 456.00 OK

Check Details

Version: 0.1.3
Check: LazyData
Result: NOTE
     'LazyData' is specified without a 'data' directory
Flavors: r-devel-linux-x86_64-debian-clang, r-devel-linux-x86_64-debian-gcc, r-devel-linux-x86_64-fedora-clang, r-devel-linux-x86_64-fedora-gcc, r-devel-windows-x86_64, r-patched-linux-x86_64, r-patched-solaris-x86, r-release-linux-x86_64, r-release-macos-arm64, r-release-macos-x86_64, r-release-windows-ix86+x86_64

Version: 0.1.3
Check: package dependencies
Result: ERROR
    Package required but not available: 'sva'
    
    See section 'The DESCRIPTION file' in the 'Writing R Extensions'
    manual.
Flavor: r-devel-windows-x86_64-gcc10-UCRT