CRAN Package Check Results for Package SeqDetect

Last updated on 2021-08-01 05:52:17 CEST.

Flavor Version Tinstall Tcheck Ttotal Status Flags
r-devel-linux-x86_64-debian-clang 1.0.7 70.89 85.64 156.53 OK
r-devel-linux-x86_64-debian-gcc 1.0.7 55.16 64.55 119.71 OK
r-devel-linux-x86_64-fedora-clang 1.0.7 229.02 NOTE
r-devel-linux-x86_64-fedora-gcc 1.0.7 199.66 OK
r-devel-windows-x86_64 1.0.7 61.00 117.00 178.00 OK
r-devel-windows-x86_64-gcc10-UCRT 1.0.7 OK
r-patched-linux-x86_64 1.0.7 OK
r-patched-solaris-x86 1.0.7 223.40 OK
r-release-linux-x86_64 1.0.7 64.06 80.29 144.35 OK
r-release-macos-arm64 1.0.7 NOTE
r-release-macos-x86_64 1.0.7 NOTE
r-release-windows-ix86+x86_64 1.0.7 163.00 111.00 274.00 OK
r-oldrel-macos-x86_64 1.0.7 NOTE
r-oldrel-windows-ix86+x86_64 1.0.7 109.00 149.00 258.00 OK

Check Details

Version: 1.0.7
Check: installed package size
Result: NOTE
     installed size is 8.5Mb
     sub-directories of 1Mb or more:
     libs 7.2Mb
Flavors: r-devel-linux-x86_64-fedora-clang, r-release-macos-arm64, r-release-macos-x86_64, r-oldrel-macos-x86_64