CRAN Package Check Results for Package SelectBoost

Last updated on 2021-08-04 05:52:52 CEST.

Flavor Version Tinstall Tcheck Ttotal Status Flags
r-devel-linux-x86_64-debian-clang 2.2.0 17.41 131.89 149.30 OK
r-devel-linux-x86_64-debian-gcc 2.2.0 14.90 100.16 115.06 OK
r-devel-linux-x86_64-fedora-clang 2.2.0 188.72 NOTE
r-devel-linux-x86_64-fedora-gcc 2.2.0 178.85 NOTE
r-devel-windows-x86_64 2.2.0 19.00 162.00 181.00 OK
r-devel-windows-x86_64-gcc10-UCRT 2.2.0 NOTE
r-patched-linux-x86_64 2.2.0 15.12 125.35 140.47 OK
r-patched-solaris-x86 2.2.0 259.90 NOTE
r-release-linux-x86_64 2.2.0 16.15 126.35 142.50 OK
r-release-macos-arm64 2.2.0 NOTE
r-release-macos-x86_64 2.2.0 NOTE
r-release-windows-ix86+x86_64 2.2.0 34.00 159.00 193.00 OK
r-oldrel-macos-x86_64 2.2.0 NOTE
r-oldrel-windows-ix86+x86_64 2.2.0 27.00 168.00 195.00 OK

Check Details

Version: 2.2.0
Check: dependencies in R code
Result: NOTE
    Namespace in Imports field not imported from: ‘parallel’
     All declared Imports should be used.
Flavors: r-devel-linux-x86_64-fedora-clang, r-devel-linux-x86_64-fedora-gcc, r-devel-windows-x86_64-gcc10-UCRT, r-patched-solaris-x86, r-release-macos-arm64, r-release-macos-x86_64, r-oldrel-macos-x86_64

Version: 2.2.0
Check: package dependencies
Result: NOTE
    Package suggested but not available for checking: ‘mixOmics’
Flavor: r-release-macos-arm64