CRAN Package Check Results for Package SHT

Last updated on 2021-09-21 05:51:35 CEST.

Flavor Version Tinstall Tcheck Ttotal Status Flags
r-devel-linux-x86_64-debian-clang 0.1.5 159.38 92.31 251.69 OK
r-devel-linux-x86_64-debian-gcc 0.1.5 99.27 69.74 169.01 OK
r-devel-linux-x86_64-fedora-clang 0.1.5 348.93 OK
r-devel-linux-x86_64-fedora-gcc 0.1.5 304.48 OK
r-devel-windows-x86_64 0.1.5 141.00 98.00 239.00 OK
r-devel-windows-x86_64-gcc10-UCRT 0.1.5 ERROR
r-patched-linux-x86_64 0.1.5 119.29 88.34 207.63 OK
r-patched-solaris-x86 0.1.5 308.80 OK
r-release-linux-x86_64 0.1.5 116.17 87.58 203.75 OK
r-release-macos-arm64 0.1.5 OK
r-release-macos-x86_64 0.1.5 OK
r-release-windows-ix86+x86_64 0.1.5 365.00 181.00 546.00 OK
r-oldrel-macos-x86_64 0.1.5 OK
r-oldrel-windows-ix86+x86_64 0.1.5 363.00 129.00 492.00 OK

Check Details

Version: 0.1.5
Check: whether package can be installed
Result: ERROR
    Installation failed.
Flavor: r-devel-windows-x86_64-gcc10-UCRT