CRAN Package Check Results for Package SEIRfansy

Last updated on 2021-10-16 05:51:36 CEST.

Flavor Version Tinstall Tcheck Ttotal Status Flags
r-devel-linux-x86_64-debian-clang 1.1.1 14.05 119.53 133.58 OK
r-devel-linux-x86_64-debian-gcc 1.1.1 12.47 90.01 102.48 OK
r-devel-linux-x86_64-fedora-clang 1.1.1 172.44 NOTE
r-devel-linux-x86_64-fedora-gcc 1.1.1 154.87 NOTE
r-devel-windows-x86_64 1.1.1 40.00 110.00 150.00 OK
r-devel-windows-x86_64-gcc10-UCRT 1.1.1 NOTE
r-patched-linux-x86_64 1.1.1 13.59 113.05 126.64 OK
r-patched-solaris-x86 1.1.1 223.10 NOTE
r-release-linux-x86_64 1.1.1 13.07 113.26 126.33 OK
r-release-macos-arm64 1.1.1 NOTE
r-release-macos-x86_64 1.1.1 NOTE
r-release-windows-ix86+x86_64 1.1.1 41.00 143.00 184.00 OK
r-oldrel-macos-x86_64 1.1.1 NOTE
r-oldrel-windows-ix86+x86_64 1.1.1 40.00 144.00 184.00 OK

Check Details

Version: 1.1.1
Check: dependencies in R code
Result: NOTE
    Namespace in Imports field not imported from: ‘knitr’
     All declared Imports should be used.
Flavors: r-devel-linux-x86_64-fedora-clang, r-devel-linux-x86_64-fedora-gcc, r-devel-windows-x86_64-gcc10-UCRT, r-patched-solaris-x86, r-release-macos-arm64, r-release-macos-x86_64, r-oldrel-macos-x86_64