Last updated on 2022-05-16 05:50:22 CEST.
Flavor | Version | Tinstall | Tcheck | Ttotal | Status | Flags |
---|---|---|---|---|---|---|
r-devel-linux-x86_64-debian-clang | 0.9-55 | 9.85 | 81.01 | 90.86 | OK | |
r-devel-linux-x86_64-debian-gcc | 0.9-55 | 7.49 | 59.72 | 67.21 | OK | |
r-devel-linux-x86_64-fedora-clang | 0.9-55 | 106.19 | NOTE | |||
r-devel-linux-x86_64-fedora-gcc | 0.9-55 | 108.93 | NOTE | |||
r-devel-windows-x86_64 | 0.9-55 | 21.00 | 96.00 | 117.00 | OK | |
r-patched-linux-x86_64 | 0.9-55 | 7.47 | 76.53 | 84.00 | OK | |
r-release-linux-x86_64 | 0.9-55 | 10.55 | 76.92 | 87.47 | OK | |
r-release-macos-arm64 | 0.9-55 | 32.00 | NOTE | |||
r-release-macos-x86_64 | 0.9-55 | 59.00 | NOTE | |||
r-release-windows-x86_64 | 0.9-55 | 21.00 | 98.00 | 119.00 | OK | |
r-oldrel-macos-arm64 | 0.9-55 | 46.00 | NOTE | |||
r-oldrel-macos-x86_64 | 0.9-55 | 52.00 | NOTE | |||
r-oldrel-windows-ix86+x86_64 | 0.9-55 | 19.00 | 112.00 | 131.00 | OK |
Version: 0.9-55
Check: data for non-ASCII characters
Result: NOTE
Note: found 2 marked UTF-8 strings
Flavors: r-devel-linux-x86_64-fedora-clang, r-devel-linux-x86_64-fedora-gcc, r-release-macos-arm64, r-release-macos-x86_64, r-oldrel-macos-arm64, r-oldrel-macos-x86_64