CRAN Package Check Results for Package SACOBRA

Last updated on 2021-10-27 05:55:22 CEST.

Flavor Version Tinstall Tcheck Ttotal Status Flags
r-devel-linux-x86_64-debian-clang 1.2 9.44 84.53 93.97 OK
r-devel-linux-x86_64-debian-gcc 1.2 7.56 60.51 68.07 OK
r-devel-linux-x86_64-fedora-clang 1.2 122.45 NOTE
r-devel-linux-x86_64-fedora-gcc 1.2 111.43 NOTE
r-devel-windows-x86_64 1.2 17.00 75.00 92.00 OK
r-devel-windows-x86_64-gcc10-UCRT 1.2 NOTE
r-patched-linux-x86_64 1.2 12.44 79.38 91.82 OK
r-patched-solaris-x86 1.2 131.70 NOTE
r-release-linux-x86_64 1.2 8.46 79.23 87.69 OK
r-release-macos-arm64 1.2 NOTE
r-release-macos-x86_64 1.2 NOTE
r-release-windows-ix86+x86_64 1.2 14.00 101.00 115.00 OK
r-oldrel-macos-x86_64 1.2 NOTE
r-oldrel-windows-ix86+x86_64 1.2 19.00 102.00 121.00 OK

Check Details

Version: 1.2
Check: dependencies in R code
Result: NOTE
    Namespaces in Imports field not imported from:
     ‘R6’ ‘mgcv’
     All declared Imports should be used.
Flavors: r-devel-linux-x86_64-fedora-clang, r-devel-linux-x86_64-fedora-gcc, r-devel-windows-x86_64-gcc10-UCRT, r-patched-solaris-x86, r-release-macos-arm64, r-release-macos-x86_64, r-oldrel-macos-x86_64