CRAN Package Check Results for Package Rvcg

Last updated on 2021-09-23 05:51:41 CEST.

Flavor Version Tinstall Tcheck Ttotal Status Flags
r-devel-linux-x86_64-debian-clang 0.20.2 820.58 47.29 867.87 OK
r-devel-linux-x86_64-debian-gcc 0.20.2 572.77 42.18 614.95 OK
r-devel-linux-x86_64-fedora-clang 0.20.2 1234.15 NOTE
r-devel-linux-x86_64-fedora-gcc 0.20.2 1139.36 OK
r-devel-windows-x86_64 0.20.2 667.00 81.00 748.00 OK
r-devel-windows-x86_64-gcc10-UCRT 0.20.2 ERROR
r-patched-linux-x86_64 0.20.2 671.97 52.05 724.02 OK
r-patched-solaris-x86 0.20.2 775.40 OK
r-release-linux-x86_64 0.20.2 671.38 51.57 722.95 OK
r-release-macos-arm64 0.20.2 NOTE
r-release-macos-x86_64 0.20.2 NOTE
r-release-windows-ix86+x86_64 0.20.2 1820.00 143.00 1963.00 NOTE
r-oldrel-macos-x86_64 0.20.2 NOTE
r-oldrel-windows-ix86+x86_64 0.20.2 1317.00 106.00 1423.00 NOTE

Check Details

Version: 0.20.2
Check: installed package size
Result: NOTE
     installed size is 51.1Mb
     sub-directories of 1Mb or more:
     libs 49.9Mb
Flavors: r-devel-linux-x86_64-fedora-clang, r-release-macos-arm64, r-release-macos-x86_64, r-release-windows-ix86+x86_64, r-oldrel-macos-x86_64, r-oldrel-windows-ix86+x86_64

Version: 0.20.2
Check: package dependencies
Result: NOTE
    Packages suggested but not available for checking: 'Morpho', 'rgl'
Flavor: r-devel-windows-x86_64-gcc10-UCRT

Version: 0.20.2
Check: whether package can be installed
Result: ERROR
    Installation failed.
Flavor: r-devel-windows-x86_64-gcc10-UCRT