CRAN Package Check Results for Package ResearchAssociate

Last updated on 2022-01-26 05:54:27 CET.

Flavor Version Tinstall Tcheck Ttotal Status Flags
r-devel-linux-x86_64-debian-clang 1.0.1 5.63 64.60 70.23 NOTE
r-devel-linux-x86_64-debian-gcc 1.0.1 4.04 49.35 53.39 NOTE
r-devel-linux-x86_64-fedora-clang 1.0.1 83.70 NOTE
r-devel-linux-x86_64-fedora-gcc 1.0.1 71.99 NOTE
r-devel-windows-x86_64-new-UL 1.0.1 47.00 87.00 134.00 NOTE
r-devel-windows-x86_64-new-TK 1.0.1 NOTE
r-patched-linux-x86_64 1.0.1 3.49 58.99 62.48 NOTE
r-release-linux-x86_64 1.0.1 4.60 58.28 62.88 NOTE
r-release-macos-arm64 1.0.1 NOTE
r-release-macos-x86_64 1.0.1 NOTE
r-release-windows-ix86+x86_64 1.0.1 14.00 79.00 93.00 NOTE
r-oldrel-macos-x86_64 1.0.1 OK
r-oldrel-windows-ix86+x86_64 1.0.1 15.00 83.00 98.00 OK

Check Details

Version: 1.0.1
Check: LazyData
Result: NOTE
     'LazyData' is specified without a 'data' directory
Flavors: r-devel-linux-x86_64-debian-clang, r-devel-linux-x86_64-debian-gcc, r-devel-linux-x86_64-fedora-clang, r-devel-linux-x86_64-fedora-gcc, r-devel-windows-x86_64-new-UL, r-devel-windows-x86_64-new-TK, r-patched-linux-x86_64, r-release-linux-x86_64, r-release-macos-arm64, r-release-macos-x86_64, r-release-windows-ix86+x86_64