CRAN Package Check Results for Package RclusTool

Last updated on 2021-09-27 05:51:34 CEST.

Flavor Version Tinstall Tcheck Ttotal Status Flags
r-devel-linux-x86_64-debian-clang 0.91.3 25.00 139.29 164.29 NOTE
r-devel-linux-x86_64-debian-gcc 0.91.3 18.74 102.55 121.29 NOTE
r-devel-linux-x86_64-fedora-clang 0.91.3 217.30 NOTE
r-devel-linux-x86_64-fedora-gcc 0.91.3 207.19 NOTE
r-devel-windows-x86_64 0.91.3 21.00 111.00 132.00 NOTE
r-devel-windows-x86_64-gcc10-UCRT 0.91.3 NOTE
r-patched-linux-x86_64 0.91.3 24.73 133.38 158.11 NOTE
r-patched-solaris-x86 0.91.3 267.50 NOTE
r-release-linux-x86_64 0.91.3 24.83 131.83 156.66 NOTE
r-release-macos-arm64 0.91.3 NOTE
r-release-macos-x86_64 0.91.3 NOTE
r-release-windows-ix86+x86_64 0.91.3 42.00 159.00 201.00 NOTE
r-oldrel-macos-x86_64 0.91.3 OK
r-oldrel-windows-ix86+x86_64 0.91.3 26.00 116.00 142.00 OK

Check Details

Version: 0.91.3
Check: LazyData
Result: NOTE
     'LazyData' is specified without a 'data' directory
Flavors: r-devel-linux-x86_64-debian-clang, r-devel-linux-x86_64-debian-gcc, r-devel-linux-x86_64-fedora-clang, r-devel-linux-x86_64-fedora-gcc, r-devel-windows-x86_64, r-devel-windows-x86_64-gcc10-UCRT, r-patched-linux-x86_64, r-patched-solaris-x86, r-release-linux-x86_64, r-release-macos-arm64, r-release-macos-x86_64, r-release-windows-ix86+x86_64