CRAN Package Check Results for Package ROptSpace

Last updated on 2021-09-20 05:50:17 CEST.

Flavor Version Tinstall Tcheck Ttotal Status Flags
r-devel-linux-x86_64-debian-clang 0.2.3 31.46 32.40 63.86 OK
r-devel-linux-x86_64-debian-gcc 0.2.3 19.38 25.53 44.91 OK
r-devel-linux-x86_64-fedora-clang 0.2.3 89.82 OK
r-devel-linux-x86_64-fedora-gcc 0.2.3 75.29 OK
r-devel-windows-x86_64 0.2.3 29.00 46.00 75.00 OK
r-devel-windows-x86_64-gcc10-UCRT 0.2.3 ERROR
r-patched-linux-x86_64 0.2.3 24.17 32.19 56.36 OK
r-patched-solaris-x86 0.2.3 94.20 OK
r-release-linux-x86_64 0.2.3 20.97 31.24 52.21 OK
r-release-macos-arm64 0.2.3 OK
r-release-macos-x86_64 0.2.3 OK
r-release-windows-ix86+x86_64 0.2.3 72.00 78.00 150.00 OK
r-oldrel-macos-x86_64 0.2.3 OK
r-oldrel-windows-ix86+x86_64 0.2.3 70.00 68.00 138.00 OK

Check Details

Version: 0.2.3
Check: whether package can be installed
Result: ERROR
    Installation failed.
Flavor: r-devel-windows-x86_64-gcc10-UCRT