CRAN Package Check Results for Package ROSE

Last updated on 2022-05-16 05:50:21 CEST.

Flavor Version Tinstall Tcheck Ttotal Status Flags
r-devel-linux-x86_64-debian-clang 0.0-4 3.18 35.69 38.87 OK
r-devel-linux-x86_64-debian-gcc 0.0-4 2.44 27.78 30.22 OK
r-devel-linux-x86_64-fedora-clang 0.0-4 49.26 NOTE
r-devel-linux-x86_64-fedora-gcc 0.0-4 47.51 OK
r-devel-windows-x86_64 0.0-4 12.00 52.00 64.00 OK
r-patched-linux-x86_64 0.0-4 3.17 34.30 37.47 OK
r-release-linux-x86_64 0.0-4 3.04 33.52 36.56 OK
r-release-macos-arm64 0.0-4 15.00 OK
r-release-macos-x86_64 0.0-4 23.00 OK
r-release-windows-x86_64 0.0-4 15.00 52.00 67.00 OK
r-oldrel-macos-arm64 0.0-4 16.00 OK
r-oldrel-macos-x86_64 0.0-4 22.00 OK
r-oldrel-windows-ix86+x86_64 0.0-4 6.00 46.00 52.00 OK

Check Details

Version: 0.0-4
Check: Rd cross-references
Result: NOTE
    Undeclared package ‘pROC’ in Rd xrefs
Flavor: r-devel-linux-x86_64-fedora-clang