CRAN Package Check Results for Package RJSONIO

Last updated on 2021-09-19 05:51:54 CEST.

Flavor Version Tinstall Tcheck Ttotal Status Flags
r-devel-linux-x86_64-debian-clang 1.3-1.6 16.31 45.25 61.56 OK
r-devel-linux-x86_64-debian-gcc 1.3-1.6 12.22 36.45 48.67 OK
r-devel-linux-x86_64-fedora-clang 1.3-1.6 98.57 OK
r-devel-linux-x86_64-fedora-gcc 1.3-1.6 76.59 OK
r-devel-windows-x86_64 1.3-1.6 20.00 50.00 70.00 OK
r-devel-windows-x86_64-gcc10-UCRT 1.3-1.6 ERROR
r-patched-linux-x86_64 1.3-1.5 14.40 43.85 58.25 WARN
r-patched-solaris-x86 1.3-1.6 105.00 OK
r-release-linux-x86_64 1.3-1.6 14.66 44.24 58.90 OK
r-release-macos-arm64 1.3-1.6 OK
r-release-macos-x86_64 1.3-1.6 OK
r-release-windows-ix86+x86_64 1.3-1.6 42.00 85.00 127.00 OK
r-oldrel-macos-x86_64 1.3-1.6 OK
r-oldrel-windows-ix86+x86_64 1.3-1.5 37.00 85.00 122.00 OK

Check Details

Version: 1.3-1.6
Check: whether package can be installed
Result: ERROR
    Installation failed.
Flavor: r-devel-windows-x86_64-gcc10-UCRT

Version: 1.3-1.5
Check: top-level files
Result: WARN
     Output from running autoreconf:
     configure.ac:26: warning: The macro `AC_TRY_COMPILE' is obsolete.
     configure.ac:26: You should run autoupdate.
     ./lib/autoconf/general.m4:2847: AC_TRY_COMPILE is expanded from...
     configure.ac:26: the top level
     configure.ac:36: warning: The macro `AC_TRY_LINK' is obsolete.
     configure.ac:36: You should run autoupdate.
     ./lib/autoconf/general.m4:2920: AC_TRY_LINK is expanded from...
     configure.ac:36: the top level
     configure.ac:85: warning: AC_OUTPUT should be used without arguments.
     configure.ac:85: You should run autoupdate.
Flavor: r-patched-linux-x86_64