CRAN Package Check Results for Package RIA

Last updated on 2021-09-20 05:50:16 CEST.

Flavor Version Tinstall Tcheck Ttotal Status Flags
r-devel-linux-x86_64-debian-clang 1.6.0 6.86 374.94 381.80 OK
r-devel-linux-x86_64-debian-gcc 1.6.0 6.92 244.62 251.54 OK
r-devel-linux-x86_64-fedora-clang 1.6.0 454.75 OK
r-devel-linux-x86_64-fedora-gcc 1.6.0 388.99 OK
r-devel-windows-x86_64 1.6.0 8.00 331.00 339.00 OK
r-devel-windows-x86_64-gcc10-UCRT 1.6.0 ERROR
r-patched-linux-x86_64 1.6.0 7.78 315.25 323.03 OK
r-patched-solaris-x86 1.6.0 90.90 OK
r-release-linux-x86_64 1.6.0 7.97 319.10 327.07 OK
r-release-macos-arm64 1.6.0 OK
r-release-macos-x86_64 1.6.0 OK
r-release-windows-ix86+x86_64 1.6.0 13.00 369.00 382.00 OK
r-oldrel-macos-x86_64 1.6.0 OK
r-oldrel-windows-ix86+x86_64 1.6.0 14.00 384.00 398.00 WARN

Check Details

Version: 1.6.0
Check: whether package can be installed
Result: WARN
    Found the following significant warnings:
     WARNING: installation-time patches will not be applied, could not get the patches index
Flavor: r-devel-windows-x86_64-gcc10-UCRT

Version: 1.6.0
Check: PDF version of manual
Result: WARN
    LaTeX errors when creating PDF version.
    This typically indicates Rd problems.
Flavor: r-devel-windows-x86_64-gcc10-UCRT

Version: 1.6.0
Check: PDF version of manual without hyperrefs or index
Result: ERROR
    Re-running with no redirection of stdout/stderr.
Flavor: r-devel-windows-x86_64-gcc10-UCRT

Version: 1.6.0
Check: re-building of vignette outputs
Result: WARN
    Error(s) in re-building vignettes:
    --- re-building 'RIA.Rmd' using rmarkdown
    Error: processing vignette 'RIA.Rmd' failed with diagnostics:
    pandoc document conversion failed with error 5
    --- failed re-building 'RIA.Rmd'
    
    SUMMARY: processing the following file failed:
     'RIA.Rmd'
    
    Error: Vignette re-building failed.
    Execution halted
Flavor: r-oldrel-windows-ix86+x86_64