CRAN Package Check Results for Package RAthena

Last updated on 2022-01-22 05:10:28 CET.

Flavor Version Tinstall Tcheck Ttotal Status Flags
r-devel-linux-x86_64-debian-clang 2.5.0 11.96 111.30 123.26 ERROR
r-devel-linux-x86_64-debian-gcc 2.5.0 9.72 84.52 94.24 ERROR
r-devel-linux-x86_64-fedora-clang 2.5.0 158.24 ERROR
r-devel-linux-x86_64-fedora-gcc 2.5.0 148.08 ERROR
r-devel-windows-x86_64-new-UL 2.5.0 114.00 160.00 274.00 ERROR
r-devel-windows-x86_64-new-TK 2.5.0 OK
r-patched-linux-x86_64 2.4.0 12.62 122.48 135.10 OK
r-release-linux-x86_64 2.5.0 10.91 120.91 131.82 OK
r-release-macos-arm64 2.4.0 OK
r-release-macos-x86_64 2.5.0 OK
r-release-windows-ix86+x86_64 2.5.0 27.00 146.00 173.00 OK
r-oldrel-macos-x86_64 2.4.0 OK
r-oldrel-windows-ix86+x86_64 2.5.0 27.00 150.00 177.00 OK

Check Details

Version: 2.5.0
Check: tests
Result: ERROR
     Running 'testthat.R' [6s/9s]
    Running the tests in 'tests/testthat.R' failed.
    Complete output:
     > library(testthat)
     > library(RAthena)
     >
     > test_check("RAthena")
     == Skipped tests ===============================================================
     * Environment variables are not set for testing (25)
     * boto3 not available for testing (25)
    
     == Failed tests ================================================================
     -- Error (test-file-parser.R:61:3): Check if json has been correctly parser under chunk method --
     Error in `sample.int(length(x), size, replace, prob)`: invalid 'size' argument
     Backtrace:
     x
     1. \-RAthena:::output_test_data(size, test_file) test-file-parser.R:61:2
     2. \-RAthena:::test_data(N) test-file-parser.R:23:2
     3. +-data.table::data.table(...) test-file-parser.R:16:2
     4. \-base::sapply(...)
     5. \-base::lapply(X = X, FUN = FUN, ...)
     6. \-RAthena:::FUN(X[[i]], ...)
     7. +-base::paste(sample(letters, sample(5:10)), collapse = ",") test-file-parser.R:18:25
     8. \-base::sample(letters, sample(5:10))
     9. \-base::sample.int(length(x), size, replace, prob)
     -- Error (test-file-parser.R:86:3): Binary and json conversion -----------------
     Error in `sample.int(length(x), size, replace, prob)`: invalid 'size' argument
     Backtrace:
     x
     1. \-RAthena:::output_test_data(size, test_file) test-file-parser.R:86:2
     2. \-RAthena:::test_data(N) test-file-parser.R:23:2
     3. +-data.table::data.table(...) test-file-parser.R:16:2
     4. \-base::sapply(...)
     5. \-base::lapply(X = X, FUN = FUN, ...)
     6. \-RAthena:::FUN(X[[i]], ...)
     7. +-base::paste(sample(letters, sample(5:10)), collapse = ",") test-file-parser.R:18:25
     8. \-base::sample(letters, sample(5:10))
     9. \-base::sample.int(length(x), size, replace, prob)
     -- Error (test-file-parser.R:119:3): Check in conversion is turned off ---------
     Error in `sample.int(length(x), size, replace, prob)`: invalid 'size' argument
     Backtrace:
     x
     1. \-RAthena:::output_test_data(size, test_file) test-file-parser.R:119:2
     2. \-RAthena:::test_data(N) test-file-parser.R:23:2
     3. +-data.table::data.table(...) test-file-parser.R:16:2
     4. \-base::sapply(...)
     5. \-base::lapply(X = X, FUN = FUN, ...)
     6. \-RAthena:::FUN(X[[i]], ...)
     7. +-base::paste(sample(letters, sample(5:10)), collapse = ",") test-file-parser.R:18:25
     8. \-base::sample(letters, sample(5:10))
     9. \-base::sample.int(length(x), size, replace, prob)
     -- Error (test-file-parser.R:147:3): Custom json parser ------------------------
     Error in `sample.int(length(x), size, replace, prob)`: invalid 'size' argument
     Backtrace:
     x
     1. \-RAthena:::output_test_data(size, test_file) test-file-parser.R:147:2
     2. \-RAthena:::test_data(N) test-file-parser.R:23:2
     3. +-data.table::data.table(...) test-file-parser.R:16:2
     4. \-base::sapply(...)
     5. \-base::lapply(X = X, FUN = FUN, ...)
     6. \-RAthena:::FUN(X[[i]], ...)
     7. +-base::paste(sample(letters, sample(5:10)), collapse = ",") test-file-parser.R:18:25
     8. \-base::sample(letters, sample(5:10))
     9. \-base::sample.int(length(x), size, replace, prob)
     -- Error (test-file-parser.R:172:3): Custom json parser ------------------------
     Error in `sample.int(length(x), size, replace, prob)`: invalid 'size' argument
     Backtrace:
     x
     1. \-RAthena:::output_test_data(size, test_file) test-file-parser.R:172:2
     2. \-RAthena:::test_data(N) test-file-parser.R:23:2
     3. +-data.table::data.table(...) test-file-parser.R:16:2
     4. \-base::sapply(...)
     5. \-base::lapply(X = X, FUN = FUN, ...)
     6. \-RAthena:::FUN(X[[i]], ...)
     7. +-base::paste(sample(letters, sample(5:10)), collapse = ",") test-file-parser.R:18:25
     8. \-base::sample(letters, sample(5:10))
     9. \-base::sample.int(length(x), size, replace, prob)
    
     [ FAIL 5 | WARN 0 | SKIP 50 | PASS 37 ]
     Error: Test failures
     Execution halted
Flavor: r-devel-linux-x86_64-debian-clang

Version: 2.5.0
Check: tests
Result: ERROR
     Running ‘testthat.R’ [5s/9s]
    Running the tests in ‘tests/testthat.R’ failed.
    Complete output:
     > library(testthat)
     > library(RAthena)
     >
     > test_check("RAthena")
     [ FAIL 5 | WARN 0 | SKIP 50 | PASS 37 ]
    
     ══ Skipped tests ═══════════════════════════════════════════════════════════════
     • Environment variables are not set for testing (25)
     • boto3 not available for testing (25)
    
     ══ Failed tests ════════════════════════════════════════════════════════════════
     ── Error (test-file-parser.R:61:3): Check if json has been correctly parser under chunk method ──
     Error in `sample.int(length(x), size, replace, prob)`: invalid 'size' argument
     Backtrace:
     █
     1. └─RAthena:::output_test_data(size, test_file) test-file-parser.R:61:2
     2. └─RAthena:::test_data(N) test-file-parser.R:23:2
     3. ├─data.table::data.table(...) test-file-parser.R:16:2
     4. └─base::sapply(...)
     5. └─base::lapply(X = X, FUN = FUN, ...)
     6. └─RAthena:::FUN(X[[i]], ...)
     7. ├─base::paste(sample(letters, sample(5:10)), collapse = ",") test-file-parser.R:18:25
     8. └─base::sample(letters, sample(5:10))
     9. └─base::sample.int(length(x), size, replace, prob)
     ── Error (test-file-parser.R:86:3): Binary and json conversion ─────────────────
     Error in `sample.int(length(x), size, replace, prob)`: invalid 'size' argument
     Backtrace:
     █
     1. └─RAthena:::output_test_data(size, test_file) test-file-parser.R:86:2
     2. └─RAthena:::test_data(N) test-file-parser.R:23:2
     3. ├─data.table::data.table(...) test-file-parser.R:16:2
     4. └─base::sapply(...)
     5. └─base::lapply(X = X, FUN = FUN, ...)
     6. └─RAthena:::FUN(X[[i]], ...)
     7. ├─base::paste(sample(letters, sample(5:10)), collapse = ",") test-file-parser.R:18:25
     8. └─base::sample(letters, sample(5:10))
     9. └─base::sample.int(length(x), size, replace, prob)
     ── Error (test-file-parser.R:119:3): Check in conversion is turned off ─────────
     Error in `sample.int(length(x), size, replace, prob)`: invalid 'size' argument
     Backtrace:
     █
     1. └─RAthena:::output_test_data(size, test_file) test-file-parser.R:119:2
     2. └─RAthena:::test_data(N) test-file-parser.R:23:2
     3. ├─data.table::data.table(...) test-file-parser.R:16:2
     4. └─base::sapply(...)
     5. └─base::lapply(X = X, FUN = FUN, ...)
     6. └─RAthena:::FUN(X[[i]], ...)
     7. ├─base::paste(sample(letters, sample(5:10)), collapse = ",") test-file-parser.R:18:25
     8. └─base::sample(letters, sample(5:10))
     9. └─base::sample.int(length(x), size, replace, prob)
     ── Error (test-file-parser.R:147:3): Custom json parser ────────────────────────
     Error in `sample.int(length(x), size, replace, prob)`: invalid 'size' argument
     Backtrace:
     █
     1. └─RAthena:::output_test_data(size, test_file) test-file-parser.R:147:2
     2. └─RAthena:::test_data(N) test-file-parser.R:23:2
     3. ├─data.table::data.table(...) test-file-parser.R:16:2
     4. └─base::sapply(...)
     5. └─base::lapply(X = X, FUN = FUN, ...)
     6. └─RAthena:::FUN(X[[i]], ...)
     7. ├─base::paste(sample(letters, sample(5:10)), collapse = ",") test-file-parser.R:18:25
     8. └─base::sample(letters, sample(5:10))
     9. └─base::sample.int(length(x), size, replace, prob)
     ── Error (test-file-parser.R:172:3): Custom json parser ────────────────────────
     Error in `sample.int(length(x), size, replace, prob)`: invalid 'size' argument
     Backtrace:
     █
     1. └─RAthena:::output_test_data(size, test_file) test-file-parser.R:172:2
     2. └─RAthena:::test_data(N) test-file-parser.R:23:2
     3. ├─data.table::data.table(...) test-file-parser.R:16:2
     4. └─base::sapply(...)
     5. └─base::lapply(X = X, FUN = FUN, ...)
     6. └─RAthena:::FUN(X[[i]], ...)
     7. ├─base::paste(sample(letters, sample(5:10)), collapse = ",") test-file-parser.R:18:25
     8. └─base::sample(letters, sample(5:10))
     9. └─base::sample.int(length(x), size, replace, prob)
    
     [ FAIL 5 | WARN 0 | SKIP 50 | PASS 37 ]
     Error: Test failures
     Execution halted
Flavor: r-devel-linux-x86_64-debian-gcc

Version: 2.5.0
Check: tests
Result: ERROR
     Running ‘testthat.R’
    Running the tests in ‘tests/testthat.R’ failed.
    Complete output:
     > library(testthat)
     > library(RAthena)
     >
     > test_check("RAthena")
     ══ Skipped tests ═══════════════════════════════════════════════════════════════
     • Environment variables are not set for testing (25)
     • boto3 not available for testing (25)
    
     ══ Failed tests ════════════════════════════════════════════════════════════════
     ── Error (test-file-parser.R:61:3): Check if json has been correctly parser under chunk method ──
     Error in `sample.int(length(x), size, replace, prob)`: invalid 'size' argument
     Backtrace:
     █
     1. └─RAthena:::output_test_data(size, test_file) test-file-parser.R:61:2
     2. └─RAthena:::test_data(N) test-file-parser.R:23:2
     3. ├─data.table::data.table(...) test-file-parser.R:16:2
     4. └─base::sapply(...)
     5. └─base::lapply(X = X, FUN = FUN, ...)
     6. └─RAthena:::FUN(X[[i]], ...)
     7. ├─base::paste(sample(letters, sample(5:10)), collapse = ",") test-file-parser.R:18:25
     8. └─base::sample(letters, sample(5:10))
     9. └─base::sample.int(length(x), size, replace, prob)
     ── Error (test-file-parser.R:86:3): Binary and json conversion ─────────────────
     Error in `sample.int(length(x), size, replace, prob)`: invalid 'size' argument
     Backtrace:
     █
     1. └─RAthena:::output_test_data(size, test_file) test-file-parser.R:86:2
     2. └─RAthena:::test_data(N) test-file-parser.R:23:2
     3. ├─data.table::data.table(...) test-file-parser.R:16:2
     4. └─base::sapply(...)
     5. └─base::lapply(X = X, FUN = FUN, ...)
     6. └─RAthena:::FUN(X[[i]], ...)
     7. ├─base::paste(sample(letters, sample(5:10)), collapse = ",") test-file-parser.R:18:25
     8. └─base::sample(letters, sample(5:10))
     9. └─base::sample.int(length(x), size, replace, prob)
     ── Error (test-file-parser.R:119:3): Check in conversion is turned off ─────────
     Error in `sample.int(length(x), size, replace, prob)`: invalid 'size' argument
     Backtrace:
     █
     1. └─RAthena:::output_test_data(size, test_file) test-file-parser.R:119:2
     2. └─RAthena:::test_data(N) test-file-parser.R:23:2
     3. ├─data.table::data.table(...) test-file-parser.R:16:2
     4. └─base::sapply(...)
     5. └─base::lapply(X = X, FUN = FUN, ...)
     6. └─RAthena:::FUN(X[[i]], ...)
     7. ├─base::paste(sample(letters, sample(5:10)), collapse = ",") test-file-parser.R:18:25
     8. └─base::sample(letters, sample(5:10))
     9. └─base::sample.int(length(x), size, replace, prob)
     ── Error (test-file-parser.R:147:3): Custom json parser ────────────────────────
     Error in `sample.int(length(x), size, replace, prob)`: invalid 'size' argument
     Backtrace:
     █
     1. └─RAthena:::output_test_data(size, test_file) test-file-parser.R:147:2
     2. └─RAthena:::test_data(N) test-file-parser.R:23:2
     3. ├─data.table::data.table(...) test-file-parser.R:16:2
     4. └─base::sapply(...)
     5. └─base::lapply(X = X, FUN = FUN, ...)
     6. └─RAthena:::FUN(X[[i]], ...)
     7. ├─base::paste(sample(letters, sample(5:10)), collapse = ",") test-file-parser.R:18:25
     8. └─base::sample(letters, sample(5:10))
     9. └─base::sample.int(length(x), size, replace, prob)
     ── Error (test-file-parser.R:172:3): Custom json parser ────────────────────────
     Error in `sample.int(length(x), size, replace, prob)`: invalid 'size' argument
     Backtrace:
     █
     1. └─RAthena:::output_test_data(size, test_file) test-file-parser.R:172:2
     2. └─RAthena:::test_data(N) test-file-parser.R:23:2
     3. ├─data.table::data.table(...) test-file-parser.R:16:2
     4. └─base::sapply(...)
     5. └─base::lapply(X = X, FUN = FUN, ...)
     6. └─RAthena:::FUN(X[[i]], ...)
     7. ├─base::paste(sample(letters, sample(5:10)), collapse = ",") test-file-parser.R:18:25
     8. └─base::sample(letters, sample(5:10))
     9. └─base::sample.int(length(x), size, replace, prob)
    
     [ FAIL 5 | WARN 0 | SKIP 50 | PASS 37 ]
     Error: Test failures
     Execution halted
Flavor: r-devel-linux-x86_64-fedora-clang

Version: 2.5.0
Check: tests
Result: ERROR
     Running ‘testthat.R’ [10s/22s]
    Running the tests in ‘tests/testthat.R’ failed.
    Complete output:
     > library(testthat)
     > library(RAthena)
     >
     > test_check("RAthena")
     [ FAIL 5 | WARN 0 | SKIP 50 | PASS 37 ]
    
     ══ Skipped tests ═══════════════════════════════════════════════════════════════
     • Environment variables are not set for testing (25)
     • boto3 not available for testing (25)
    
     ══ Failed tests ════════════════════════════════════════════════════════════════
     ── Error (test-file-parser.R:61:3): Check if json has been correctly parser under chunk method ──
     Error in `sample.int(length(x), size, replace, prob)`: invalid 'size' argument
     Backtrace:
     █
     1. └─RAthena:::output_test_data(size, test_file) test-file-parser.R:61:2
     2. └─RAthena:::test_data(N) test-file-parser.R:23:2
     3. ├─data.table::data.table(...) test-file-parser.R:16:2
     4. └─base::sapply(...)
     5. └─base::lapply(X = X, FUN = FUN, ...)
     6. └─RAthena:::FUN(X[[i]], ...)
     7. ├─base::paste(sample(letters, sample(5:10)), collapse = ",") test-file-parser.R:18:25
     8. └─base::sample(letters, sample(5:10))
     9. └─base::sample.int(length(x), size, replace, prob)
     ── Error (test-file-parser.R:86:3): Binary and json conversion ─────────────────
     Error in `sample.int(length(x), size, replace, prob)`: invalid 'size' argument
     Backtrace:
     █
     1. └─RAthena:::output_test_data(size, test_file) test-file-parser.R:86:2
     2. └─RAthena:::test_data(N) test-file-parser.R:23:2
     3. ├─data.table::data.table(...) test-file-parser.R:16:2
     4. └─base::sapply(...)
     5. └─base::lapply(X = X, FUN = FUN, ...)
     6. └─RAthena:::FUN(X[[i]], ...)
     7. ├─base::paste(sample(letters, sample(5:10)), collapse = ",") test-file-parser.R:18:25
     8. └─base::sample(letters, sample(5:10))
     9. └─base::sample.int(length(x), size, replace, prob)
     ── Error (test-file-parser.R:119:3): Check in conversion is turned off ─────────
     Error in `sample.int(length(x), size, replace, prob)`: invalid 'size' argument
     Backtrace:
     █
     1. └─RAthena:::output_test_data(size, test_file) test-file-parser.R:119:2
     2. └─RAthena:::test_data(N) test-file-parser.R:23:2
     3. ├─data.table::data.table(...) test-file-parser.R:16:2
     4. └─base::sapply(...)
     5. └─base::lapply(X = X, FUN = FUN, ...)
     6. └─RAthena:::FUN(X[[i]], ...)
     7. ├─base::paste(sample(letters, sample(5:10)), collapse = ",") test-file-parser.R:18:25
     8. └─base::sample(letters, sample(5:10))
     9. └─base::sample.int(length(x), size, replace, prob)
     ── Error (test-file-parser.R:147:3): Custom json parser ────────────────────────
     Error in `sample.int(length(x), size, replace, prob)`: invalid 'size' argument
     Backtrace:
     █
     1. └─RAthena:::output_test_data(size, test_file) test-file-parser.R:147:2
     2. └─RAthena:::test_data(N) test-file-parser.R:23:2
     3. ├─data.table::data.table(...) test-file-parser.R:16:2
     4. └─base::sapply(...)
     5. └─base::lapply(X = X, FUN = FUN, ...)
     6. └─RAthena:::FUN(X[[i]], ...)
     7. ├─base::paste(sample(letters, sample(5:10)), collapse = ",") test-file-parser.R:18:25
     8. └─base::sample(letters, sample(5:10))
     9. └─base::sample.int(length(x), size, replace, prob)
     ── Error (test-file-parser.R:172:3): Custom json parser ────────────────────────
     Error in `sample.int(length(x), size, replace, prob)`: invalid 'size' argument
     Backtrace:
     █
     1. └─RAthena:::output_test_data(size, test_file) test-file-parser.R:172:2
     2. └─RAthena:::test_data(N) test-file-parser.R:23:2
     3. ├─data.table::data.table(...) test-file-parser.R:16:2
     4. └─base::sapply(...)
     5. └─base::lapply(X = X, FUN = FUN, ...)
     6. └─RAthena:::FUN(X[[i]], ...)
     7. ├─base::paste(sample(letters, sample(5:10)), collapse = ",") test-file-parser.R:18:25
     8. └─base::sample(letters, sample(5:10))
     9. └─base::sample.int(length(x), size, replace, prob)
    
     [ FAIL 5 | WARN 0 | SKIP 50 | PASS 37 ]
     Error: Test failures
     Execution halted
Flavor: r-devel-linux-x86_64-fedora-gcc

Version: 2.5.0
Check: tests
Result: ERROR
     Running 'testthat.R' [8s]
    Running the tests in 'tests/testthat.R' failed.
    Complete output:
     > library(testthat)
     > library(RAthena)
     >
     > test_check("RAthena")
     ══ Skipped tests ═══════════════════════════════════════════════════════════════
     • Environment variables are not set for testing (25)
     • boto3 not available for testing (25)
    
     ══ Failed tests ════════════════════════════════════════════════════════════════
     ── Error (test-file-parser.R:61:3): Check if json has been correctly parser under chunk method ──
     Error in `sample.int(length(x), size, replace, prob)`: invalid 'size' argument
     Backtrace:
     █
     1. └─RAthena:::output_test_data(size, test_file) test-file-parser.R:61:2
     2. └─RAthena:::test_data(N) test-file-parser.R:23:2
     3. ├─data.table::data.table(...) test-file-parser.R:16:2
     4. └─base::sapply(...)
     5. └─base::lapply(X = X, FUN = FUN, ...)
     6. └─RAthena:::FUN(X[[i]], ...)
     7. ├─base::paste(sample(letters, sample(5:10)), collapse = ",") test-file-parser.R:18:25
     8. └─base::sample(letters, sample(5:10))
     9. └─base::sample.int(length(x), size, replace, prob)
     ── Error (test-file-parser.R:86:3): Binary and json conversion ─────────────────
     Error in `sample.int(length(x), size, replace, prob)`: invalid 'size' argument
     Backtrace:
     █
     1. └─RAthena:::output_test_data(size, test_file) test-file-parser.R:86:2
     2. └─RAthena:::test_data(N) test-file-parser.R:23:2
     3. ├─data.table::data.table(...) test-file-parser.R:16:2
     4. └─base::sapply(...)
     5. └─base::lapply(X = X, FUN = FUN, ...)
     6. └─RAthena:::FUN(X[[i]], ...)
     7. ├─base::paste(sample(letters, sample(5:10)), collapse = ",") test-file-parser.R:18:25
     8. └─base::sample(letters, sample(5:10))
     9. └─base::sample.int(length(x), size, replace, prob)
     ── Error (test-file-parser.R:119:3): Check in conversion is turned off ─────────
     Error in `sample.int(length(x), size, replace, prob)`: invalid 'size' argument
     Backtrace:
     █
     1. └─RAthena:::output_test_data(size, test_file) test-file-parser.R:119:2
     2. └─RAthena:::test_data(N) test-file-parser.R:23:2
     3. ├─data.table::data.table(...) test-file-parser.R:16:2
     4. └─base::sapply(...)
     5. └─base::lapply(X = X, FUN = FUN, ...)
     6. └─RAthena:::FUN(X[[i]], ...)
     7. ├─base::paste(sample(letters, sample(5:10)), collapse = ",") test-file-parser.R:18:25
     8. └─base::sample(letters, sample(5:10))
     9. └─base::sample.int(length(x), size, replace, prob)
     ── Error (test-file-parser.R:147:3): Custom json parser ────────────────────────
     Error in `sample.int(length(x), size, replace, prob)`: invalid 'size' argument
     Backtrace:
     █
     1. └─RAthena:::output_test_data(size, test_file) test-file-parser.R:147:2
     2. └─RAthena:::test_data(N) test-file-parser.R:23:2
     3. ├─data.table::data.table(...) test-file-parser.R:16:2
     4. └─base::sapply(...)
     5. └─base::lapply(X = X, FUN = FUN, ...)
     6. └─RAthena:::FUN(X[[i]], ...)
     7. ├─base::paste(sample(letters, sample(5:10)), collapse = ",") test-file-parser.R:18:25
     8. └─base::sample(letters, sample(5:10))
     9. └─base::sample.int(length(x), size, replace, prob)
     ── Error (test-file-parser.R:172:3): Custom json parser ────────────────────────
     Error in `sample.int(length(x), size, replace, prob)`: invalid 'size' argument
     Backtrace:
     █
     1. └─RAthena:::output_test_data(size, test_file) test-file-parser.R:172:2
     2. └─RAthena:::test_data(N) test-file-parser.R:23:2
     3. ├─data.table::data.table(...) test-file-parser.R:16:2
     4. └─base::sapply(...)
     5. └─base::lapply(X = X, FUN = FUN, ...)
     6. └─RAthena:::FUN(X[[i]], ...)
     7. ├─base::paste(sample(letters, sample(5:10)), collapse = ",") test-file-parser.R:18:25
     8. └─base::sample(letters, sample(5:10))
     9. └─base::sample.int(length(x), size, replace, prob)
    
     [ FAIL 5 | WARN 0 | SKIP 50 | PASS 37 ]
     Error: Test failures
     Execution halted
Flavor: r-devel-windows-x86_64-new-UL