CRAN Package Check Results for Package R2SWF

Last updated on 2022-01-26 05:54:26 CET.

Flavor Version Tinstall Tcheck Ttotal Status Flags
r-devel-linux-x86_64-debian-clang 0.9-6 21.91 38.92 60.83 OK
r-devel-linux-x86_64-debian-gcc 0.9-6 16.18 30.37 46.55 OK
r-devel-linux-x86_64-fedora-clang 0.9-6 77.30 OK
r-devel-linux-x86_64-fedora-gcc 0.9-6 65.98 OK
r-devel-windows-x86_64-new-UL 0.9-6 149.00 107.00 256.00 OK
r-devel-windows-x86_64-new-TK 0.9-6 OK
r-patched-linux-x86_64 0.9-6 18.17 37.12 55.29 OK
r-release-linux-x86_64 0.9-6 16.98 37.04 54.02 OK
r-release-macos-arm64 0.9-6 NOTE
r-release-macos-x86_64 0.9-6 NOTE
r-release-windows-ix86+x86_64 0.9-6 68.00 64.00 132.00 OK
r-oldrel-macos-x86_64 0.9-6 NOTE
r-oldrel-windows-ix86+x86_64 0.9-6 69.00 62.00 131.00 OK

Check Details

Version: 0.9-6
Check: installed package size
Result: NOTE
     installed size is 17.5Mb
     sub-directories of 1Mb or more:
     libs 17.4Mb
Flavors: r-release-macos-arm64, r-release-macos-x86_64, r-oldrel-macos-x86_64