CRAN Package Check Results for Package PriorCD

Last updated on 2021-07-31 05:51:58 CEST.

Flavor Version Tinstall Tcheck Ttotal Status Flags
r-devel-linux-x86_64-debian-clang 0.1.0 5.61 56.77 62.38 NOTE
r-devel-linux-x86_64-debian-gcc 0.1.0 4.61 43.27 47.88 NOTE
r-devel-linux-x86_64-fedora-clang 0.1.0 82.54 NOTE
r-devel-linux-x86_64-fedora-gcc 0.1.0 71.82 NOTE
r-devel-windows-x86_64 0.1.0 8.00 76.00 84.00 NOTE
r-devel-windows-x86_64-gcc10-UCRT 0.1.0 OK
r-patched-linux-x86_64 0.1.0 NOTE
r-patched-solaris-x86 0.1.0 111.60 NOTE
r-release-linux-x86_64 0.1.0 6.53 53.57 60.10 NOTE
r-release-macos-arm64 0.1.0 OK
r-release-macos-x86_64 0.1.0 OK
r-release-windows-ix86+x86_64 0.1.0 15.00 75.00 90.00 NOTE
r-oldrel-macos-x86_64 0.1.0 OK
r-oldrel-windows-ix86+x86_64 0.1.0 12.00 77.00 89.00 NOTE

Check Details

Version: 0.1.0
Check: package vignettes
Result: NOTE
    Package vignette with placeholder title 'Vignette Title':
     'priorcd.Rmd'
Flavors: r-devel-linux-x86_64-debian-clang, r-devel-linux-x86_64-debian-gcc, r-devel-windows-x86_64, r-patched-linux-x86_64, r-release-linux-x86_64, r-release-windows-ix86+x86_64, r-oldrel-windows-ix86+x86_64

Version: 0.1.0
Check: for non-standard things in the check directory
Result: NOTE
    Found the following files/directories:
     'network.html' 'network_files'
Flavors: r-devel-linux-x86_64-debian-clang, r-devel-linux-x86_64-debian-gcc, r-devel-linux-x86_64-fedora-clang, r-devel-linux-x86_64-fedora-gcc, r-patched-linux-x86_64, r-patched-solaris-x86, r-release-linux-x86_64