CRAN Package Check Results for Package ParBayesianOptimization

Last updated on 2021-10-19 05:51:09 CEST.

Flavor Version Tinstall Tcheck Ttotal Status Flags
r-devel-linux-x86_64-debian-clang 1.2.4 7.38 158.09 165.47 NOTE
r-devel-linux-x86_64-debian-gcc 1.2.4 6.79 136.70 143.49 NOTE
r-devel-linux-x86_64-fedora-clang 1.2.4 206.36 NOTE
r-devel-linux-x86_64-fedora-gcc 1.2.4 191.07 NOTE
r-devel-windows-x86_64 1.2.4 13.00 187.00 200.00 NOTE
r-devel-windows-x86_64-gcc10-UCRT 1.2.4 NOTE
r-patched-linux-x86_64 1.2.4 7.97 155.29 163.26 NOTE
r-patched-solaris-x86 1.2.4 169.00 NOTE
r-release-linux-x86_64 1.2.4 6.97 148.37 155.34 NOTE
r-release-macos-arm64 1.2.4 NOTE
r-release-macos-x86_64 1.2.4 NOTE
r-release-windows-ix86+x86_64 1.2.4 20.00 179.00 199.00 NOTE
r-oldrel-macos-x86_64 1.2.4 OK
r-oldrel-windows-ix86+x86_64 1.2.4 25.00 184.00 209.00 OK

Check Details

Version: 1.2.4
Check: LazyData
Result: NOTE
     'LazyData' is specified without a 'data' directory
Flavors: r-devel-linux-x86_64-debian-clang, r-devel-linux-x86_64-debian-gcc, r-devel-linux-x86_64-fedora-clang, r-devel-linux-x86_64-fedora-gcc, r-devel-windows-x86_64, r-devel-windows-x86_64-gcc10-UCRT, r-patched-linux-x86_64, r-patched-solaris-x86, r-release-linux-x86_64, r-release-macos-arm64, r-release-macos-x86_64, r-release-windows-ix86+x86_64