CRAN Package Check Results for Package PairedData

Last updated on 2021-09-20 05:50:09 CEST.

Flavor Version Tinstall Tcheck Ttotal Status Flags
r-devel-linux-x86_64-debian-clang 1.1.1 7.28 88.54 95.82 OK
r-devel-linux-x86_64-debian-gcc 1.1.1 5.48 65.82 71.30 OK
r-devel-linux-x86_64-fedora-clang 1.1.1 122.60 OK
r-devel-linux-x86_64-fedora-gcc 1.1.1 108.63 OK
r-devel-windows-x86_64 1.1.1 9.00 91.00 100.00 OK
r-devel-windows-x86_64-gcc10-UCRT 1.1.1 ERROR
r-patched-linux-x86_64 1.1.1 7.71 82.63 90.34 OK
r-patched-solaris-x86 1.1.1 152.00 OK
r-release-linux-x86_64 1.1.1 7.10 82.99 90.09 OK
r-release-macos-arm64 1.1.1 OK
r-release-macos-x86_64 1.1.1 OK
r-release-windows-ix86+x86_64 1.1.1 18.00 127.00 145.00 OK
r-oldrel-macos-x86_64 1.1.1 OK
r-oldrel-windows-ix86+x86_64 1.1.1 17.00 95.00 112.00 OK

Check Details

Version: 1.1.1
Check: whether package can be installed
Result: WARN
    Found the following significant warnings:
     WARNING: installation-time patches will not be applied, could not get the patches index
Flavor: r-devel-windows-x86_64-gcc10-UCRT

Version: 1.1.1
Check: PDF version of manual
Result: WARN
    LaTeX errors when creating PDF version.
    This typically indicates Rd problems.
Flavor: r-devel-windows-x86_64-gcc10-UCRT

Version: 1.1.1
Check: PDF version of manual without hyperrefs or index
Result: ERROR
    Re-running with no redirection of stdout/stderr.
Flavor: r-devel-windows-x86_64-gcc10-UCRT