CRAN Package Check Results for Package PLNmodels

Last updated on 2021-07-30 05:52:23 CEST.

Flavor Version Tinstall Tcheck Ttotal Status Flags
r-devel-linux-x86_64-debian-clang 0.11.4 OK
r-devel-linux-x86_64-debian-gcc 0.11.4 82.74 249.46 332.20 OK
r-devel-linux-x86_64-fedora-clang 0.11.4 634.34 NOTE
r-devel-linux-x86_64-fedora-gcc 0.11.4 618.34 OK
r-devel-windows-x86_64 0.11.4 129.00 531.00 660.00 OK
r-devel-windows-x86_64-gcc10-UCRT 0.11.4 OK
r-patched-linux-x86_64 0.11.4 OK
r-patched-solaris-x86 0.11.4 824.00 ERROR
r-release-linux-x86_64 0.11.4 94.51 325.41 419.92 OK
r-release-macos-arm64 0.11.4 WARN
r-release-macos-x86_64 0.11.4 NOTE
r-release-windows-ix86+x86_64 0.11.4 246.00 778.00 1024.00 NOTE
r-oldrel-macos-x86_64 0.11.4 NOTE
r-oldrel-windows-ix86+x86_64 0.11.4 192.00 811.00 1003.00 NOTE

Check Details

Version: 0.11.4
Check: installed package size
Result: NOTE
     installed size is 10.9Mb
     sub-directories of 1Mb or more:
     doc 2.1Mb
     libs 7.6Mb
Flavors: r-devel-linux-x86_64-fedora-clang, r-release-macos-arm64, r-release-macos-x86_64, r-release-windows-ix86+x86_64, r-oldrel-macos-x86_64, r-oldrel-windows-ix86+x86_64

Version: 0.11.4
Check: Rd cross-references
Result: NOTE
    Undeclared package ‘DESeq2’ in Rd xrefs
Flavor: r-devel-linux-x86_64-fedora-clang

Version: 0.11.4
Check: examples
Result: ERROR
    Running examples in ‘PLNmodels-Ex.R’ failed
    The error most likely occurred in:
    
    > ### Name: plot.PLNmixturefit
    > ### Title: Mixture visualization of a 'PLNmixturefit' object
    > ### Aliases: plot.PLNmixturefit
    >
    > ### ** Examples
    >
    > data(trichoptera)
    > trichoptera <- prepare_data(trichoptera$Abundance, trichoptera$Covariate)
    > myPLN <- PLNmixture(Abundance ~ 1 + offset(log(Offset)),
    + data = trichoptera, control_main = list(iterates = 0)) %>% getBestModel()
    
     Initialization...
    
     Adjusting 5 PLN mixture models.
     number of cluster = 1
     number of cluster = 2
     number of cluster = 3
     number of cluster = 4
     number of cluster = 5
    
     Smoothing PLN mixture models.
    
     Post-treatments
     DONE!
    > plot(myPLN, "pca")
    > plot(myPLN, "matrix")
    Warning: Transformation introduced infinite values in discrete y-axis
    Error in seq.default(min, max, by = by) : 'from' must be a finite number
    Calls: plot ... <Anonymous> -> f -> <Anonymous> -> seq -> seq.default
    Execution halted
Flavor: r-patched-solaris-x86

Version: 0.11.4
Check: package dependencies
Result: NOTE
    Packages suggested but not available for checking:
     'biomformat', 'phyloseq', 'Wrench'
Flavor: r-release-macos-arm64

Version: 0.11.4
Check: Rd cross-references
Result: NOTE
    Packages unavailable to check Rd xrefs: ‘DESeq2’, ‘Wrench’
Flavor: r-release-macos-arm64

Version: 0.11.4
Check: re-building of vignette outputs
Result: WARN
    Error(s) in re-building vignettes:
    --- re-building ‘Import_data.Rmd’ using rmarkdown
    Warning in engine$weave(file, quiet = quiet, encoding = enc) :
     Pandoc (>= 1.12.3) not available. Falling back to R Markdown v1.
    This is packages 'PLNmodels' version 0.11.4
    Use future::plan(multicore/multisession) to speed up PLNPCA/PLNmixture/stability_selection.
    1 samples were dropped from the abundance matrix for lack of associated covariates.
    --- finished re-building ‘Import_data.Rmd’
    
    --- re-building ‘PLN.Rmd’ using rmarkdown
    Warning in engine$weave(file, quiet = quiet, encoding = enc) :
     Pandoc (>= 1.12.3) not available. Falling back to R Markdown v1.
    This is packages 'PLNmodels' version 0.11.4
    Use future::plan(multicore/multisession) to speed up PLNPCA/PLNmixture/stability_selection.
    corrplot 0.90 loaded
    
    Attaching package: 'dplyr'
    
    The following object is masked from 'package:gridExtra':
    
     combine
    
    The following objects are masked from 'package:stats':
    
     filter, lag
    
    The following objects are masked from 'package:base':
    
     intersect, setdiff, setequal, union
    
    `summarise()` has grouped output by 'x'. You can override using the `.groups` argument.
    Warning in grid.Call(C_stringMetric, as.graphicsAnnot(x$label)) :
     no font could be found for family "Arial"
    Warning in grid.Call(C_stringMetric, as.graphicsAnnot(x$label)) :
     no font could be found for family "Arial"
    Warning in grid.Call(C_stringMetric, as.graphicsAnnot(x$label)) :
     no font could be found for family "Arial"
    Warning in grid.Call(C_stringMetric, as.graphicsAnnot(x$label)) :
     no font could be found for family "Arial"
    Warning in grid.Call(C_stringMetric, as.graphicsAnnot(x$label)) :
     no font could be found for family "Arial"
    Warning in grid.Call(C_stringMetric, as.graphicsAnnot(x$label)) :
     no font could be found for family "Arial"
    Warning in grid.Call(C_stringMetric, as.graphicsAnnot(x$label)) :
     no font could be found for family "Arial"
    Warning in grid.Call(C_stringMetric, as.graphicsAnnot(x$label)) :
     no font could be found for family "Arial"
    Warning in grid.Call(C_stringMetric, as.graphicsAnnot(x$label)) :
     no font could be found for family "Arial"
    Warning in grid.Call(C_stringMetric, as.graphicsAnnot(x$label)) :
     no font could be found for family "Arial"
    Warning in grid.Call(C_stringMetric, as.graphicsAnnot(x$label)) :
     no font could be found for family "Arial"
    Warning in grid.Call(C_stringMetric, as.graphicsAnnot(x$label)) :
     no font could be found for family "Arial"
    Warning in grid.Call(C_stringMetric, as.graphicsAnnot(x$label)) :
     no font could be found for family "Arial"
    Warning in grid.Call(C_stringMetric, as.graphicsAnnot(x$label)) :
     no font could be found for family "Arial"
    Warning in grid.Call(C_stringMetric, as.graphicsAnnot(x$label)) :
     no font could be found for family "Arial"
    Warning in grid.Call(C_stringMetric, as.graphicsAnnot(x$label)) :
     no font could be found for family "Arial"
    Warning in grid.Call(C_stringMetric, as.graphicsAnnot(x$label)) :
     no font could be found for family "Arial"
    Warning in grid.Call(C_stringMetric, as.graphicsAnnot(x$label)) :
     no font could be found for family "Arial"
    Warning in grid.Call(C_stringMetric, as.graphicsAnnot(x$label)) :
     no font could be found for family "Arial"
    Warning in grid.Call(C_stringMetric, as.graphicsAnnot(x$label)) :
     no font could be found for family "Arial"
    Warning in grid.Call(C_stringMetric, as.graphicsAnnot(x$label)) :
     no font could be found for family "Arial"
    Warning in grid.Call(C_stringMetric, as.graphicsAnnot(x$label)) :
     no font could be found for family "Arial"
    Warning in grid.Call(C_stringMetric, as.graphicsAnnot(x$label)) :
     no font could be found for family "Arial"
    Warning in grid.Call(C_stringMetric, as.graphicsAnnot(x$label)) :
     no font could be found for family "Arial"
    Warning in grid.Call(C_stringMetric, as.graphicsAnnot(x$label)) :
     no font could be found for family "Arial"
    Warning in grid.Call(C_stringMetric, as.graphicsAnnot(x$label)) :
     no font could be found for family "Arial"
    Warning in grid.Call(C_stringMetric, as.graphicsAnnot(x$label)) :
     no font could be found for family "Arial"
    Warning in grid.Call(C_stringMetric, as.graphicsAnnot(x$label)) :
     no font could be found for family "Arial"
    Warning in grid.Call(C_stringMetric, as.graphicsAnnot(x$label)) :
     no font could be found for family "Arial"
    Warning in grid.Call(C_stringMetric, as.graphicsAnnot(x$label)) :
     no font could be found for family "Arial"
    Warning in grid.Call(C_stringMetric, as.graphicsAnnot(x$label)) :
     no font could be found for family "Arial"
    Warning in grid.Call(C_stringMetric, as.graphicsAnnot(x$label)) :
     no font could be found for family "Arial"
    Warning in grid.Call(C_stringMetric, as.graphicsAnnot(x$label)) :
     no font could be found for family "Arial"
    Warning in grid.Call(C_stringMetric, as.graphicsAnnot(x$label)) :
     no font could be found for family "Arial"
    Warning in grid.Call(C_stringMetric, as.graphicsAnnot(x$label)) :
     no font could be found for family "Arial"
    Warning in grid.Call(C_stringMetric, as.graphicsAnnot(x$label)) :
     no font could be found for family "Arial"
    Warning in grid.Call(C_stringMetric, as.graphicsAnnot(x$label)) :
     no font could be found for family "Arial"
    Warning in grid.Call(C_stringMetric, as.graphicsAnnot(x$label)) :
     no font could be found for family "Arial"
    Warning in grid.Call(C_stringMetric, as.graphicsAnnot(x$label)) :
     no font could be found for family "Arial"
    Warning in grid.Call(C_stringMetric, as.graphicsAnnot(x$label)) :
     no font could be found for family "Arial"
    Warning in grid.Call(C_stringMetric, as.graphicsAnnot(x$label)) :
     no font could be found for family "Arial"
    Warning in grid.Call(C_stringMetric, as.graphicsAnnot(x$label)) :
     no font could be found for family "Arial"
    Warning in grid.Call(C_textBounds, as.graphicsAnnot(x$label), x$x, x$y, :
     no font could be found for family "Arial"
    Warning in grid.Call(C_textBounds, as.graphicsAnnot(x$label), x$x, x$y, :
     no font could be found for family "Arial"
    Quitting from lines 71-114 (PLN.Rmd)
    Error: processing vignette 'PLN.Rmd' failed with diagnostics:
    polygon edge not found
    --- failed re-building ‘PLN.Rmd’
    
    --- re-building ‘PLNLDA.Rmd’ using rmarkdown
    Warning in engine$weave(file, quiet = quiet, encoding = enc) :
     Pandoc (>= 1.12.3) not available. Falling back to R Markdown v1.
    This is packages 'PLNmodels' version 0.11.4
    Use future::plan(multicore/multisession) to speed up PLNPCA/PLNmixture/stability_selection.
    Warning in strwidth(newrownames, cex = tl.cex) :
     no font could be found for family "Arial"
    Warning in strwidth(newrownames, cex = tl.cex) :
     no font could be found for family "Arial"
    Warning in strwidth(newrownames, cex = tl.cex) :
     no font could be found for family "Arial"
    Warning in strwidth(newrownames, cex = tl.cex) :
     no font could be found for family "Arial"
    Warning in strwidth(newrownames, cex = tl.cex) :
     no font could be found for family "Arial"
    Warning in strwidth(newrownames, cex = tl.cex) :
     no font could be found for family "Arial"
    Warning in strwidth(newrownames, cex = tl.cex) :
     no font could be found for family "Arial"
    Warning in strwidth(newrownames, cex = tl.cex) :
     no font could be found for family "Arial"
    Warning in strwidth(newrownames, cex = tl.cex) :
     no font could be found for family "Arial"
    Warning in strwidth(newrownames, cex = tl.cex) :
     no font could be found for family "Arial"
    Warning in strwidth(newrownames, cex = tl.cex) :
     no font could be found for family "Arial"
    Warning in strwidth(newrownames, cex = tl.cex) :
     no font could be found for family "Arial"
    Warning in strwidth(newrownames, cex = tl.cex) :
     no font could be found for family "Arial"
    Warning in strwidth(newrownames, cex = tl.cex) :
     no font could be found for family "Arial"
    Warning in strwidth(newrownames, cex = tl.cex) :
     no font could be found for family "Arial"
    Warning in strwidth(newrownames, cex = tl.cex) :
     no font could be found for family "Arial"
    Warning in strwidth(newrownames, cex = tl.cex) :
     no font could be found for family "Arial"
    Warning in strwidth(newcolnames, cex = tl.cex) :
     no font could be found for family "Arial"
    Warning in strwidth(newcolnames, cex = tl.cex) :
     no font could be found for family "Arial"
    Warning in strwidth(newcolnames, cex = tl.cex) :
     no font could be found for family "Arial"
    Warning in strwidth(newcolnames, cex = tl.cex) :
     no font could be found for family "Arial"
    Warning in strwidth(newcolnames, cex = tl.cex) :
     no font could be found for family "Arial"
    Warning in strwidth(newcolnames, cex = tl.cex) :
     no font could be found for family "Arial"
    Warning in strwidth(newcolnames, cex = tl.cex) :
     no font could be found for family "Arial"
    Warning in strwidth(newcolnames, cex = tl.cex) :
     no font could be found for family "Arial"
    Warning in strwidth(newcolnames, cex = tl.cex) :
     no font could be found for family "Arial"
    Warning in strwidth(newcolnames, cex = tl.cex) :
     no font could be found for family "Arial"
    Warning in strwidth(newcolnames, cex = tl.cex) :
     no font could be found for family "Arial"
    Warning in strwidth(newcolnames, cex = tl.cex) :
     no font could be found for family "Arial"
    Warning in strwidth(newcolnames, cex = tl.cex) :
     no font could be found for family "Arial"
    Warning in strwidth(newcolnames, cex = tl.cex) :
     no font could be found for family "Arial"
    Warning in strwidth(newcolnames, cex = tl.cex) :
     no font could be found for family "Arial"
    Warning in strwidth(newcolnames, cex = tl.cex) :
     no font could be found for family "Arial"
    Warning in strwidth(newcolnames, cex = tl.cex) :
     no font could be found for family "Arial"
    Warning in strwidth("W", cex = tl.cex) :
     no font could be found for family "Arial"
    Warning in strwidth(newrownames, cex = tl.cex) :
     no font could be found for family "Arial"
    Warning in strwidth(newrownames, cex = tl.cex) :
     no font could be found for family "Arial"
    Warning in strwidth(newrownames, cex = tl.cex) :
     no font could be found for family "Arial"
    Warning in strwidth(newrownames, cex = tl.cex) :
     no font could be found for family "Arial"
    Warning in strwidth(newrownames, cex = tl.cex) :
     no font could be found for family "Arial"
    Warning in strwidth(newrownames, cex = tl.cex) :
     no font could be found for family "Arial"
    Warning in strwidth(newrownames, cex = tl.cex) :
     no font could be found for family "Arial"
    Warning in strwidth(newrownames, cex = tl.cex) :
     no font could be found for family "Arial"
    Warning in strwidth(newrownames, cex = tl.cex) :
     no font could be found for family "Arial"
    Warning in strwidth(newrownames, cex = tl.cex) :
     no font could be found for family "Arial"
    Warning in strwidth(newrownames, cex = tl.cex) :
     no font could be found for family "Arial"
    Warning in strwidth(newrownames, cex = tl.cex) :
     no font could be found for family "Arial"
    Warning in strwidth(newrownames, cex = tl.cex) :
     no font could be found for family "Arial"
    Warning in strwidth(newrownames, cex = tl.cex) :
     no font could be found for family "Arial"
    Warning in strwidth(newrownames, cex = tl.cex) :
     no font could be found for family "Arial"
    Warning in strwidth(newrownames, cex = tl.cex) :
     no font could be found for family "Arial"
    Warning in strwidth(newrownames, cex = tl.cex) :
     no font could be found for family "Arial"
    Warning in strwidth(newcolnames, cex = tl.cex) :
     no font could be found for family "Arial"
    Warning in strwidth(newcolnames, cex = tl.cex) :
     no font could be found for family "Arial"
    Warning in strwidth(newcolnames, cex = tl.cex) :
     no font could be found for family "Arial"
    Warning in strwidth(newcolnames, cex = tl.cex) :
     no font could be found for family "Arial"
    Warning in strwidth(newcolnames, cex = tl.cex) :
     no font could be found for family "Arial"
    Warning in strwidth(newcolnames, cex = tl.cex) :
     no font could be found for family "Arial"
    Warning in strwidth(newcolnames, cex = tl.cex) :
     no font could be found for family "Arial"
    Warning in strwidth(newcolnames, cex = tl.cex) :
     no font could be found for family "Arial"
    Warning in strwidth(newcolnames, cex = tl.cex) :
     no font could be found for family "Arial"
    Warning in strwidth(newcolnames, cex = tl.cex) :
     no font could be found for family "Arial"
    Warning in strwidth(newcolnames, cex = tl.cex) :
     no font could be found for family "Arial"
    Warning in strwidth(newcolnames, cex = tl.cex) :
     no font could be found for family "Arial"
    Warning in strwidth(newcolnames, cex = tl.cex) :
     no font could be found for family "Arial"
    Warning in strwidth(newcolnames, cex = tl.cex) :
     no font could be found for family "Arial"
    Warning in strwidth(newcolnames, cex = tl.cex) :
     no font could be found for family "Arial"
    Warning in strwidth(newcolnames, cex = tl.cex) :
     no font could be found for family "Arial"
    Warning in strwidth(newcolnames, cex = tl.cex) :
     no font could be found for family "Arial"
    Warning in strwidth("W", cex = tl.cex) :
     no font could be found for family "Arial"
    Warning in strwidth("W", cex = tl.cex) :
     no font could be found for family "Arial"
    Warning in text.default((pos.xlabel + xlim[2])/2, y = at, labels = labels, :
     no font could be found for family "Arial"
    Warning in text.default((pos.xlabel + xlim[2])/2, y = at, labels = labels, :
     no font could be found for family "Arial"
    Warning in text.default((pos.xlabel + xlim[2])/2, y = at, labels = labels, :
     no font could be found for family "Arial"
    Warning in text.default((pos.xlabel + xlim[2])/2, y = at, labels = labels, :
     no font could be found for family "Arial"
    Warning in text.default((pos.xlabel + xlim[2])/2, y = at, labels = labels, :
     no font could be found for family "Arial"
    Warning in text.default((pos.xlabel + xlim[2])/2, y = at, labels = labels, :
     no font could be found for family "Arial"
    Warning in text.default((pos.xlabel + xlim[2])/2, y = at, labels = labels, :
     no font could be found for family "Arial"
    Warning in text.default((pos.xlabel + xlim[2])/2, y = at, labels = labels, :
     no font could be found for family "Arial"
    Warning in text.default((pos.xlabel + xlim[2])/2, y = at, labels = labels, :
     no font could be found for family "Arial"
    Warning in text.default((pos.xlabel + xlim[2])/2, y = at, labels = labels, :
     no font could be found for family "Arial"
    Warning in text.default((pos.xlabel + xlim[2])/2, y = at, labels = labels, :
     no font could be found for family "Arial"
    Warning in text.default((pos.xlabel + xlim[2])/2, y = at, labels = labels, :
     no font could be found for family "Arial"
    Warning in text.default((pos.xlabel + xlim[2])/2, y = at, labels = labels, :
     no font could be found for family "Arial"
    Warning in text.default((pos.xlabel + xlim[2])/2, y = at, labels = labels, :
     no font could be found for family "Arial"
    Warning in text.default((pos.xlabel + xlim[2])/2, y = at, labels = labels, :
     no font could be found for family "Arial"
    Warning in text.default((pos.xlabel + xlim[2])/2, y = at, labels = labels, :
     no font could be found for family "Arial"
    Warning in text.default((pos.xlabel + xlim[2])/2, y = at, labels = labels, :
     no font could be found for family "Arial"
    Warning in text.default((pos.xlabel + xlim[2])/2, y = at, labels = labels, :
     no font could be found for family "Arial"
    Warning in text.default((pos.xlabel + xlim[2])/2, y = at, labels = labels, :
     no font could be found for family "Arial"
    Warning in text.default((pos.xlabel + xlim[2])/2, y = at, labels = labels, :
     no font could be found for family "Arial"
    Warning in text.default((pos.xlabel + xlim[2])/2, y = at, labels = labels, :
     no font could be found for family "Arial"
    Warning in text.default((pos.xlabel + xlim[2])/2, y = at, labels = labels, :
     no font could be found for family "Arial"
    Warning in text.default((pos.xlabel + xlim[2])/2, y = at, labels = labels, :
     no font could be found for family "Arial"
    Warning in text.default((pos.xlabel + xlim[2])/2, y = at, labels = labels, :
     no font could be found for family "Arial"
    Warning in text.default((pos.xlabel + xlim[2])/2, y = at, labels = labels, :
     no font could be found for family "Arial"
    Warning in text.default((pos.xlabel + xlim[2])/2, y = at, labels = labels, :
     no font could be found for family "Arial"
    Warning in text.default((pos.xlabel + xlim[2])/2, y = at, labels = labels, :
     no font could be found for family "Arial"
    Warning in text.default((pos.xlabel + xlim[2])/2, y = at, labels = labels, :
     no font could be found for family "Arial"
    Warning in text.default((pos.xlabel + xlim[2])/2, y = at, labels = labels, :
     no font could be found for family "Arial"
    Warning in text.default((pos.xlabel + xlim[2])/2, y = at, labels = labels, :
     no font could be found for family "Arial"
    Warning in text.default((pos.xlabel + xlim[2])/2, y = at, labels = labels, :
     no font could be found for family "Arial"
    Warning in text.default((pos.xlabel + xlim[2])/2, y = at, labels = labels, :
     no font could be found for family "Arial"
    Warning in text.default((pos.xlabel + xlim[2])/2, y = at, labels = labels, :
     no font could be found for family "Arial"
    Warning in text.default((pos.xlabel + xlim[2])/2, y = at, labels = labels, :
     no font could be found for family "Arial"
    Warning in text.default((pos.xlabel + xlim[2])/2, y = at, labels = labels, :
     no font could be found for family "Arial"
    Warning in text.default((pos.xlabel + xlim[2])/2, y = at, labels = labels, :
     no font could be found for family "Arial"
    Warning in text.default((pos.xlabel + xlim[2])/2, y = at, labels = labels, :
     no font could be found for family "Arial"
    Warning in text.default((pos.xlabel + xlim[2])/2, y = at, labels = labels, :
     no font could be found for family "Arial"
    Warning in text.default((pos.xlabel + xlim[2])/2, y = at, labels = labels, :
     no font could be found for family "Arial"
    Warning in text.default((pos.xlabel + xlim[2])/2, y = at, labels = labels, :
     no font could be found for family "Arial"
    Warning in text.default((pos.xlabel + xlim[2])/2, y = at, labels = labels, :
     no font could be found for family "Arial"
    Warning in text.default((pos.xlabel + xlim[2])/2, y = at, labels = labels, :
     no font could be found for family "Arial"
    Warning in text.default((pos.xlabel + xlim[2])/2, y = at, labels = labels, :
     no font could be found for family "Arial"
    Warning in text.default((pos.xlabel + xlim[2])/2, y = at, labels = labels, :
     no font could be found for family "Arial"
    Warning in text.default((pos.xlabel + xlim[2])/2, y = at, labels = labels, :
     no font could be found for family "Arial"
    Warning in text.default((pos.xlabel + xlim[2])/2, y = at, labels = labels, :
     no font could be found for family "Arial"
    Warning in text.default((pos.xlabel + xlim[2])/2, y = at, labels = labels, :
     no font could be found for family "Arial"
    Warning in text.default((pos.xlabel + xlim[2])/2, y = at, labels = labels, :
     no font could be found for family "Arial"
    Warning in text.default((pos.xlabel + xlim[2])/2, y = at, labels = labels, :
     no font could be found for family "Arial"
    Warning in text.default((pos.xlabel + xlim[2])/2, y = at, labels = labels, :
     no font could be found for family "Arial"
    Warning in text.default((pos.xlabel + xlim[2])/2, y = at, labels = labels, :
     no font could be found for family "Arial"
    Warning in text.default((pos.xlabel + xlim[2])/2, y = at, labels = labels, :
     no font could be found for family "Arial"
    Warning in text.default((pos.xlabel + xlim[2])/2, y = at, labels = labels, :
     no font could be found for family "Arial"
    Warning in text.default((pos.xlabel + xlim[2])/2, y = at, labels = labels, :
     no font could be found for family "Arial"
    Warning in text.default((pos.xlabel + xlim[2])/2, y = at, labels = labels, :
     no font could be found for family "Arial"
    Warning in text.default((pos.xlabel + xlim[2])/2, y = at, labels = labels, :
     no font could be found for family "Arial"
    Warning in text.default((pos.xlabel + xlim[2])/2, y = at, labels = labels, :
     no font could be found for family "Arial"
    Warning in text.default((pos.xlabel + xlim[2])/2, y = at, labels = labels, :
     no font could be found for family "Arial"
    Warning in text.default((pos.xlabel + xlim[2])/2, y = at, labels = labels, :
     no font could be found for family "Arial"
    Warning in text.default((pos.xlabel + xlim[2])/2, y = at, labels = labels, :
     no font could be found for family "Arial"
    Warning in text.default((pos.xlabel + xlim[2])/2, y = at, labels = labels, :
     no font could be found for family "Arial"
    Warning in text.default((pos.xlabel + xlim[2])/2, y = at, labels = labels, :
     no font could be found for family "Arial"
    Warning in text.default((pos.xlabel + xlim[2])/2, y = at, labels = labels, :
     no font could be found for family "Arial"
    Warning in text.default((pos.xlabel + xlim[2])/2, y = at, labels = labels, :
     no font could be found for family "Arial"
    Warning in text.default((pos.xlabel + xlim[2])/2, y = at, labels = labels, :
     no font could be found for family "Arial"
    Warning in text.default(pos.xlabel[, 1], pos.xlabel[, 2], newcolnames, srt = tl.srt, :
     no font could be found for family "Arial"
    Warning in text.default(pos.xlabel[, 1], pos.xlabel[, 2], newcolnames, srt = tl.srt, :
     no font could be found for family "Arial"
    Warning in text.default(pos.xlabel[, 1], pos.xlabel[, 2], newcolnames, srt = tl.srt, :
     no font could be found for family "Arial"
    Warning in text.default(pos.xlabel[, 1], pos.xlabel[, 2], newcolnames, srt = tl.srt, :
     no font could be found for family "Arial"
    Warning in text.default(pos.xlabel[, 1], pos.xlabel[, 2], newcolnames, srt = tl.srt, :
     no font could be found for family "Arial"
    Warning in text.default(pos.xlabel[, 1], pos.xlabel[, 2], newcolnames, srt = tl.srt, :
     no font could be found for family "Arial"
    Warning in text.default(pos.xlabel[, 1], pos.xlabel[, 2], newcolnames, srt = tl.srt, :
     no font could be found for family "Arial"
    Warning in text.default(pos.xlabel[, 1], pos.xlabel[, 2], newcolnames, srt = tl.srt, :
     no font could be found for family "Arial"
    Warning in text.default(pos.xlabel[, 1], pos.xlabel[, 2], newcolnames, srt = tl.srt, :
     no font could be found for family "Arial"
    Warning in text.default(pos.xlabel[, 1], pos.xlabel[, 2], newcolnames, srt = tl.srt, :
     no font could be found for family "Arial"
    Warning in text.default(pos.xlabel[, 1], pos.xlabel[, 2], newcolnames, srt = tl.srt, :
     no font could be found for family "Arial"
    Warning in text.default(pos.xlabel[, 1], pos.xlabel[, 2], newcolnames, srt = tl.srt, :
     no font could be found for family "Arial"
    Warning in text.default(pos.xlabel[, 1], pos.xlabel[, 2], newcolnames, srt = tl.srt, :
     no font could be found for family "Arial"
    Warning in text.default(pos.xlabel[, 1], pos.xlabel[, 2], newcolnames, srt = tl.srt, :
     no font could be found for family "Arial"
    Warning in text.default(pos.xlabel[, 1], pos.xlabel[, 2], newcolnames, srt = tl.srt, :
     no font could be found for family "Arial"
    Warning in text.default(pos.xlabel[, 1], pos.xlabel[, 2], newcolnames, srt = tl.srt, :
     no font could be found for family "Arial"
    Warning in text.default(pos.xlabel[, 1], pos.xlabel[, 2], newcolnames, srt = tl.srt, :
     no font could be found for family "Arial"
    Warning in text.default(pos.xlabel[, 1], pos.xlabel[, 2], newcolnames, srt = tl.srt, :
     no font could be found for family "Arial"
    Warning in text.default(pos.xlabel[, 1], pos.xlabel[, 2], newcolnames, srt = tl.srt, :
     no font could be found for family "Arial"
    Warning in text.default(pos.xlabel[, 1], pos.xlabel[, 2], newcolnames, srt = tl.srt, :
     no font could be found for family "Arial"
    Warning in text.default(pos.xlabel[, 1], pos.xlabel[, 2], newcolnames, srt = tl.srt, :
     no font could be found for family "Arial"
    Warning in text.default(pos.xlabel[, 1], pos.xlabel[, 2], newcolnames, srt = tl.srt, :
     no font could be found for family "Arial"
    Warning in text.default(pos.xlabel[, 1], pos.xlabel[, 2], newcolnames, srt = tl.srt, :
     no font could be found for family "Arial"
    Warning in text.default(pos.xlabel[, 1], pos.xlabel[, 2], newcolnames, srt = tl.srt, :
     no font could be found for family "Arial"
    Warning in text.default(pos.xlabel[, 1], pos.xlabel[, 2], newcolnames, srt = tl.srt, :
     no font could be found for family "Arial"
    Warning in text.default(pos.xlabel[, 1], pos.xlabel[, 2], newcolnames, srt = tl.srt, :
     no font could be found for family "Arial"
    Warning in text.default(pos.xlabel[, 1], pos.xlabel[, 2], newcolnames, srt = tl.srt, :
     no font could be found for family "Arial"
    Warning in text.default(pos.xlabel[, 1], pos.xlabel[, 2], newcolnames, srt = tl.srt, :
     no font could be found for family "Arial"
    Warning in text.default(pos.xlabel[, 1], pos.xlabel[, 2], newcolnames, srt = tl.srt, :
     no font could be found for family "Arial"
    Warning in text.default(pos.xlabel[, 1], pos.xlabel[, 2], newcolnames, srt = tl.srt, :
     no font could be found for family "Arial"
    Warning in text.default(pos.xlabel[, 1], pos.xlabel[, 2], newcolnames, srt = tl.srt, :
     no font could be found for family "Arial"
    Warning in text.default(pos.xlabel[, 1], pos.xlabel[, 2], newcolnames, srt = tl.srt, :
     no font could be found for family "Arial"
    Warning in text.default(pos.xlabel[, 1], pos.xlabel[, 2], newcolnames, srt = tl.srt, :
     no font could be found for family "Arial"
    Warning in text.default(pos.xlabel[, 1], pos.xlabel[, 2], newcolnames, srt = tl.srt, :
     no font could be found for family "Arial"
    Warning in text.default(pos.xlabel[, 1], pos.xlabel[, 2], newcolnames, srt = tl.srt, :
     no font could be found for family "Arial"
    Warning in text.default(pos.xlabel[, 1], pos.xlabel[, 2], newcolnames, srt = tl.srt, :
     no font could be found for family "Arial"
    Warning in text.default(pos.xlabel[, 1], pos.xlabel[, 2], newcolnames, srt = tl.srt, :
     no font could be found for family "Arial"
    Warning in text.default(pos.xlabel[, 1], pos.xlabel[, 2], newcolnames, srt = tl.srt, :
     no font could be found for family "Arial"
    Warning in text.default(pos.xlabel[, 1], pos.xlabel[, 2], newcolnames, srt = tl.srt, :
     no font could be found for family "Arial"
    Warning in text.default(pos.xlabel[, 1], pos.xlabel[, 2], newcolnames, srt = tl.srt, :
     no font could be found for family "Arial"
    Warning in text.default(pos.xlabel[, 1], pos.xlabel[, 2], newcolnames, srt = tl.srt, :
     no font could be found for family "Arial"
    Warning in text.default(pos.xlabel[, 1], pos.xlabel[, 2], newcolnames, srt = tl.srt, :
     no font could be found for family "Arial"
    Warning in text.default(pos.xlabel[, 1], pos.xlabel[, 2], newcolnames, srt = tl.srt, :
     no font could be found for family "Arial"
    Warning in text.default(pos.xlabel[, 1], pos.xlabel[, 2], newcolnames, srt = tl.srt, :
     no font could be found for family "Arial"
    Warning in text.default(pos.xlabel[, 1], pos.xlabel[, 2], newcolnames, srt = tl.srt, :
     no font could be found for family "Arial"
    Warning in text.default(pos.xlabel[, 1], pos.xlabel[, 2], newcolnames, srt = tl.srt, :
     no font could be found for family "Arial"
    Warning in text.default(pos.xlabel[, 1], pos.xlabel[, 2], newcolnames, srt = tl.srt, :
     no font could be found for family "Arial"
    Warning in text.default(pos.xlabel[, 1], pos.xlabel[, 2], newcolnames, srt = tl.srt, :
     no font could be found for family "Arial"
    Warning in text.default(pos.xlabel[, 1], pos.xlabel[, 2], newcolnames, srt = tl.srt, :
     no font could be found for family "Arial"
    Warning in text.default(pos.xlabel[, 1], pos.xlabel[, 2], newcolnames, srt = tl.srt, :
     no font could be found for family "Arial"
    Warning in text.default(pos.xlabel[, 1], pos.xlabel[, 2], newcolnames, srt = tl.srt, :
     no font could be found for family "Arial"
    Warning in text.default(pos.xlabel[, 1], pos.xlabel[, 2], newcolnames, srt = tl.srt, :
     no font could be found for family "Arial"
    Warning in text.default(pos.xlabel[, 1], pos.xlabel[, 2], newcolnames, srt = tl.srt, :
     no font could be found for family "Arial"
    Warning in text.default(pos.xlabel[, 1], pos.xlabel[, 2], newcolnames, srt = tl.srt, :
     no font could be found for family "Arial"
    Warning in text.default(pos.xlabel[, 1], pos.xlabel[, 2], newcolnames, srt = tl.srt, :
     no font could be found for family "Arial"
    Warning in text.default(pos.xlabel[, 1], pos.xlabel[, 2], newcolnames, srt = tl.srt, :
     no font could be found for family "Arial"
    Warning in text.default(pos.xlabel[, 1], pos.xlabel[, 2], newcolnames, srt = tl.srt, :
     no font could be found for family "Arial"
    Warning in text.default(pos.xlabel[, 1], pos.xlabel[, 2], newcolnames, srt = tl.srt, :
     no font could be found for family "Arial"
    Warning in text.default(pos.xlabel[, 1], pos.xlabel[, 2], newcolnames, srt = tl.srt, :
     no font could be found for family "Arial"
    Warning in text.default(pos.xlabel[, 1], pos.xlabel[, 2], newcolnames, srt = tl.srt, :
     no font could be found for family "Arial"
    Warning in text.default(pos.xlabel[, 1], pos.xlabel[, 2], newcolnames, srt = tl.srt, :
     no font could be found for family "Arial"
    Warning in text.default(pos.xlabel[, 1], pos.xlabel[, 2], newcolnames, srt = tl.srt, :
     no font could be found for family "Arial"
    Warning in text.default(pos.xlabel[, 1], pos.xlabel[, 2], newcolnames, srt = tl.srt, :
     no font could be found for family "Arial"
    Warning in text.default(pos.xlabel[, 1], pos.xlabel[, 2], newcolnames, srt = tl.srt, :
     no font could be found for family "Arial"
    Warning in text.default(pos.xlabel[, 1], pos.xlabel[, 2], newcolnames, srt = tl.srt, :
     no font could be found for family "Arial"
    Warning in text.default(pos.xlabel[, 1], pos.xlabel[, 2], newcolnames, srt = tl.srt, :
     no font could be found for family "Arial"
    Warning in text.default(pos.xlabel[, 1], pos.xlabel[, 2], newcolnames, srt = tl.srt, :
     no font could be found for family "Arial"
    Warning in text.default(pos.xlabel[, 1], pos.xlabel[, 2], newcolnames, srt = tl.srt, :
     no font could be found for family "Arial"
    Warning in text.default(pos.xlabel[, 1], pos.xlabel[, 2], newcolnames, srt = tl.srt, :
     no font could be found for family "Arial"
    Warning in text.default(pos.xlabel[, 1], pos.xlabel[, 2], newcolnames, srt = tl.srt, :
     no font could be found for family "Arial"
    Warning in text.default(pos.xlabel[, 1], pos.xlabel[, 2], newcolnames, srt = tl.srt, :
     no font could be found for family "Arial"
    Warning in text.default(pos.xlabel[, 1], pos.xlabel[, 2], newcolnames, srt = tl.srt, :
     no font could be found for family "Arial"
    Warning in text.default(pos.xlabel[, 1], pos.xlabel[, 2], newcolnames, srt = tl.srt, :
     no font could be found for family "Arial"
    Warning in text.default(pos.xlabel[, 1], pos.xlabel[, 2], newcolnames, srt = tl.srt, :
     no font could be found for family "Arial"
    Warning in text.default(pos.xlabel[, 1], pos.xlabel[, 2], newcolnames, srt = tl.srt, :
     no font could be found for family "Arial"
    Warning in text.default(pos.xlabel[, 1], pos.xlabel[, 2], newcolnames, srt = tl.srt, :
     no font could be found for family "Arial"
    Warning in text.default(pos.xlabel[, 1], pos.xlabel[, 2], newcolnames, srt = tl.srt, :
     no font could be found for family "Arial"
    Warning in text.default(pos.xlabel[, 1], pos.xlabel[, 2], newcolnames, srt = tl.srt, :
     no font could be found for family "Arial"
    Warning in text.default(pos.xlabel[, 1], pos.xlabel[, 2], newcolnames, srt = tl.srt, :
     no font could be found for family "Arial"
    Warning in text.default(pos.xlabel[, 1], pos.xlabel[, 2], newcolnames, srt = tl.srt, :
     no font could be found for family "Arial"
    Warning in text.default(pos.xlabel[, 1], pos.xlabel[, 2], newcolnames, srt = tl.srt, :
     no font could be found for family "Arial"
    Warning in text.default(pos.xlabel[, 1], pos.xlabel[, 2], newcolnames, srt = tl.srt, :
     no font could be found for family "Arial"
    Warning in text.default(pos.xlabel[, 1], pos.xlabel[, 2], newcolnames, srt = tl.srt, :
     no font could be found for family "Arial"
    Warning in text.default(pos.xlabel[, 1], pos.xlabel[, 2], newcolnames, srt = tl.srt, :
     no font could be found for family "Arial"
    Warning in text.default(pos.xlabel[, 1], pos.xlabel[, 2], newcolnames, srt = tl.srt, :
     no font could be found for family "Arial"
    Warning in text.default(pos.xlabel[, 1], pos.xlabel[, 2], newcolnames, srt = tl.srt, :
     no font could be found for family "Arial"
    Warning in text.default(pos.ylabel[, 1], pos.ylabel[, 2], newrownames, col = tl.col, :
     no font could be found for family "Arial"
    Warning in text.default(pos.ylabel[, 1], pos.ylabel[, 2], newrownames, col = tl.col, :
     no font could be found for family "Arial"
    Warning in text.default(pos.ylabel[, 1], pos.ylabel[, 2], newrownames, col = tl.col, :
     no font could be found for family "Arial"
    Warning in text.default(pos.ylabel[, 1], pos.ylabel[, 2], newrownames, col = tl.col, :
     no font could be found for family "Arial"
    Warning in text.default(pos.ylabel[, 1], pos.ylabel[, 2], newrownames, col = tl.col, :
     no font could be found for family "Arial"
    Warning in text.default(pos.ylabel[, 1], pos.ylabel[, 2], newrownames, col = tl.col, :
     no font could be found for family "Arial"
    Warning in text.default(pos.ylabel[, 1], pos.ylabel[, 2], newrownames, col = tl.col, :
     no font could be found for family "Arial"
    Warning in text.default(pos.ylabel[, 1], pos.ylabel[, 2], newrownames, col = tl.col, :
     no font could be found for family "Arial"
    Warning in text.default(pos.ylabel[, 1], pos.ylabel[, 2], newrownames, col = tl.col, :
     no font could be found for family "Arial"
    Warning in text.default(pos.ylabel[, 1], pos.ylabel[, 2], newrownames, col = tl.col, :
     no font could be found for family "Arial"
    Warning in text.default(pos.ylabel[, 1], pos.ylabel[, 2], newrownames, col = tl.col, :
     no font could be found for family "Arial"
    Warning in text.default(pos.ylabel[, 1], pos.ylabel[, 2], newrownames, col = tl.col, :
     no font could be found for family "Arial"
    Warning in text.default(pos.ylabel[, 1], pos.ylabel[, 2], newrownames, col = tl.col, :
     no font could be found for family "Arial"
    Warning in text.default(pos.ylabel[, 1], pos.ylabel[, 2], newrownames, col = tl.col, :
     no font could be found for family "Arial"
    Warning in text.default(pos.ylabel[, 1], pos.ylabel[, 2], newrownames, col = tl.col, :
     no font could be found for family "Arial"
    Warning in text.default(pos.ylabel[, 1], pos.ylabel[, 2], newrownames, col = tl.col, :
     no font could be found for family "Arial"
    Warning in text.default(pos.ylabel[, 1], pos.ylabel[, 2], newrownames, col = tl.col, :
     no font could be found for family "Arial"
    Warning in text.default(pos.ylabel[, 1], pos.ylabel[, 2], newrownames, col = tl.col, :
     no font could be found for family "Arial"
    Warning in text.default(pos.ylabel[, 1], pos.ylabel[, 2], newrownames, col = tl.col, :
     no font could be found for family "Arial"
    Warning in text.default(pos.ylabel[, 1], pos.ylabel[, 2], newrownames, col = tl.col, :
     no font could be found for family "Arial"
    Warning in text.default(pos.ylabel[, 1], pos.ylabel[, 2], newrownames, col = tl.col, :
     no font could be found for family "Arial"
    Warning in text.default(pos.ylabel[, 1], pos.ylabel[, 2], newrownames, col = tl.col, :
     no font could be found for family "Arial"
    Warning in text.default(pos.ylabel[, 1], pos.ylabel[, 2], newrownames, col = tl.col, :
     no font could be found for family "Arial"
    Warning in text.default(pos.ylabel[, 1], pos.ylabel[, 2], newrownames, col = tl.col, :
     no font could be found for family "Arial"
    Warning in text.default(pos.ylabel[, 1], pos.ylabel[, 2], newrownames, col = tl.col, :
     no font could be found for family "Arial"
    Warning in text.default(pos.ylabel[, 1], pos.ylabel[, 2], newrownames, col = tl.col, :
     no font could be found for family "Arial"
    Warning in text.default(pos.ylabel[, 1], pos.ylabel[, 2], newrownames, col = tl.col, :
     no font could be found for family "Arial"
    Warning in text.default(pos.ylabel[, 1], pos.ylabel[, 2], newrownames, col = tl.col, :
     no font could be found for family "Arial"
    Warning in text.default(pos.ylabel[, 1], pos.ylabel[, 2], newrownames, col = tl.col, :
     no font could be found for family "Arial"
    Warning in text.default(pos.ylabel[, 1], pos.ylabel[, 2], newrownames, col = tl.col, :
     no font could be found for family "Arial"
    Warning in text.default(pos.ylabel[, 1], pos.ylabel[, 2], newrownames, col = tl.col, :
     no font could be found for family "Arial"
    Warning in text.default(pos.ylabel[, 1], pos.ylabel[, 2], newrownames, col = tl.col, :
     no font could be found for family "Arial"
    Warning in text.default(pos.ylabel[, 1], pos.ylabel[, 2], newrownames, col = tl.col, :
     no font could be found for family "Arial"
    Warning in text.default(pos.ylabel[, 1], pos.ylabel[, 2], newrownames, col = tl.col, :
     no font could be found for family "Arial"
    Warning in doTryCatch(return(expr), name, parentenv, handler) :
     no font could be found for family "Arial"
    Warning in doTryCatch(return(expr), name, parentenv, handler) :
     no font could be found for family "Arial"
    Warning in doTryCatch(return(expr), name, parentenv, handler) :
     no font could be found for family "Arial"
    Warning in doTryCatch(return(expr), name, parentenv, handler) :
     no font could be found for family "Arial"
    Warning in doTryCatch(return(expr), name, parentenv, handler) :
     no font could be found for family "Arial"
    Warning in doTryCatch(return(expr), name, parentenv, handler) :
     no font could be found for family "Arial"
    Warning in doTryCatch(return(expr), name, parentenv, handler) :
     no font could be found for family "Arial"
    Warning in doTryCatch(return(expr), name, parentenv, handler) :
     no font could be found for family "Arial"
    Warning in doTryCatch(return(expr), name, parentenv, handler) :
     no font could be found for family "Arial"
    Warning in doTryCatch(return(expr), name, parentenv, handler) :
     no font could be found for family "Arial"
    Warning in doTryCatch(return(expr), name, parentenv, handler) :
     no font could be found for family "Arial"
    Warning in doTryCatch(return(expr), name, parentenv, handler) :
     no font could be found for family "Arial"
    Warning in doTryCatch(return(expr), name, parentenv, handler) :
     no font could be found for family "Arial"
    Warning in doTryCatch(return(expr), name, parentenv, handler) :
     no font could be found for family "Arial"
    Warning in doTryCatch(return(expr), name, parentenv, handler) :
     no font could be found for family "Arial"
    Warning in doTryCatch(return(expr), name, parentenv, handler) :
     no font could be found for family "Arial"
    Warning in doTryCatch(return(expr), name, parentenv, handler) :
     no font could be found for family "Arial"
    Warning in doTryCatch(return(expr), name, parentenv, handler) :
     no font could be found for family "Arial"
    Warning in doTryCatch(return(expr), name, parentenv, handler) :
     no font could be found for family "Arial"
    Warning in doTryCatch(return(expr), name, parentenv, handler) :
     no font could be found for family "Arial"
    Warning in doTryCatch(return(expr), name, parentenv, handler) :
     no font could be found for family "Arial"
    Warning in doTryCatch(return(expr), name, parentenv, handler) :
     no font could be found for family "Arial"
    Warning in doTryCatch(return(expr), name, parentenv, handler) :
     no font could be found for family "Arial"
    Warning in doTryCatch(return(expr), name, parentenv, handler) :
     no font could be found for family "Arial"
    Warning in doTryCatch(return(expr), name, parentenv, handler) :
     no font could be found for family "Arial"
    Warning in doTryCatch(return(expr), name, parentenv, handler) :
     no font could be found for family "Arial"
    Warning in doTryCatch(return(expr), name, parentenv, handler) :
     no font could be found for family "Arial"
    Warning in doTryCatch(return(expr), name, parentenv, handler) :
     no font could be found for family "Arial"
    Warning in doTryCatch(return(expr), name, parentenv, handler) :
     no font could be found for family "Arial"
    Warning in doTryCatch(return(expr), name, parentenv, handler) :
     no font could be found for family "Arial"
    Warning in doTryCatch(return(expr), name, parentenv, handler) :
     no font could be found for family "Arial"
    Warning in doTryCatch(return(expr), name, parentenv, handler) :
     no font could be found for family "Arial"
    Warning in doTryCatch(return(expr), name, parentenv, handler) :
     no font could be found for family "Arial"
    Warning in doTryCatch(return(expr), name, parentenv, handler) :
     no font could be found for family "Arial"
    Warning in doTryCatch(return(expr), name, parentenv, handler) :
     no font could be found for family "Arial"
    Warning in doTryCatch(return(expr), name, parentenv, handler) :
     no font could be found for family "Arial"
    Warning in doTryCatch(return(expr), name, parentenv, handler) :
     no font could be found for family "Arial"
    Warning in doTryCatch(return(expr), name, parentenv, handler) :
     no font could be found for family "Arial"
    Warning in doTryCatch(return(expr), name, parentenv, handler) :
     no font could be found for family "Arial"
    Warning in doTryCatch(return(expr), name, parentenv, handler) :
     no font could be found for family "Arial"
    Warning in doTryCatch(return(expr), name, parentenv, handler) :
     no font could be found for family "Arial"
    Warning in doTryCatch(return(expr), name, parentenv, handler) :
     no font could be found for family "Arial"
    Warning in doTryCatch(return(expr), name, parentenv, handler) :
     no font could be found for family "Arial"
    Warning in doTryCatch(return(expr), name, parentenv, handler) :
     no font could be found for family "Arial"
    Warning in doTryCatch(return(expr), name, parentenv, handler) :
     no font could be found for family "Arial"
    Warning in doTryCatch(return(expr), name, parentenv, handler) :
     no font could be found for family "Arial"
    Warning in doTryCatch(return(expr), name, parentenv, handler) :
     no font could be found for family "Arial"
    Warning in doTryCatch(return(expr), name, parentenv, handler) :
     no font could be found for family "Arial"
    Warning in doTryCatch(return(expr), name, parentenv, handler) :
     no font could be found for family "Arial"
    Warning in doTryCatch(return(expr), name, parentenv, handler) :
     no font could be found for family "Arial"
    Warning in doTryCatch(return(expr), name, parentenv, handler) :
     no font could be found for family "Arial"
    Warning in doTryCatch(return(expr), name, parentenv, handler) :
     no font could be found for family "Arial"
    Warning in doTryCatch(return(expr), name, parentenv, handler) :
     no font could be found for family "Arial"
    Warning in doTryCatch(return(expr), name, parentenv, handler) :
     no font could be found for family "Arial"
    Warning in doTryCatch(return(expr), name, parentenv, handler) :
     no font could be found for family "Arial"
    Warning in doTryCatch(return(expr), name, parentenv, handler) :
     no font could be found for family "Arial"
    Warning in doTryCatch(return(expr), name, parentenv, handler) :
     no font could be found for family "Arial"
    Warning in doTryCatch(return(expr), name, parentenv, handler) :
     no font could be found for family "Arial"
    Warning in doTryCatch(return(expr), name, parentenv, handler) :
     no font could be found for family "Arial"
    Warning in doTryCatch(return(expr), name, parentenv, handler) :
     no font could be found for family "Arial"
    Warning in doTryCatch(return(expr), name, parentenv, handler) :
     no font could be found for family "Arial"
    Warning in doTryCatch(return(expr), name, parentenv, handler) :
     no font could be found for family "Arial"
    Warning in doTryCatch(return(expr), name, parentenv, handler) :
     no font could be found for family "Arial"
    Warning in doTryCatch(return(expr), name, parentenv, handler) :
     no font could be found for family "Arial"
    Warning in doTryCatch(return(expr), name, parentenv, handler) :
     no font could be found for family "Arial"
    Warning in doTryCatch(return(expr), name, parentenv, handler) :
     no font could be found for family "Arial"
    Warning in doTryCatch(return(expr), name, parentenv, handler) :
     no font could be found for family "Arial"
    Warning in doTryCatch(return(expr), name, parentenv, handler) :
     no font could be found for family "Arial"
    Warning in doTryCatch(return(expr), name, parentenv, handler) :
     no font could be found for family "Arial"
    Warning in doTryCatch(return(expr), name, parentenv, handler) :
     no font could be found for family "Arial"
    Warning in doTryCatch(return(expr), name, parentenv, handler) :
     no font could be found for family "Arial"
    Warning in doTryCatch(return(expr), name, parentenv, handler) :
     no font could be found for family "Arial"
    Warning in doTryCatch(return(expr), name, parentenv, handler) :
     no font could be found for family "Arial"
    Warning in doTryCatch(return(expr), name, parentenv, handler) :
     no font could be found for family "Arial"
    Warning in doTryCatch(return(expr), name, parentenv, handler) :
     no font could be found for family "Arial"
    Warning in doTryCatch(return(expr), name, parentenv, handler) :
     no font could be found for family "Arial"
    Warning in doTryCatch(return(expr), name, parentenv, handler) :
     no font could be found for family "Arial"
    Warning in doTryCatch(return(expr), name, parentenv, handler) :
     no font could be found for family "Arial"
    Warning in doTryCatch(return(expr), name, parentenv, handler) :
     no font could be found for family "Arial"
    Warning in doTryCatch(return(expr), name, parentenv, handler) :
     no font could be found for family "Arial"
    Warning in doTryCatch(return(expr), name, parentenv, handler) :
     no font could be found for family "Arial"
    Warning in doTryCatch(return(expr), name, parentenv, handler) :
     no font could be found for family "Arial"
    Warning in doTryCatch(return(expr), name, parentenv, handler) :
     no font could be found for family "Arial"
    Warning in doTryCatch(return(expr), name, parentenv, handler) :
     no font could be found for family "Arial"
    Warning in doTryCatch(return(expr), name, parentenv, handler) :
     no font could be found for family "Arial"
    Warning in doTryCatch(return(expr), name, parentenv, handler) :
     no font could be found for family "Arial"
    Warning in doTryCatch(return(expr), name, parentenv, handler) :
     no font could be found for family "Arial"
    Warning in doTryCatch(return(expr), name, parentenv, handler) :
     no font could be found for family "Arial"
    Warning in doTryCatch(return(expr), name, parentenv, handler) :
     no font could be found for family "Arial"
    Warning in doTryCatch(return(expr), name, parentenv, handler) :
     no font could be found for family "Arial"
    Warning in doTryCatch(return(expr), name, parentenv, handler) :
     no font could be found for family "Arial"
    Warning in doTryCatch(return(expr), name, parentenv, handler) :
     no font could be found for family "Arial"
    Warning in doTryCatch(return(expr), name, parentenv, handler) :
     no font could be found for family "Arial"
    Warning in doTryCatch(return(expr), name, parentenv, handler) :
     no font could be found for family "Arial"
    Warning in doTryCatch(return(expr), name, parentenv, handler) :
     no font could be found for family "Arial"
    Warning in doTryCatch(return(expr), name, parentenv, handler) :
     no font could be found for family "Arial"
    Warning in doTryCatch(return(expr), name, parentenv, handler) :
     no font could be found for family "Arial"
    Warning in doTryCatch(return(expr), name, parentenv, handler) :
     no font could be found for family "Arial"
    Warning in doTryCatch(return(expr), name, parentenv, handler) :
     no font could be found for family "Arial"
    Warning in doTryCatch(return(expr), name, parentenv, handler) :
     no font could be found for family "Arial"
    Warning in doTryCatch(return(expr), name, parentenv, handler) :
     no font could be found for family "Arial"
    Warning in doTryCatch(return(expr), name, parentenv, handler) :
     no font could be found for family "Arial"
    Warning in doTryCatch(return(expr), name, parentenv, handler) :
     no font could be found for family "Arial"
    Warning in doTryCatch(return(expr), name, parentenv, handler) :
     no font could be found for family "Arial"
    Warning in doTryCatch(return(expr), name, parentenv, handler) :
     no font could be found for family "Arial"
    Warning in doTryCatch(return(expr), name, parentenv, handler) :
     no font could be found for family "Arial"
    Warning in doTryCatch(return(expr), name, parentenv, handler) :
     no font could be found for family "Arial"
    Warning in doTryCatch(return(expr), name, parentenv, handler) :
     no font could be found for family "Arial"
    Warning in doTryCatch(return(expr), name, parentenv, handler) :
     no font could be found for family "Arial"
    Warning in doTryCatch(return(expr), name, parentenv, handler) :
     no font could be found for family "Arial"
    Warning in doTryCatch(return(expr), name, parentenv, handler) :
     no font could be found for family "Arial"
    Warning in doTryCatch(return(expr), name, parentenv, handler) :
     no font could be found for family "Arial"
    Warning in doTryCatch(return(expr), name, parentenv, handler) :
     no font could be found for family "Arial"
    Warning in doTryCatch(return(expr), name, parentenv, handler) :
     no font could be found for family "Arial"
    Warning in doTryCatch(return(expr), name, parentenv, handler) :
     no font could be found for family "Arial"
    Warning in doTryCatch(return(expr), name, parentenv, handler) :
     no font could be found for family "Arial"
    Warning in doTryCatch(return(expr), name, parentenv, handler) :
     no font could be found for family "Arial"
    Warning in doTryCatch(return(expr), name, parentenv, handler) :
     no font could be found for family "Arial"
    Warning in doTryCatch(return(expr), name, parentenv, handler) :
     no font could be found for family "Arial"
    Warning in doTryCatch(return(expr), name, parentenv, handler) :
     no font could be found for family "Arial"
    Warning in doTryCatch(return(expr), name, parentenv, handler) :
     no font could be found for family "Arial"
    Warning in doTryCatch(return(expr), name, parentenv, handler) :
     no font could be found for family "Arial"
    Warning in doTryCatch(return(expr), name, parentenv, handler) :
     no font could be found for family "Arial"
    Warning in doTryCatch(return(expr), name, parentenv, handler) :
     no font could be found for family "Arial"
    Warning in doTryCatch(return(expr), name, parentenv, handler) :
     no font could be found for family "Arial"
    Warning in doTryCatch(return(expr), name, parentenv, handler) :
     no font could be found for family "Arial"
    Warning in doTryCatch(return(expr), name, parentenv, handler) :
     no font could be found for family "Arial"
    Warning in doTryCatch(return(expr), name, parentenv, handler) :
     no font could be found for family "Arial"
    Warning in doTryCatch(return(expr), name, parentenv, handler) :
     no font could be found for family "Arial"
    Warning in doTryCatch(return(expr), name, parentenv, handler) :
     no font could be found for family "Arial"
    Warning in doTryCatch(return(expr), name, parentenv, handler) :
     no font could be found for family "Arial"
    Warning in doTryCatch(return(expr), name, parentenv, handler) :
     no font could be found for family "Arial"
    Warning in doTryCatch(return(expr), name, parentenv, handler) :
     no font could be found for family "Arial"
    Warning in doTryCatch(return(expr), name, parentenv, handler) :
     no font could be found for family "Arial"
    Warning in doTryCatch(return(expr), name, parentenv, handler) :
     no font could be found for family "Arial"
    Warning in doTryCatch(return(expr), name, parentenv, handler) :
     no font could be found for family "Arial"
    Warning in doTryCatch(return(expr), name, parentenv, handler) :
     no font could be found for family "Arial"
    Warning in doTryCatch(return(expr), name, parentenv, handler) :
     no font could be found for family "Arial"
    Warning in doTryCatch(return(expr), name, parentenv, handler) :
     no font could be found for family "Arial"
    Warning in doTryCatch(return(expr), name, parentenv, handler) :
     no font could be found for family "Arial"
    Warning in doTryCatch(return(expr), name, parentenv, handler) :
     no font could be found for family "Arial"
    Warning in doTryCatch(return(expr), name, parentenv, handler) :
     no font could be found for family "Arial"
    Warning in doTryCatch(return(expr), name, parentenv, handler) :
     no font could be found for family "Arial"
    Warning in doTryCatch(return(expr), name, parentenv, handler) :
     no font could be found for family "Arial"
    Warning in doTryCatch(return(expr), name, parentenv, handler) :
     no font could be found for family "Arial"
    Warning in doTryCatch(return(expr), name, parentenv, handler) :
     no font could be found for family "Arial"
    Warning in doTryCatch(return(expr), name, parentenv, handler) :
     no font could be found for family "Arial"
    Warning in doTryCatch(return(expr), name, parentenv, handler) :
     no font could be found for family "Arial"
    Warning in doTryCatch(return(expr), name, parentenv, handler) :
     no font could be found for family "Arial"
    Warning in doTryCatch(return(expr), name, parentenv, handler) :
     no font could be found for family "Arial"
    Warning in doTryCatch(return(expr), name, parentenv, handler) :
     no font could be found for family "Arial"
    Warning in doTryCatch(return(expr), name, parentenv, handler) :
     no font could be found for family "Arial"
    Warning in doTryCatch(return(expr), name, parentenv, handler) :
     no font could be found for family "Arial"
    Warning in doTryCatch(return(expr), name, parentenv, handler) :
     no font could be found for family "Arial"
    Warning in doTryCatch(return(expr), name, parentenv, handler) :
     no font could be found for family "Arial"
    Warning in doTryCatch(return(expr), name, parentenv, handler) :
     no font could be found for family "Arial"
    Warning in doTryCatch(return(expr), name, parentenv, handler) :
     no font could be found for family "Arial"
    Warning in doTryCatch(return(expr), name, parentenv, handler) :
     no font could be found for family "Arial"
    Warning in doTryCatch(return(expr), name, parentenv, handler) :
     no font could be found for family "Arial"
    Warning in doTryCatch(return(expr), name, parentenv, handler) :
     no font could be found for family "Arial"
    Warning in doTryCatch(return(expr), name, parentenv, handler) :
     no font could be found for family "Arial"
    Warning in doTryCatch(return(expr), name, parentenv, handler) :
     no font could be found for family "Arial"
    Warning in doTryCatch(return(expr), name, parentenv, handler) :
     no font could be found for family "Arial"
    Warning in doTryCatch(return(expr), name, parentenv, handler) :
     no font could be found for family "Arial"
    Warning in doTryCatch(return(expr), name, parentenv, handler) :
     no font could be found for family "Arial"
    Warning in doTryCatch(return(expr), name, parentenv, handler) :
     no font could be found for family "Arial"
    Warning in doTryCatch(return(expr), name, parentenv, handler) :
     no font could be found for family "Arial"
    Warning in doTryCatch(return(expr), name, parentenv, handler) :
     no font could be found for family "Arial"
    Warning in doTryCatch(return(expr), name, parentenv, handler) :
     no font could be found for family "Arial"
    Warning in doTryCatch(return(expr), name, parentenv, handler) :
     no font could be found for family "Arial"
    Warning in doTryCatch(return(expr), name, parentenv, handler) :
     no font could be found for family "Arial"
    Warning in doTryCatch(return(expr), name, parentenv, handler) :
     no font could be found for family "Arial"
    Warning in doTryCatch(return(expr), name, parentenv, handler) :
     no font could be found for family "Arial"
    Warning in doTryCatch(return(expr), name, parentenv, handler) :
     no font could be found for family "Arial"
    Warning in doTryCatch(return(expr), name, parentenv, handler) :
     no font could be found for family "Arial"
    Warning in doTryCatch(return(expr), name, parentenv, handler) :
     no font could be found for family "Arial"
    Warning in doTryCatch(return(expr), name, parentenv, handler) :
     no font could be found for family "Arial"
    Warning in doTryCatch(return(expr), name, parentenv, handler) :
     no font could be found for family "Arial"
    Warning in doTryCatch(return(expr), name, parentenv, handler) :
     no font could be found for family "Arial"
    Warning in doTryCatch(return(expr), name, parentenv, handler) :
     no font could be found for family "Arial"
    Warning in doTryCatch(return(expr), name, parentenv, handler) :
     no font could be found for family "Arial"
    Warning in doTryCatch(return(expr), name, parentenv, handler) :
     no font could be found for family "Arial"
    Warning in doTryCatch(return(expr), name, parentenv, handler) :
     no font could be found for family "Arial"
    Warning in doTryCatch(return(expr), name, parentenv, handler) :
     no font could be found for family "Arial"
    Warning in doTryCatch(return(expr), name, parentenv, handler) :
     no font could be found for family "Arial"
    Warning in doTryCatch(return(expr), name, parentenv, handler) :
     no font could be found for family "Arial"
    Warning in doTryCatch(return(expr), name, parentenv, handler) :
     no font could be found for family "Arial"
    Warning in doTryCatch(return(expr), name, parentenv, handler) :
     no font could be found for family "Arial"
    Warning in doTryCatch(return(expr), name, parentenv, handler) :
     no font could be found for family "Arial"
    Warning in doTryCatch(return(expr), name, parentenv, handler) :
     no font could be found for family "Arial"
    Warning in doTryCatch(return(expr), name, parentenv, handler) :
     no font could be found for family "Arial"
    Warning in doTryCatch(return(expr), name, parentenv, handler) :
     no font could be found for family "Arial"
    Warning in doTryCatch(return(expr), name, parentenv, handler) :
     no font could be found for family "Arial"
    Warning in doTryCatch(return(expr), name, parentenv, handler) :
     no font could be found for family "Arial"
    Warning in doTryCatch(return(expr), name, parentenv, handler) :
     no font could be found for family "Arial"
    Warning in doTryCatch(return(expr), name, parentenv, handler) :
     no font could be found for family "Arial"
    Warning in doTryCatch(return(expr), name, parentenv, handler) :
     no font could be found for family "Arial"
    Warning in doTryCatch(return(expr), name, parentenv, handler) :
     no font could be found for family "Arial"
    Warning in doTryCatch(return(expr), name, parentenv, handler) :
     no font could be found for family "Arial"
    Warning in doTryCatch(return(expr), name, parentenv, handler) :
     no font could be found for family "Arial"
    Warning in doTryCatch(return(expr), name, parentenv, handler) :
     no font could be found for family "Arial"
    Warning in doTryCatch(return(expr), name, parentenv, handler) :
     no font could be found for family "Arial"
    Warning in doTryCatch(return(expr), name, parentenv, handler) :
     no font could be found for family "Arial"
    Warning in doTryCatch(return(expr), name, parentenv, handler) :
     no font could be found for family "Arial"
    Warning in doTryCatch(return(expr), name, parentenv, handler) :
     no font could be found for family "Arial"
    Warning in doTryCatch(return(expr), name, parentenv, handler) :
     no font could be found for family "Arial"
    Warning in doTryCatch(return(expr), name, parentenv, handler) :
     no font could be found for family "Arial"
    Warning in doTryCatch(return(expr), name, parentenv, handler) :
     no font could be found for family "Arial"
    Warning in doTryCatch(return(expr), name, parentenv, handler) :
     no font could be found for family "Arial"
    Warning in doTryCatch(return(expr), name, parentenv, handler) :
     no font could be found for family "Arial"
    Warning in doTryCatch(return(expr), name, parentenv, handler) :
     no font could be found for family "Arial"
    Warning in doTryCatch(return(expr), name, parentenv, handler) :
     no font could be found for family "Arial"
    Warning in doTryCatch(return(expr), name, parentenv, handler) :
     no font could be found for family "Arial"
    Warning in doTryCatch(return(expr), name, parentenv, handler) :
     no font could be found for family "Arial"
    Warning in doTryCatch(return(expr), name, parentenv, handler) :
     no font could be found for family "Arial"
    Warning in doTryCatch(return(expr), name, parentenv, handler) :
     no font could be found for family "Arial"
    Warning in doTryCatch(return(expr), name, parentenv, handler) :
     no font could be found for family "Arial"
    Warning in doTryCatch(return(expr), name, parentenv, handler) :
     no font could be found for family "Arial"
    Warning in doTryCatch(return(expr), name, parentenv, handler) :
     no font could be found for family "Arial"
    Warning in doTryCatch(return(expr), name, parentenv, handler) :
     no font could be found for family "Arial"
    Warning in doTryCatch(return(expr), name, parentenv, handler) :
     no font could be found for family "Arial"
    Warning in doTryCatch(return(expr), name, parentenv, handler) :
     no font could be found for family "Arial"
    Warning in doTryCatch(return(expr), name, parentenv, handler) :
     no font could be found for family "Arial"
    Warning in doTryCatch(return(expr), name, parentenv, handler) :
     no font could be found for family "Arial"
    Warning in doTryCatch(return(expr), name, parentenv, handler) :
     no font could be found for family "Arial"
    Warning in doTryCatch(return(expr), name, parentenv, handler) :
     no font could be found for family "Arial"
    Warning in doTryCatch(return(expr), name, parentenv, handler) :
     no font could be found for family "Arial"
    Warning in doTryCatch(return(expr), name, parentenv, handler) :
     no font could be found for family "Arial"
    Warning in doTryCatch(return(expr), name, parentenv, handler) :
     no font could be found for family "Arial"
    Warning in doTryCatch(return(expr), name, parentenv, handler) :
     no font could be found for family "Arial"
    Warning in doTryCatch(return(expr), name, parentenv, handler) :
     no font could be found for family "Arial"
    Warning in doTryCatch(return(expr), name, parentenv, handler) :
     no font could be found for family "Arial"
    Warning in doTryCatch(return(expr), name, parentenv, handler) :
     no font could be found for family "Arial"
    Warning in doTryCatch(return(expr), name, parentenv, handler) :
     no font could be found for family "Arial"
    Warning in doTryCatch(return(expr), name, parentenv, handler) :
     no font could be found for family "Arial"
    Warning in doTryCatch(return(expr), name, parentenv, handler) :
     no font could be found for family "Arial"
    Warning in doTryCatch(return(expr), name, parentenv, handler) :
     no font could be found for family "Arial"
    Warning in doTryCatch(return(expr), name, parentenv, handler) :
     no font could be found for family "Arial"
    Warning in doTryCatch(return(expr), name, parentenv, handler) :
     no font could be found for family "Arial"
    Warning in doTryCatch(return(expr), name, parentenv, handler) :
     no font could be found for family "Arial"
    Warning in doTryCatch(return(expr), name, parentenv, handler) :
     no font could be found for family "Arial"
    Warning in doTryCatch(return(expr), name, parentenv, handler) :
     no font could be found for family "Arial"
    Warning in doTryCatch(return(expr), name, parentenv, handler) :
     no font could be found for family "Arial"
    Warning in doTryCatch(return(expr), name, parentenv, handler) :
     no font could be found for family "Arial"
    Warning in doTryCatch(return(expr), name, parentenv, handler) :
     no font could be found for family "Arial"
    Warning in doTryCatch(return(expr), name, parentenv, handler) :
     no font could be found for family "Arial"
    Warning in doTryCatch(return(expr), name, parentenv, handler) :
     no font could be found for family "Arial"
    Warning in doTryCatch(return(expr), name, parentenv, handler) :
     no font could be found for family "Arial"
    Warning in doTryCatch(return(expr), name, parentenv, handler) :
     no font could be found for family "Arial"
    Warning in doTryCatch(return(expr), name, parentenv, handler) :
     no font could be found for family "Arial"
    Warning in doTryCatch(return(expr), name, parentenv, handler) :
     no font could be found for family "Arial"
    Warning in doTryCatch(return(expr), name, parentenv, handler) :
     no font could be found for family "Arial"
    Warning in doTryCatch(return(expr), name, parentenv, handler) :
     no font could be found for family "Arial"
    Warning in doTryCatch(return(expr), name, parentenv, handler) :
     no font could be found for family "Arial"
    Warning in doTryCatch(return(expr), name, parentenv, handler) :
     no font could be found for family "Arial"
    Warning in doTryCatch(return(expr), name, parentenv, handler) :
     no font could be found for family "Arial"
    Warning in grid.Call(C_stringMetric, as.graphicsAnnot(x$label)) :
     no font could be found for family "Arial"
    Warning in grid.Call(C_stringMetric, as.graphicsAnnot(x$label)) :
     no font could be found for family "Arial"
    Warning in grid.Call(C_stringMetric, as.graphicsAnnot(x$label)) :
     no font could be found for family "Arial"
    Warning in grid.Call(C_stringMetric, as.graphicsAnnot(x$label)) :
     no font could be found for family "Arial"
    Warning in grid.Call(C_stringMetric, as.graphicsAnnot(x$label)) :
     no font could be found for family "Arial"
    Warning in grid.Call(C_stringMetric, as.graphicsAnnot(x$label)) :
     no font could be found for family "Arial"
    Warning in grid.Call(C_stringMetric, as.graphicsAnnot(x$label)) :
     no font could be found for family "Arial"
    Warning in grid.Call(C_stringMetric, as.graphicsAnnot(x$label)) :
     no font could be found for family "Arial"
    Warning in grid.Call(C_stringMetric, as.graphicsAnnot(x$label)) :
     no font could be found for family "Arial"
    Warning in grid.Call(C_stringMetric, as.graphicsAnnot(x$label)) :
     no font could be found for family "Arial"
    Warning in grid.Call(C_stringMetric, as.graphicsAnnot(x$label)) :
     no font could be found for family "Arial"
    Warning in grid.Call(C_stringMetric, as.graphicsAnnot(x$label)) :
     no font could be found for family "Arial"
    Warning in grid.Call(C_stringMetric, as.graphicsAnnot(x$label)) :
     no font could be found for family "Arial"
    Warning in grid.Call(C_stringMetric, as.graphicsAnnot(x$label)) :
     no font could be found for family "Arial"
    Warning in grid.Call(C_stringMetric, as.graphicsAnnot(x$label)) :
     no font could be found for family "Arial"
    Warning in grid.Call(C_stringMetric, as.graphicsAnnot(x$label)) :
     no font could be found for family "Arial"
    Warning in grid.Call(C_stringMetric, as.graphicsAnnot(x$label)) :
     no font could be found for family "Arial"
    Warning in grid.Call(C_stringMetric, as.graphicsAnnot(x$label)) :
     no font could be found for family "Arial"
    Warning in grid.Call(C_stringMetric, as.graphicsAnnot(x$label)) :
     no font could be found for family "Arial"
    Warning in grid.Call(C_stringMetric, as.graphicsAnnot(x$label)) :
     no font could be found for family "Arial"
    Warning in grid.Call(C_stringMetric, as.graphicsAnnot(x$label)) :
     no font could be found for family "Arial"
    Warning in grid.Call(C_stringMetric, as.graphicsAnnot(x$label)) :
     no font could be found for family "Arial"
    Warning in grid.Call(C_stringMetric, as.graphicsAnnot(x$label)) :
     no font could be found for family "Arial"
    Warning in grid.Call(C_stringMetric, as.graphicsAnnot(x$label)) :
     no font could be found for family "Arial"
    Warning in grid.Call(C_stringMetric, as.graphicsAnnot(x$label)) :
     no font could be found for family "Arial"
    Warning in grid.Call(C_stringMetric, as.graphicsAnnot(x$label)) :
     no font could be found for family "Arial"
    Warning in grid.Call(C_stringMetric, as.graphicsAnnot(x$label)) :
     no font could be found for family "Arial"
    Warning in grid.Call(C_stringMetric, as.graphicsAnnot(x$label)) :
     no font could be found for family "Arial"
    Warning in grid.Call(C_stringMetric, as.graphicsAnnot(x$label)) :
     no font could be found for family "Arial"
    Warning in grid.Call(C_stringMetric, as.graphicsAnnot(x$label)) :
     no font could be found for family "Arial"
    Warning in grid.Call(C_stringMetric, as.graphicsAnnot(x$label)) :
     no font could be found for family "Arial"
    Warning in grid.Call(C_stringMetric, as.graphicsAnnot(x$label)) :
     no font could be found for family "Arial"
    Warning in grid.Call(C_stringMetric, as.graphicsAnnot(x$label)) :
     no font could be found for family "Arial"
    Warning in grid.Call(C_stringMetric, as.graphicsAnnot(x$label)) :
     no font could be found for family "Arial"
    Warning in grid.Call(C_stringMetric, as.graphicsAnnot(x$label)) :
     no font could be found for family "Arial"
    Warning in grid.Call(C_stringMetric, as.graphicsAnnot(x$label)) :
     no font could be found for family "Arial"
    Warning in grid.Call(C_stringMetric, as.graphicsAnnot(x$label)) :
     no font could be found for family "Arial"
    Warning in grid.Call(C_stringMetric, as.graphicsAnnot(x$label)) :
     no font could be found for family "Arial"
    Warning in grid.Call(C_stringMetric, as.graphicsAnnot(x$label)) :
     no font could be found for family "Arial"
    Warning in grid.Call(C_stringMetric, as.graphicsAnnot(x$label)) :
     no font could be found for family "Arial"
    Warning in grid.Call(C_stringMetric, as.graphicsAnnot(x$label)) :
     no font could be found for family "Arial"
    Warning in grid.Call(C_stringMetric, as.graphicsAnnot(x$label)) :
     no font could be found for family "Arial"
    Warning in grid.Call(C_textBounds, as.graphicsAnnot(x$label), x$x, x$y, :
     no font could be found for family "Arial"
    Warning in grid.Call(C_textBounds, as.graphicsAnnot(x$label), x$x, x$y, :
     no font could be found for family "Arial"
    Quitting from lines 174-175 (PLNLDA.Rmd)
    Error: processing vignette 'PLNLDA.Rmd' failed with diagnostics:
    polygon edge not found
    --- failed re-building ‘PLNLDA.Rmd’
    
    --- re-building ‘PLNPCA.Rmd’ using rmarkdown
    Warning in engine$weave(file, quiet = quiet, encoding = enc) :
     Pandoc (>= 1.12.3) not available. Falling back to R Markdown v1.
    This is packages 'PLNmodels' version 0.11.4
    Use future::plan(multicore/multisession) to speed up PLNPCA/PLNmixture/stability_selection.
    corrplot 0.90 loaded
    Welcome! Want to learn more? See two factoextra-related books at https://goo.gl/ve3WBa
    Warning in grid.Call(C_stringMetric, as.graphicsAnnot(x$label)) :
     no font could be found for family "Arial"
    Warning in grid.Call(C_stringMetric, as.graphicsAnnot(x$label)) :
     no font could be found for family "Arial"
    Warning in grid.Call(C_stringMetric, as.graphicsAnnot(x$label)) :
     no font could be found for family "Arial"
    Warning in grid.Call(C_stringMetric, as.graphicsAnnot(x$label)) :
     no font could be found for family "Arial"
    Warning in grid.Call(C_stringMetric, as.graphicsAnnot(x$label)) :
     no font could be found for family "Arial"
    Warning in grid.Call(C_stringMetric, as.graphicsAnnot(x$label)) :
     no font could be found for family "Arial"
    Warning in grid.Call(C_stringMetric, as.graphicsAnnot(x$label)) :
     no font could be found for family "Arial"
    Warning in grid.Call(C_stringMetric, as.graphicsAnnot(x$label)) :
     no font could be found for family "Arial"
    Warning in grid.Call(C_stringMetric, as.graphicsAnnot(x$label)) :
     no font could be found for family "Arial"
    Warning in grid.Call(C_stringMetric, as.graphicsAnnot(x$label)) :
     no font could be found for family "Arial"
    Warning in grid.Call(C_stringMetric, as.graphicsAnnot(x$label)) :
     no font could be found for family "Arial"
    Warning in grid.Call(C_stringMetric, as.graphicsAnnot(x$label)) :
     no font could be found for family "Arial"
    Warning in grid.Call(C_stringMetric, as.graphicsAnnot(x$label)) :
     no font could be found for family "Arial"
    Warning in grid.Call(C_stringMetric, as.graphicsAnnot(x$label)) :
     no font could be found for family "Arial"
    Warning in grid.Call(C_stringMetric, as.graphicsAnnot(x$label)) :
     no font could be found for family "Arial"
    Warning in grid.Call(C_stringMetric, as.graphicsAnnot(x$label)) :
     no font could be found for family "Arial"
    Warning in grid.Call(C_stringMetric, as.graphicsAnnot(x$label)) :
     no font could be found for family "Arial"
    Warning in grid.Call(C_stringMetric, as.graphicsAnnot(x$label)) :
     no font could be found for family "Arial"
    Warning in grid.Call(C_stringMetric, as.graphicsAnnot(x$label)) :
     no font could be found for family "Arial"
    Warning in grid.Call(C_stringMetric, as.graphicsAnnot(x$label)) :
     no font could be found for family "Arial"
    Warning in grid.Call(C_stringMetric, as.graphicsAnnot(x$label)) :
     no font could be found for family "Arial"
    Warning in grid.Call(C_stringMetric, as.graphicsAnnot(x$label)) :
     no font could be found for family "Arial"
    Warning in grid.Call(C_stringMetric, as.graphicsAnnot(x$label)) :
     no font could be found for family "Arial"
    Warning in grid.Call(C_stringMetric, as.graphicsAnnot(x$label)) :
     no font could be found for family "Arial"
    Warning in grid.Call(C_stringMetric, as.graphicsAnnot(x$label)) :
     no font could be found for family "Arial"
    Warning in grid.Call(C_stringMetric, as.graphicsAnnot(x$label)) :
     no font could be found for family "Arial"
    Warning in grid.Call(C_stringMetric, as.graphicsAnnot(x$label)) :
     no font could be found for family "Arial"
    Warning in grid.Call(C_stringMetric, as.graphicsAnnot(x$label)) :
     no font could be found for family "Arial"
    Warning in grid.Call(C_textBounds, as.graphicsAnnot(x$label), x$x, x$y, :
     no font could be found for family "Arial"
    Quitting from lines 142-143 (PLNPCA.Rmd)
    Error: processing vignette 'PLNPCA.Rmd' failed with diagnostics:
    polygon edge not found
    --- failed re-building ‘PLNPCA.Rmd’
    
    --- re-building ‘PLNmixture.Rmd’ using rmarkdown
    Warning in engine$weave(file, quiet = quiet, encoding = enc) :
     Pandoc (>= 1.12.3) not available. Falling back to R Markdown v1.
    This is packages 'PLNmodels' version 0.11.4
    Use future::plan(multicore/multisession) to speed up PLNPCA/PLNmixture/stability_selection.
    Loading required package: ggplot2
    Welcome! Want to learn more? See two factoextra-related books at https://goo.gl/ve3WBa
    Warning in grid.Call(C_stringMetric, as.graphicsAnnot(x$label)) :
     no font could be found for family "Arial"
    Warning in grid.Call(C_stringMetric, as.graphicsAnnot(x$label)) :
     no font could be found for family "Arial"
    Warning in grid.Call(C_stringMetric, as.graphicsAnnot(x$label)) :
     no font could be found for family "Arial"
    Warning in grid.Call(C_stringMetric, as.graphicsAnnot(x$label)) :
     no font could be found for family "Arial"
    Warning in grid.Call(C_stringMetric, as.graphicsAnnot(x$label)) :
     no font could be found for family "Arial"
    Warning in grid.Call(C_stringMetric, as.graphicsAnnot(x$label)) :
     no font could be found for family "Arial"
    Warning in grid.Call(C_stringMetric, as.graphicsAnnot(x$label)) :
     no font could be found for family "Arial"
    Warning in grid.Call(C_stringMetric, as.graphicsAnnot(x$label)) :
     no font could be found for family "Arial"
    Warning in grid.Call(C_stringMetric, as.graphicsAnnot(x$label)) :
     no font could be found for family "Arial"
    Warning in grid.Call(C_stringMetric, as.graphicsAnnot(x$label)) :
     no font could be found for family "Arial"
    Warning in grid.Call(C_stringMetric, as.graphicsAnnot(x$label)) :
     no font could be found for family "Arial"
    Warning in grid.Call(C_stringMetric, as.graphicsAnnot(x$label)) :
     no font could be found for family "Arial"
    Warning in grid.Call(C_stringMetric, as.graphicsAnnot(x$label)) :
     no font could be found for family "Arial"
    Warning in grid.Call(C_stringMetric, as.graphicsAnnot(x$label)) :
     no font could be found for family "Arial"
    Warning in grid.Call(C_stringMetric, as.graphicsAnnot(x$label)) :
     no font could be found for family "Arial"
    Warning in grid.Call(C_stringMetric, as.graphicsAnnot(x$label)) :
     no font could be found for family "Arial"
    Warning in grid.Call(C_stringMetric, as.graphicsAnnot(x$label)) :
     no font could be found for family "Arial"
    Warning in grid.Call(C_stringMetric, as.graphicsAnnot(x$label)) :
     no font could be found for family "Arial"
    Warning in grid.Call(C_stringMetric, as.graphicsAnnot(x$label)) :
     no font could be found for family "Arial"
    Warning in grid.Call(C_stringMetric, as.graphicsAnnot(x$label)) :
     no font could be found for family "Arial"
    Warning in grid.Call(C_stringMetric, as.graphicsAnnot(x$label)) :
     no font could be found for family "Arial"
    Warning in grid.Call(C_stringMetric, as.graphicsAnnot(x$label)) :
     no font could be found for family "Arial"
    Warning in grid.Call(C_stringMetric, as.graphicsAnnot(x$label)) :
     no font could be found for family "Arial"
    Warning in grid.Call(C_stringMetric, as.graphicsAnnot(x$label)) :
     no font could be found for family "Arial"
    Warning in grid.Call(C_stringMetric, as.graphicsAnnot(x$label)) :
     no font could be found for family "Arial"
    Warning in grid.Call(C_stringMetric, as.graphicsAnnot(x$label)) :
     no font could be found for family "Arial"
    Warning in grid.Call(C_stringMetric, as.graphicsAnnot(x$label)) :
     no font could be found for family "Arial"
    Warning in grid.Call(C_stringMetric, as.graphicsAnnot(x$label)) :
     no font could be found for family "Arial"
    Warning in grid.Call(C_stringMetric, as.graphicsAnnot(x$label)) :
     no font could be found for family "Arial"
    Warning in grid.Call(C_stringMetric, as.graphicsAnnot(x$label)) :
     no font could be found for family "Arial"
    Warning in grid.Call(C_stringMetric, as.graphicsAnnot(x$label)) :
     no font could be found for family "Arial"
    Warning in grid.Call(C_stringMetric, as.graphicsAnnot(x$label)) :
     no font could be found for family "Arial"
    Warning in grid.Call(C_stringMetric, as.graphicsAnnot(x$label)) :
     no font could be found for family "Arial"
    Warning in grid.Call(C_stringMetric, as.graphicsAnnot(x$label)) :
     no font could be found for family "Arial"
    Warning in grid.Call(C_stringMetric, as.graphicsAnnot(x$label)) :
     no font could be found for family "Arial"
    Warning in grid.Call(C_stringMetric, as.graphicsAnnot(x$label)) :
     no font could be found for family "Arial"
    Warning in grid.Call(C_stringMetric, as.graphicsAnnot(x$label)) :
     no font could be found for family "Arial"
    Warning in grid.Call(C_stringMetric, as.graphicsAnnot(x$label)) :
     no font could be found for family "Arial"
    Warning in grid.Call(C_stringMetric, as.graphicsAnnot(x$label)) :
     no font could be found for family "Arial"
    Warning in grid.Call(C_stringMetric, as.graphicsAnnot(x$label)) :
     no font could be found for family "Arial"
    Warning in grid.Call(C_stringMetric, as.graphicsAnnot(x$label)) :
     no font could be found for family "Arial"
    Warning in grid.Call(C_stringMetric, as.graphicsAnnot(x$label)) :
     no font could be found for family "Arial"
    Warning in grid.Call(C_textBounds, as.graphicsAnnot(x$label), x$x, x$y, :
     no font could be found for family "Arial"
    Warning in grid.Call(C_textBounds, as.graphicsAnnot(x$label), x$x, x$y, :
     no font could be found for family "Arial"
    Quitting from lines 211-212 (PLNmixture.Rmd)
    Error: processing vignette 'PLNmixture.Rmd' failed with diagnostics:
    polygon edge not found
    --- failed re-building ‘PLNmixture.Rmd’
    
    --- re-building ‘PLNnetwork.Rmd’ using rmarkdown
    Warning in engine$weave(file, quiet = quiet, encoding = enc) :
     Pandoc (>= 1.12.3) not available. Falling back to R Markdown v1.
    This is packages 'PLNmodels' version 0.11.4
    Use future::plan(multicore/multisession) to speed up PLNPCA/PLNmixture/stability_selection.
    Warning in grid.Call(C_stringMetric, as.graphicsAnnot(x$label)) :
     no font could be found for family "Arial"
    Warning in grid.Call(C_stringMetric, as.graphicsAnnot(x$label)) :
     no font could be found for family "Arial"
    Warning in grid.Call(C_stringMetric, as.graphicsAnnot(x$label)) :
     no font could be found for family "Arial"
    Warning in grid.Call(C_stringMetric, as.graphicsAnnot(x$label)) :
     no font could be found for family "Arial"
    Warning in grid.Call(C_stringMetric, as.graphicsAnnot(x$label)) :
     no font could be found for family "Arial"
    Warning in grid.Call(C_stringMetric, as.graphicsAnnot(x$label)) :
     no font could be found for family "Arial"
    Warning in grid.Call(C_stringMetric, as.graphicsAnnot(x$label)) :
     no font could be found for family "Arial"
    Warning in grid.Call(C_stringMetric, as.graphicsAnnot(x$label)) :
     no font could be found for family "Arial"
    Warning in grid.Call(C_stringMetric, as.graphicsAnnot(x$label)) :
     no font could be found for family "Arial"
    Warning in grid.Call(C_stringMetric, as.graphicsAnnot(x$label)) :
     no font could be found for family "Arial"
    Warning in grid.Call(C_stringMetric, as.graphicsAnnot(x$label)) :
     no font could be found for family "Arial"
    Warning in grid.Call(C_stringMetric, as.graphicsAnnot(x$label)) :
     no font could be found for family "Arial"
    Warning in grid.Call(C_stringMetric, as.graphicsAnnot(x$label)) :
     no font could be found for family "Arial"
    Warning in grid.Call(C_stringMetric, as.graphicsAnnot(x$label)) :
     no font could be found for family "Arial"
    Warning in grid.Call(C_stringMetric, as.graphicsAnnot(x$label)) :
     no font could be found for family "Arial"
    Warning in grid.Call(C_stringMetric, as.graphicsAnnot(x$label)) :
     no font could be found for family "Arial"
    Warning in grid.Call(C_stringMetric, as.graphicsAnnot(x$label)) :
     no font could be found for family "Arial"
    Warning in grid.Call(C_stringMetric, as.graphicsAnnot(x$label)) :
     no font could be found for family "Arial"
    Warning in grid.Call(C_stringMetric, as.graphicsAnnot(x$label)) :
     no font could be found for family "Arial"
    Warning in grid.Call(C_stringMetric, as.graphicsAnnot(x$label)) :
     no font could be found for family "Arial"
    Warning in grid.Call(C_stringMetric, as.graphicsAnnot(x$label)) :
     no font could be found for family "Arial"
    Warning in grid.Call(C_stringMetric, as.graphicsAnnot(x$label)) :
     no font could be found for family "Arial"
    Warning in grid.Call(C_stringMetric, as.graphicsAnnot(x$label)) :
     no font could be found for family "Arial"
    Warning in grid.Call(C_stringMetric, as.graphicsAnnot(x$label)) :
     no font could be found for family "Arial"
    Warning in grid.Call(C_stringMetric, as.graphicsAnnot(x$label)) :
     no font could be found for family "Arial"
    Warning in grid.Call(C_stringMetric, as.graphicsAnnot(x$label)) :
     no font could be found for family "Arial"
    Warning in grid.Call(C_stringMetric, as.graphicsAnnot(x$label)) :
     no font could be found for family "Arial"
    Warning in grid.Call(C_stringMetric, as.graphicsAnnot(x$label)) :
     no font could be found for family "Arial"
    Warning in grid.Call(C_stringMetric, as.graphicsAnnot(x$label)) :
     no font could be found for family "Arial"
    Warning in grid.Call(C_stringMetric, as.graphicsAnnot(x$label)) :
     no font could be found for family "Arial"
    Warning in grid.Call(C_stringMetric, as.graphicsAnnot(x$label)) :
     no font could be found for family "Arial"
    Warning in grid.Call(C_stringMetric, as.graphicsAnnot(x$label)) :
     no font could be found for family "Arial"
    Warning in grid.Call(C_stringMetric, as.graphicsAnnot(x$label)) :
     no font could be found for family "Arial"
    Warning in grid.Call(C_stringMetric, as.graphicsAnnot(x$label)) :
     no font could be found for family "Arial"
    Warning in grid.Call(C_stringMetric, as.graphicsAnnot(x$label)) :
     no font could be found for family "Arial"
    Warning in grid.Call(C_stringMetric, as.graphicsAnnot(x$label)) :
     no font could be found for family "Arial"
    Warning in grid.Call(C_stringMetric, as.graphicsAnnot(x$label)) :
     no font could be found for family "Arial"
    Warning in grid.Call(C_stringMetric, as.graphicsAnnot(x$label)) :
     no font could be found for family "Arial"
    Warning in grid.Call(C_stringMetric, as.graphicsAnnot(x$label)) :
     no font could be found for family "Arial"
    Warning in grid.Call(C_stringMetric, as.graphicsAnnot(x$label)) :
     no font could be found for family "Arial"
    Warning in grid.Call(C_stringMetric, as.graphicsAnnot(x$label)) :
     no font could be found for family "Arial"
    Warning in grid.Call(C_stringMetric, as.graphicsAnnot(x$label)) :
     no font could be found for family "Arial"
    Warning in grid.Call(C_textBounds, as.graphicsAnnot(x$label), x$x, x$y, :
     no font could be found for family "Arial"
    Warning in grid.Call(C_textBounds, as.graphicsAnnot(x$label), x$x, x$y, :
     no font could be found for family "Arial"
    Quitting from lines 118-119 (PLNnetwork.Rmd)
    Error: processing vignette 'PLNnetwork.Rmd' failed with diagnostics:
    polygon edge not found
    --- failed re-building ‘PLNnetwork.Rmd’
    
    --- re-building ‘Trichoptera.Rmd’ using rmarkdown
    Warning in engine$weave(file, quiet = quiet, encoding = enc) :
     Pandoc (>= 1.12.3) not available. Falling back to R Markdown v1.
    This is packages 'PLNmodels' version 0.11.4
    Use future::plan(multicore/multisession) to speed up PLNPCA/PLNmixture/stability_selection.
    Warning in strwidth(newrownames, cex = tl.cex) :
     no font could be found for family "Arial"
    Warning in strwidth(newrownames, cex = tl.cex) :
     no font could be found for family "Arial"
    Warning in strwidth(newrownames, cex = tl.cex) :
     no font could be found for family "Arial"
    Warning in strwidth(newrownames, cex = tl.cex) :
     no font could be found for family "Arial"
    Warning in strwidth(newrownames, cex = tl.cex) :
     no font could be found for family "Arial"
    Warning in strwidth(newrownames, cex = tl.cex) :
     no font could be found for family "Arial"
    Warning in strwidth(newrownames, cex = tl.cex) :
     no font could be found for family "Arial"
    Warning in strwidth(newrownames, cex = tl.cex) :
     no font could be found for family "Arial"
    Warning in strwidth(newrownames, cex = tl.cex) :
     no font could be found for family "Arial"
    Warning in strwidth(newrownames, cex = tl.cex) :
     no font could be found for family "Arial"
    Warning in strwidth(newrownames, cex = tl.cex) :
     no font could be found for family "Arial"
    Warning in strwidth(newrownames, cex = tl.cex) :
     no font could be found for family "Arial"
    Warning in strwidth(newrownames, cex = tl.cex) :
     no font could be found for family "Arial"
    Warning in strwidth(newrownames, cex = tl.cex) :
     no font could be found for family "Arial"
    Warning in strwidth(newrownames, cex = tl.cex) :
     no font could be found for family "Arial"
    Warning in strwidth(newrownames, cex = tl.cex) :
     no font could be found for family "Arial"
    Warning in strwidth(newrownames, cex = tl.cex) :
     no font could be found for family "Arial"
    Warning in strwidth(newcolnames, cex = tl.cex) :
     no font could be found for family "Arial"
    Warning in strwidth(newcolnames, cex = tl.cex) :
     no font could be found for family "Arial"
    Warning in strwidth(newcolnames, cex = tl.cex) :
     no font could be found for family "Arial"
    Warning in strwidth(newcolnames, cex = tl.cex) :
     no font could be found for family "Arial"
    Warning in strwidth(newcolnames, cex = tl.cex) :
     no font could be found for family "Arial"
    Warning in strwidth(newcolnames, cex = tl.cex) :
     no font could be found for family "Arial"
    Warning in strwidth(newcolnames, cex = tl.cex) :
     no font could be found for family "Arial"
    Warning in strwidth(newcolnames, cex = tl.cex) :
     no font could be found for family "Arial"
    Warning in strwidth(newcolnames, cex = tl.cex) :
     no font could be found for family "Arial"
    Warning in strwidth(newcolnames, cex = tl.cex) :
     no font could be found for family "Arial"
    Warning in strwidth(newcolnames, cex = tl.cex) :
     no font could be found for family "Arial"
    Warning in strwidth(newcolnames, cex = tl.cex) :
     no font could be found for family "Arial"
    Warning in strwidth(newcolnames, cex = tl.cex) :
     no font could be found for family "Arial"
    Warning in strwidth(newcolnames, cex = tl.cex) :
     no font could be found for family "Arial"
    Warning in strwidth(newcolnames, cex = tl.cex) :
     no font could be found for family "Arial"
    Warning in strwidth(newcolnames, cex = tl.cex) :
     no font could be found for family "Arial"
    Warning in strwidth(newcolnames, cex = tl.cex) :
     no font could be found for family "Arial"
    Warning in strwidth(newcolnames, cex = tl.cex) :
     no font could be found for family "Arial"
    Warning in strwidth(newcolnames, cex = tl.cex) :
     no font could be found for family "Arial"
    Warning in strwidth(newcolnames, cex = tl.cex) :
     no font could be found for family "Arial"
    Warning in strwidth(newcolnames, cex = tl.cex) :
     no font could be found for family "Arial"
    Warning in strwidth(newcolnames, cex = tl.cex) :
     no font could be found for family "Arial"
    Warning in strwidth(newcolnames, cex = tl.cex) :
     no font could be found for family "Arial"
    Warning in strwidth(newcolnames, cex = tl.cex) :
     no font could be found for family "Arial"
    Warning in strwidth(newcolnames, cex = tl.cex) :
     no font could be found for family "Arial"
    Warning in strwidth(newcolnames, cex = tl.cex) :
     no font could be found for family "Arial"
    Warning in strwidth(newcolnames, cex = tl.cex) :
     no font could be found for family "Arial"
    Warning in strwidth(newcolnames, cex = tl.cex) :
     no font could be found for family "Arial"
    Warning in strwidth(newcolnames, cex = tl.cex) :
     no font could be found for family "Arial"
    Warning in strwidth(newcolnames, cex = tl.cex) :
     no font could be found for family "Arial"
    Warning in strwidth(newcolnames, cex = tl.cex) :
     no font could be found for family "Arial"
    Warning in strwidth(newcolnames, cex = tl.cex) :
     no font could be found for family "Arial"
    Warning in strwidth(newcolnames, cex = tl.cex) :
     no font could be found for family "Arial"
    Warning in strwidth(newcolnames, cex = tl.cex) :
     no font could be found for family "Arial"
    Warning in strwidth(newcolnames, cex = tl.cex) :
     no font could be found for family "Arial"
    Warning in strwidth(newcolnames, cex = tl.cex) :
     no font could be found for family "Arial"
    Warning in strwidth(newcolnames, cex = tl.cex) :
     no font could be found for family "Arial"
    Warning in strwidth(newcolnames, cex = tl.cex) :
     no font could be found for family "Arial"
    Warning in strwidth(newcolnames, cex = tl.cex) :
     no font could be found for family "Arial"
    Warning in strwidth(newcolnames, cex = tl.cex) :
     no font could be found for family "Arial"
    Warning in strwidth(newcolnames, cex = tl.cex) :
     no font could be found for family "Arial"
    Warning in strwidth(newcolnames, cex = tl.cex) :
     no font could be found for family "Arial"
    Warning in strwidth(newcolnames, cex = tl.cex) :
     no font could be found for family "Arial"
    Warning in strwidth(newcolnames, cex = tl.cex) :
     no font could be found for family "Arial"
    Warning in strwidth(newcolnames, cex = tl.cex) :
     no font could be found for family "Arial"
    Warning in strwidth(newcolnames, cex = tl.cex) :
     no font could be found for family "Arial"
    Warning in strwidth(newcolnames, cex = tl.cex) :
     no font could be found for family "Arial"
    Warning in strwidth(newcolnames, cex = tl.cex) :
     no font could be found for family "Arial"
    Warning in strwidth(newcolnames, cex = tl.cex) :
     no font could be found for family "Arial"
    Warning in strwidth("W", cex = tl.cex) :
     no font could be found for family "Arial"
    Warning in strwidth(newrownames, cex = tl.cex) :
     no font could be found for family "Arial"
    Warning in strwidth(newrownames, cex = tl.cex) :
     no font could be found for family "Arial"
    Warning in strwidth(newrownames, cex = tl.cex) :
     no font could be found for family "Arial"
    Warning in strwidth(newrownames, cex = tl.cex) :
     no font could be found for family "Arial"
    Warning in strwidth(newrownames, cex = tl.cex) :
     no font could be found for family "Arial"
    Warning in strwidth(newrownames, cex = tl.cex) :
     no font could be found for family "Arial"
    Warning in strwidth(newrownames, cex = tl.cex) :
     no font could be found for family "Arial"
    Warning in strwidth(newrownames, cex = tl.cex) :
     no font could be found for family "Arial"
    Warning in strwidth(newrownames, cex = tl.cex) :
     no font could be found for family "Arial"
    Warning in strwidth(newrownames, cex = tl.cex) :
     no font could be found for family "Arial"
    Warning in strwidth(newrownames, cex = tl.cex) :
     no font could be found for family "Arial"
    Warning in strwidth(newrownames, cex = tl.cex) :
     no font could be found for family "Arial"
    Warning in strwidth(newrownames, cex = tl.cex) :
     no font could be found for family "Arial"
    Warning in strwidth(newrownames, cex = tl.cex) :
     no font could be found for family "Arial"
    Warning in strwidth(newrownames, cex = tl.cex) :
     no font could be found for family "Arial"
    Warning in strwidth(newrownames, cex = tl.cex) :
     no font could be found for family "Arial"
    Warning in strwidth(newrownames, cex = tl.cex) :
     no font could be found for family "Arial"
    Warning in strwidth(newcolnames, cex = tl.cex) :
     no font could be found for family "Arial"
    Warning in strwidth(newcolnames, cex = tl.cex) :
     no font could be found for family "Arial"
    Warning in strwidth(newcolnames, cex = tl.cex) :
     no font could be found for family "Arial"
    Warning in strwidth(newcolnames, cex = tl.cex) :
     no font could be found for family "Arial"
    Warning in strwidth(newcolnames, cex = tl.cex) :
     no font could be found for family "Arial"
    Warning in strwidth(newcolnames, cex = tl.cex) :
     no font could be found for family "Arial"
    Warning in strwidth(newcolnames, cex = tl.cex) :
     no font could be found for family "Arial"
    Warning in strwidth(newcolnames, cex = tl.cex) :
     no font could be found for family "Arial"
    Warning in strwidth(newcolnames, cex = tl.cex) :
     no font could be found for family "Arial"
    Warning in strwidth(newcolnames, cex = tl.cex) :
     no font could be found for family "Arial"
    Warning in strwidth(newcolnames, cex = tl.cex) :
     no font could be found for family "Arial"
    Warning in strwidth(newcolnames, cex = tl.cex) :
     no font could be found for family "Arial"
    Warning in strwidth(newcolnames, cex = tl.cex) :
     no font could be found for family "Arial"
    Warning in strwidth(newcolnames, cex = tl.cex) :
     no font could be found for family "Arial"
    Warning in strwidth(newcolnames, cex = tl.cex) :
     no font could be found for family "Arial"
    Warning in strwidth(newcolnames, cex = tl.cex) :
     no font could be found for family "Arial"
    Warning in strwidth(newcolnames, cex = tl.cex) :
     no font could be found for family "Arial"
    Warning in strwidth(newcolnames, cex = tl.cex) :
     no font could be found for family "Arial"
    Warning in strwidth(newcolnames, cex = tl.cex) :
     no font could be found for family "Arial"
    Warning in strwidth(newcolnames, cex = tl.cex) :
     no font could be found for family "Arial"
    Warning in strwidth(newcolnames, cex = tl.cex) :
     no font could be found for family "Arial"
    Warning in strwidth(newcolnames, cex = tl.cex) :
     no font could be found for family "Arial"
    Warning in strwidth(newcolnames, cex = tl.cex) :
     no font could be found for family "Arial"
    Warning in strwidth(newcolnames, cex = tl.cex) :
     no font could be found for family "Arial"
    Warning in strwidth(newcolnames, cex = tl.cex) :
     no font could be found for family "Arial"
    Warning in strwidth(newcolnames, cex = tl.cex) :
     no font could be found for family "Arial"
    Warning in strwidth(newcolnames, cex = tl.cex) :
     no font could be found for family "Arial"
    Warning in strwidth(newcolnames, cex = tl.cex) :
     no font could be found for family "Arial"
    Warning in strwidth(newcolnames, cex = tl.cex) :
     no font could be found for family "Arial"
    Warning in strwidth(newcolnames, cex = tl.cex) :
     no font could be found for family "Arial"
    Warning in strwidth(newcolnames, cex = tl.cex) :
     no font could be found for family "Arial"
    Warning in strwidth(newcolnames, cex = tl.cex) :
     no font could be found for family "Arial"
    Warning in strwidth(newcolnames, cex = tl.cex) :
     no font could be found for family "Arial"
    Warning in strwidth(newcolnames, cex = tl.cex) :
     no font could be found for family "Arial"
    Warning in strwidth(newcolnames, cex = tl.cex) :
     no font could be found for family "Arial"
    Warning in strwidth(newcolnames, cex = tl.cex) :
     no font could be found for family "Arial"
    Warning in strwidth(newcolnames, cex = tl.cex) :
     no font could be found for family "Arial"
    Warning in strwidth(newcolnames, cex = tl.cex) :
     no font could be found for family "Arial"
    Warning in strwidth(newcolnames, cex = tl.cex) :
     no font could be found for family "Arial"
    Warning in strwidth(newcolnames, cex = tl.cex) :
     no font could be found for family "Arial"
    Warning in strwidth(newcolnames, cex = tl.cex) :
     no font could be found for family "Arial"
    Warning in strwidth(newcolnames, cex = tl.cex) :
     no font could be found for family "Arial"
    Warning in strwidth(newcolnames, cex = tl.cex) :
     no font could be found for family "Arial"
    Warning in strwidth(newcolnames, cex = tl.cex) :
     no font could be found for family "Arial"
    Warning in strwidth(newcolnames, cex = tl.cex) :
     no font could be found for family "Arial"
    Warning in strwidth(newcolnames, cex = tl.cex) :
     no font could be found for family "Arial"
    Warning in strwidth(newcolnames, cex = tl.cex) :
     no font could be found for family "Arial"
    Warning in strwidth(newcolnames, cex = tl.cex) :
     no font could be found for family "Arial"
    Warning in strwidth(newcolnames, cex = tl.cex) :
     no font could be found for family "Arial"
    Warning in strwidth("W", cex = tl.cex) :
     no font could be found for family "Arial"
    Warning in strwidth("W", cex = tl.cex) :
     no font could be found for family "Arial"
    Warning in text.default((pos.xlabel + xlim[2])/2, y = at, labels = labels, :
     no font could be found for family "Arial"
    Warning in text.default((pos.xlabel + xlim[2])/2, y = at, labels = labels, :
     no font could be found for family "Arial"
    Warning in text.default((pos.xlabel + xlim[2])/2, y = at, labels = labels, :
     no font could be found for family "Arial"
    Warning in text.default((pos.xlabel + xlim[2])/2, y = at, labels = labels, :
     no font could be found for family "Arial"
    Warning in text.default((pos.xlabel + xlim[2])/2, y = at, labels = labels, :
     no font could be found for family "Arial"
    Warning in text.default((pos.xlabel + xlim[2])/2, y = at, labels = labels, :
     no font could be found for family "Arial"
    Warning in text.default((pos.xlabel + xlim[2])/2, y = at, labels = labels, :
     no font could be found for family "Arial"
    Warning in text.default((pos.xlabel + xlim[2])/2, y = at, labels = labels, :
     no font could be found for family "Arial"
    Warning in text.default((pos.xlabel + xlim[2])/2, y = at, labels = labels, :
     no font could be found for family "Arial"
    Warning in text.default((pos.xlabel + xlim[2])/2, y = at, labels = labels, :
     no font could be found for family "Arial"
    Warning in text.default((pos.xlabel + xlim[2])/2, y = at, labels = labels, :
     no font could be found for family "Arial"
    Warning in text.default((pos.xlabel + xlim[2])/2, y = at, labels = labels, :
     no font could be found for family "Arial"
    Warning in text.default((pos.xlabel + xlim[2])/2, y = at, labels = labels, :
     no font could be found for family "Arial"
    Warning in text.default((pos.xlabel + xlim[2])/2, y = at, labels = labels, :
     no font could be found for family "Arial"
    Warning in text.default((pos.xlabel + xlim[2])/2, y = at, labels = labels, :
     no font could be found for family "Arial"
    Warning in text.default((pos.xlabel + xlim[2])/2, y = at, labels = labels, :
     no font could be found for family "Arial"
    Warning in text.default((pos.xlabel + xlim[2])/2, y = at, labels = labels, :
     no font could be found for family "Arial"
    Warning in text.default((pos.xlabel + xlim[2])/2, y = at, labels = labels, :
     no font could be found for family "Arial"
    Warning in text.default((pos.xlabel + xlim[2])/2, y = at, labels = labels, :
     no font could be found for family "Arial"
    Warning in text.default((pos.xlabel + xlim[2])/2, y = at, labels = labels, :
     no font could be found for family "Arial"
    Warning in text.default((pos.xlabel + xlim[2])/2, y = at, labels = labels, :
     no font could be found for family "Arial"
    Warning in text.default((pos.xlabel + xlim[2])/2, y = at, labels = labels, :
     no font could be found for family "Arial"
    Warning in text.default((pos.xlabel + xlim[2])/2, y = at, labels = labels, :
     no font could be found for family "Arial"
    Warning in text.default((pos.xlabel + xlim[2])/2, y = at, labels = labels, :
     no font could be found for family "Arial"
    Warning in text.default((pos.xlabel + xlim[2])/2, y = at, labels = labels, :
     no font could be found for family "Arial"
    Warning in text.default((pos.xlabel + xlim[2])/2, y = at, labels = labels, :
     no font could be found for family "Arial"
    Warning in text.default((pos.xlabel + xlim[2])/2, y = at, labels = labels, :
     no font could be found for family "Arial"
    Warning in text.default((pos.xlabel + xlim[2])/2, y = at, labels = labels, :
     no font could be found for family "Arial"
    Warning in text.default((pos.xlabel + xlim[2])/2, y = at, labels = labels, :
     no font could be found for family "Arial"
    Warning in text.default((pos.xlabel + xlim[2])/2, y = at, labels = labels, :
     no font could be found for family "Arial"
    Warning in text.default((pos.xlabel + xlim[2])/2, y = at, labels = labels, :
     no font could be found for family "Arial"
    Warning in text.default((pos.xlabel + xlim[2])/2, y = at, labels = labels, :
     no font could be found for family "Arial"
    Warning in text.default((pos.xlabel + xlim[2])/2, y = at, labels = labels, :
     no font could be found for family "Arial"
    Warning in text.default((pos.xlabel + xlim[2])/2, y = at, labels = labels, :
     no font could be found for family "Arial"
    Warning in text.default((pos.xlabel + xlim[2])/2, y = at, labels = labels, :
     no font could be found for family "Arial"
    Warning in text.default((pos.xlabel + xlim[2])/2, y = at, labels = labels, :
     no font could be found for family "Arial"
    Warning in text.default((pos.xlabel + xlim[2])/2, y = at, labels = labels, :
     no font could be found for family "Arial"
    Warning in text.default((pos.xlabel + xlim[2])/2, y = at, labels = labels, :
     no font could be found for family "Arial"
    Warning in text.default((pos.xlabel + xlim[2])/2, y = at, labels = labels, :
     no font could be found for family "Arial"
    Warning in text.default((pos.xlabel + xlim[2])/2, y = at, labels = labels, :
     no font could be found for family "Arial"
    Warning in text.default((pos.xlabel + xlim[2])/2, y = at, labels = labels, :
     no font could be found for family "Arial"
    Warning in text.default((pos.xlabel + xlim[2])/2, y = at, labels = labels, :
     no font could be found for family "Arial"
    Warning in text.default((pos.xlabel + xlim[2])/2, y = at, labels = labels, :
     no font could be found for family "Arial"
    Warning in text.default((pos.xlabel + xlim[2])/2, y = at, labels = labels, :
     no font could be found for family "Arial"
    Warning in text.default((pos.xlabel + xlim[2])/2, y = at, labels = labels, :
     no font could be found for family "Arial"
    Warning in text.default((pos.xlabel + xlim[2])/2, y = at, labels = labels, :
     no font could be found for family "Arial"
    Warning in text.default((pos.xlabel + xlim[2])/2, y = at, labels = labels, :
     no font could be found for family "Arial"
    Warning in text.default((pos.xlabel + xlim[2])/2, y = at, labels = labels, :
     no font could be found for family "Arial"
    Warning in text.default((pos.xlabel + xlim[2])/2, y = at, labels = labels, :
     no font could be found for family "Arial"
    Warning in text.default((pos.xlabel + xlim[2])/2, y = at, labels = labels, :
     no font could be found for family "Arial"
    Warning in text.default((pos.xlabel + xlim[2])/2, y = at, labels = labels, :
     no font could be found for family "Arial"
    Warning in text.default((pos.xlabel + xlim[2])/2, y = at, labels = labels, :
     no font could be found for family "Arial"
    Warning in text.default((pos.xlabel + xlim[2])/2, y = at, labels = labels, :
     no font could be found for family "Arial"
    Warning in text.default((pos.xlabel + xlim[2])/2, y = at, labels = labels, :
     no font could be found for family "Arial"
    Warning in text.default((pos.xlabel + xlim[2])/2, y = at, labels = labels, :
     no font could be found for family "Arial"
    Warning in text.default((pos.xlabel + xlim[2])/2, y = at, labels = labels, :
     no font could be found for family "Arial"
    Warning in text.default((pos.xlabel + xlim[2])/2, y = at, labels = labels, :
     no font could be found for family "Arial"
    Warning in text.default((pos.xlabel + xlim[2])/2, y = at, labels = labels, :
     no font could be found for family "Arial"
    Warning in text.default((pos.xlabel + xlim[2])/2, y = at, labels = labels, :
     no font could be found for family "Arial"
    Warning in text.default((pos.xlabel + xlim[2])/2, y = at, labels = labels, :
     no font could be found for family "Arial"
    Warning in text.default((pos.xlabel + xlim[2])/2, y = at, labels = labels, :
     no font could be found for family "Arial"
    Warning in text.default((pos.xlabel + xlim[2])/2, y = at, labels = labels, :
     no font could be found for family "Arial"
    Warning in text.default((pos.xlabel + xlim[2])/2, y = at, labels = labels, :
     no font could be found for family "Arial"
    Warning in text.default(pos.xlabel[, 1], pos.xlabel[, 2], newcolnames, srt = tl.srt, :
     no font could be found for family "Arial"
    Warning in text.default(pos.xlabel[, 1], pos.xlabel[, 2], newcolnames, srt = tl.srt, :
     no font could be found for family "Arial"
    Warning in text.default(pos.xlabel[, 1], pos.xlabel[, 2], newcolnames, srt = tl.srt, :
     no font could be found for family "Arial"
    Warning in text.default(pos.xlabel[, 1], pos.xlabel[, 2], newcolnames, srt = tl.srt, :
     no font could be found for family "Arial"
    Warning in text.default(pos.xlabel[, 1], pos.xlabel[, 2], newcolnames, srt = tl.srt, :
     no font could be found for family "Arial"
    Warning in text.default(pos.xlabel[, 1], pos.xlabel[, 2], newcolnames, srt = tl.srt, :
     no font could be found for family "Arial"
    Warning in text.default(pos.xlabel[, 1], pos.xlabel[, 2], newcolnames, srt = tl.srt, :
     no font could be found for family "Arial"
    Warning in text.default(pos.xlabel[, 1], pos.xlabel[, 2], newcolnames, srt = tl.srt, :
     no font could be found for family "Arial"
    Warning in text.default(pos.xlabel[, 1], pos.xlabel[, 2], newcolnames, srt = tl.srt, :
     no font could be found for family "Arial"
    Warning in text.default(pos.xlabel[, 1], pos.xlabel[, 2], newcolnames, srt = tl.srt, :
     no font could be found for family "Arial"
    Warning in text.default(pos.xlabel[, 1], pos.xlabel[, 2], newcolnames, srt = tl.srt, :
     no font could be found for family "Arial"
    Warning in text.default(pos.xlabel[, 1], pos.xlabel[, 2], newcolnames, srt = tl.srt, :
     no font could be found for family "Arial"
    Warning in text.default(pos.xlabel[, 1], pos.xlabel[, 2], newcolnames, srt = tl.srt, :
     no font could be found for family "Arial"
    Warning in text.default(pos.xlabel[, 1], pos.xlabel[, 2], newcolnames, srt = tl.srt, :
     no font could be found for family "Arial"
    Warning in text.default(pos.xlabel[, 1], pos.xlabel[, 2], newcolnames, srt = tl.srt, :
     no font could be found for family "Arial"
    Warning in text.default(pos.xlabel[, 1], pos.xlabel[, 2], newcolnames, srt = tl.srt, :
     no font could be found for family "Arial"
    Warning in text.default(pos.xlabel[, 1], pos.xlabel[, 2], newcolnames, srt = tl.srt, :
     no font could be found for family "Arial"
    Warning in text.default(pos.xlabel[, 1], pos.xlabel[, 2], newcolnames, srt = tl.srt, :
     no font could be found for family "Arial"
    Warning in text.default(pos.xlabel[, 1], pos.xlabel[, 2], newcolnames, srt = tl.srt, :
     no font could be found for family "Arial"
    Warning in text.default(pos.xlabel[, 1], pos.xlabel[, 2], newcolnames, srt = tl.srt, :
     no font could be found for family "Arial"
    Warning in text.default(pos.xlabel[, 1], pos.xlabel[, 2], newcolnames, srt = tl.srt, :
     no font could be found for family "Arial"
    Warning in text.default(pos.xlabel[, 1], pos.xlabel[, 2], newcolnames, srt = tl.srt, :
     no font could be found for family "Arial"
    Warning in text.default(pos.xlabel[, 1], pos.xlabel[, 2], newcolnames, srt = tl.srt, :
     no font could be found for family "Arial"
    Warning in text.default(pos.xlabel[, 1], pos.xlabel[, 2], newcolnames, srt = tl.srt, :
     no font could be found for family "Arial"
    Warning in text.default(pos.xlabel[, 1], pos.xlabel[, 2], newcolnames, srt = tl.srt, :
     no font could be found for family "Arial"
    Warning in text.default(pos.xlabel[, 1], pos.xlabel[, 2], newcolnames, srt = tl.srt, :
     no font could be found for family "Arial"
    Warning in text.default(pos.xlabel[, 1], pos.xlabel[, 2], newcolnames, srt = tl.srt, :
     no font could be found for family "Arial"
    Warning in text.default(pos.xlabel[, 1], pos.xlabel[, 2], newcolnames, srt = tl.srt, :
     no font could be found for family "Arial"
    Warning in text.default(pos.xlabel[, 1], pos.xlabel[, 2], newcolnames, srt = tl.srt, :
     no font could be found for family "Arial"
    Warning in text.default(pos.xlabel[, 1], pos.xlabel[, 2], newcolnames, srt = tl.srt, :
     no font could be found for family "Arial"
    Warning in text.default(pos.xlabel[, 1], pos.xlabel[, 2], newcolnames, srt = tl.srt, :
     no font could be found for family "Arial"
    Warning in text.default(pos.xlabel[, 1], pos.xlabel[, 2], newcolnames, srt = tl.srt, :
     no font could be found for family "Arial"
    Warning in text.default(pos.xlabel[, 1], pos.xlabel[, 2], newcolnames, srt = tl.srt, :
     no font could be found for family "Arial"
    Warning in text.default(pos.xlabel[, 1], pos.xlabel[, 2], newcolnames, srt = tl.srt, :
     no font could be found for family "Arial"
    Warning in text.default(pos.xlabel[, 1], pos.xlabel[, 2], newcolnames, srt = tl.srt, :
     no font could be found for family "Arial"
    Warning in text.default(pos.xlabel[, 1], pos.xlabel[, 2], newcolnames, srt = tl.srt, :
     no font could be found for family "Arial"
    Warning in text.default(pos.xlabel[, 1], pos.xlabel[, 2], newcolnames, srt = tl.srt, :
     no font could be found for family "Arial"
    Warning in text.default(pos.xlabel[, 1], pos.xlabel[, 2], newcolnames, srt = tl.srt, :
     no font could be found for family "Arial"
    Warning in text.default(pos.xlabel[, 1], pos.xlabel[, 2], newcolnames, srt = tl.srt, :
     no font could be found for family "Arial"
    Warning in text.default(pos.xlabel[, 1], pos.xlabel[, 2], newcolnames, srt = tl.srt, :
     no font could be found for family "Arial"
    Warning in text.default(pos.xlabel[, 1], pos.xlabel[, 2], newcolnames, srt = tl.srt, :
     no font could be found for family "Arial"
    Warning in text.default(pos.xlabel[, 1], pos.xlabel[, 2], newcolnames, srt = tl.srt, :
     no font could be found for family "Arial"
    Warning in text.default(pos.xlabel[, 1], pos.xlabel[, 2], newcolnames, srt = tl.srt, :
     no font could be found for family "Arial"
    Warning in text.default(pos.xlabel[, 1], pos.xlabel[, 2], newcolnames, srt = tl.srt, :
     no font could be found for family "Arial"
    Warning in text.default(pos.xlabel[, 1], pos.xlabel[, 2], newcolnames, srt = tl.srt, :
     no font could be found for family "Arial"
    Warning in text.default(pos.xlabel[, 1], pos.xlabel[, 2], newcolnames, srt = tl.srt, :
     no font could be found for family "Arial"
    Warning in text.default(pos.xlabel[, 1], pos.xlabel[, 2], newcolnames, srt = tl.srt, :
     no font could be found for family "Arial"
    Warning in text.default(pos.xlabel[, 1], pos.xlabel[, 2], newcolnames, srt = tl.srt, :
     no font could be found for family "Arial"
    Warning in text.default(pos.xlabel[, 1], pos.xlabel[, 2], newcolnames, srt = tl.srt, :
     no font could be found for family "Arial"
    Warning in text.default(pos.xlabel[, 1], pos.xlabel[, 2], newcolnames, srt = tl.srt, :
     no font could be found for family "Arial"
    Warning in text.default(pos.xlabel[, 1], pos.xlabel[, 2], newcolnames, srt = tl.srt, :
     no font could be found for family "Arial"
    Warning in text.default(pos.xlabel[, 1], pos.xlabel[, 2], newcolnames, srt = tl.srt, :
     no font could be found for family "Arial"
    Warning in text.default(pos.xlabel[, 1], pos.xlabel[, 2], newcolnames, srt = tl.srt, :
     no font could be found for family "Arial"
    Warning in text.default(pos.xlabel[, 1], pos.xlabel[, 2], newcolnames, srt = tl.srt, :
     no font could be found for family "Arial"
    Warning in text.default(pos.xlabel[, 1], pos.xlabel[, 2], newcolnames, srt = tl.srt, :
     no font could be found for family "Arial"
    Warning in text.default(pos.xlabel[, 1], pos.xlabel[, 2], newcolnames, srt = tl.srt, :
     no font could be found for family "Arial"
    Warning in text.default(pos.xlabel[, 1], pos.xlabel[, 2], newcolnames, srt = tl.srt, :
     no font could be found for family "Arial"
    Warning in text.default(pos.xlabel[, 1], pos.xlabel[, 2], newcolnames, srt = tl.srt, :
     no font could be found for family "Arial"
    Warning in text.default(pos.xlabel[, 1], pos.xlabel[, 2], newcolnames, srt = tl.srt, :
     no font could be found for family "Arial"
    Warning in text.default(pos.xlabel[, 1], pos.xlabel[, 2], newcolnames, srt = tl.srt, :
     no font could be found for family "Arial"
    Warning in text.default(pos.xlabel[, 1], pos.xlabel[, 2], newcolnames, srt = tl.srt, :
     no font could be found for family "Arial"
    Warning in text.default(pos.xlabel[, 1], pos.xlabel[, 2], newcolnames, srt = tl.srt, :
     no font could be found for family "Arial"
    Warning in text.default(pos.xlabel[, 1], pos.xlabel[, 2], newcolnames, srt = tl.srt, :
     no font could be found for family "Arial"
    Warning in text.default(pos.xlabel[, 1], pos.xlabel[, 2], newcolnames, srt = tl.srt, :
     no font could be found for family "Arial"
    Warning in text.default(pos.xlabel[, 1], pos.xlabel[, 2], newcolnames, srt = tl.srt, :
     no font could be found for family "Arial"
    Warning in text.default(pos.xlabel[, 1], pos.xlabel[, 2], newcolnames, srt = tl.srt, :
     no font could be found for family "Arial"
    Warning in text.default(pos.xlabel[, 1], pos.xlabel[, 2], newcolnames, srt = tl.srt, :
     no font could be found for family "Arial"
    Warning in text.default(pos.xlabel[, 1], pos.xlabel[, 2], newcolnames, srt = tl.srt, :
     no font could be found for family "Arial"
    Warning in text.default(pos.xlabel[, 1], pos.xlabel[, 2], newcolnames, srt = tl.srt, :
     no font could be found for family "Arial"
    Warning in text.default(pos.xlabel[, 1], pos.xlabel[, 2], newcolnames, srt = tl.srt, :
     no font could be found for family "Arial"
    Warning in text.default(pos.xlabel[, 1], pos.xlabel[, 2], newcolnames, srt = tl.srt, :
     no font could be found for family "Arial"
    Warning in text.default(pos.xlabel[, 1], pos.xlabel[, 2], newcolnames, srt = tl.srt, :
     no font could be found for family "Arial"
    Warning in text.default(pos.xlabel[, 1], pos.xlabel[, 2], newcolnames, srt = tl.srt, :
     no font could be found for family "Arial"
    Warning in text.default(pos.xlabel[, 1], pos.xlabel[, 2], newcolnames, srt = tl.srt, :
     no font could be found for family "Arial"
    Warning in text.default(pos.xlabel[, 1], pos.xlabel[, 2], newcolnames, srt = tl.srt, :
     no font could be found for family "Arial"
    Warning in text.default(pos.xlabel[, 1], pos.xlabel[, 2], newcolnames, srt = tl.srt, :
     no font could be found for family "Arial"
    Warning in text.default(pos.xlabel[, 1], pos.xlabel[, 2], newcolnames, srt = tl.srt, :
     no font could be found for family "Arial"
    Warning in text.default(pos.xlabel[, 1], pos.xlabel[, 2], newcolnames, srt = tl.srt, :
     no font could be found for family "Arial"
    Warning in text.default(pos.xlabel[, 1], pos.xlabel[, 2], newcolnames, srt = tl.srt, :
     no font could be found for family "Arial"
    Warning in text.default(pos.xlabel[, 1], pos.xlabel[, 2], newcolnames, srt = tl.srt, :
     no font could be found for family "Arial"
    Warning in text.default(pos.xlabel[, 1], pos.xlabel[, 2], newcolnames, srt = tl.srt, :
     no font could be found for family "Arial"
    Warning in text.default(pos.xlabel[, 1], pos.xlabel[, 2], newcolnames, srt = tl.srt, :
     no font could be found for family "Arial"
    Warning in text.default(pos.xlabel[, 1], pos.xlabel[, 2], newcolnames, srt = tl.srt, :
     no font could be found for family "Arial"
    Warning in text.default(pos.xlabel[, 1], pos.xlabel[, 2], newcolnames, srt = tl.srt, :
     no font could be found for family "Arial"
    Warning in text.default(pos.xlabel[, 1], pos.xlabel[, 2], newcolnames, srt = tl.srt, :
     no font could be found for family "Arial"
    Warning in text.default(pos.xlabel[, 1], pos.xlabel[, 2], newcolnames, srt = tl.srt, :
     no font could be found for family "Arial"
    Warning in text.default(pos.xlabel[, 1], pos.xlabel[, 2], newcolnames, srt = tl.srt, :
     no font could be found for family "Arial"
    Warning in text.default(pos.xlabel[, 1], pos.xlabel[, 2], newcolnames, srt = tl.srt, :
     no font could be found for family "Arial"
    Warning in text.default(pos.xlabel[, 1], pos.xlabel[, 2], newcolnames, srt = tl.srt, :
     no font could be found for family "Arial"
    Warning in text.default(pos.xlabel[, 1], pos.xlabel[, 2], newcolnames, srt = tl.srt, :
     no font could be found for family "Arial"
    Warning in text.default(pos.xlabel[, 1], pos.xlabel[, 2], newcolnames, srt = tl.srt, :
     no font could be found for family "Arial"
    Warning in text.default(pos.xlabel[, 1], pos.xlabel[, 2], newcolnames, srt = tl.srt, :
     no font could be found for family "Arial"
    Warning in text.default(pos.xlabel[, 1], pos.xlabel[, 2], newcolnames, srt = tl.srt, :
     no font could be found for family "Arial"
    Warning in text.default(pos.xlabel[, 1], pos.xlabel[, 2], newcolnames, srt = tl.srt, :
     no font could be found for family "Arial"
    Warning in text.default(pos.xlabel[, 1], pos.xlabel[, 2], newcolnames, srt = tl.srt, :
     no font could be found for family "Arial"
    Warning in text.default(pos.xlabel[, 1], pos.xlabel[, 2], newcolnames, srt = tl.srt, :
     no font could be found for family "Arial"
    Warning in text.default(pos.xlabel[, 1], pos.xlabel[, 2], newcolnames, srt = tl.srt, :
     no font could be found for family "Arial"
    Warning in text.default(pos.xlabel[, 1], pos.xlabel[, 2], newcolnames, srt = tl.srt, :
     no font could be found for family "Arial"
    Warning in text.default(pos.xlabel[, 1], pos.xlabel[, 2], newcolnames, srt = tl.srt, :
     no font could be found for family "Arial"
    Warning in text.default(pos.xlabel[, 1], pos.xlabel[, 2], newcolnames, srt = tl.srt, :
     no font could be found for family "Arial"
    Warning in text.default(pos.xlabel[, 1], pos.xlabel[, 2], newcolnames, srt = tl.srt, :
     no font could be found for family "Arial"
    Warning in text.default(pos.xlabel[, 1], pos.xlabel[, 2], newcolnames, srt = tl.srt, :
     no font could be found for family "Arial"
    Warning in text.default(pos.xlabel[, 1], pos.xlabel[, 2], newcolnames, srt = tl.srt, :
     no font could be found for family "Arial"
    Warning in text.default(pos.xlabel[, 1], pos.xlabel[, 2], newcolnames, srt = tl.srt, :
     no font could be found for family "Arial"
    Warning in text.default(pos.xlabel[, 1], pos.xlabel[, 2], newcolnames, srt = tl.srt, :
     no font could be found for family "Arial"
    Warning in text.default(pos.xlabel[, 1], pos.xlabel[, 2], newcolnames, srt = tl.srt, :
     no font could be found for family "Arial"
    Warning in text.default(pos.xlabel[, 1], pos.xlabel[, 2], newcolnames, srt = tl.srt, :
     no font could be found for family "Arial"
    Warning in text.default(pos.xlabel[, 1], pos.xlabel[, 2], newcolnames, srt = tl.srt, :
     no font could be found for family "Arial"
    Warning in text.default(pos.xlabel[, 1], pos.xlabel[, 2], newcolnames, srt = tl.srt, :
     no font could be found for family "Arial"
    Warning in text.default(pos.xlabel[, 1], pos.xlabel[, 2], newcolnames, srt = tl.srt, :
     no font could be found for family "Arial"
    Warning in text.default(pos.xlabel[, 1], pos.xlabel[, 2], newcolnames, srt = tl.srt, :
     no font could be found for family "Arial"
    Warning in text.default(pos.xlabel[, 1], pos.xlabel[, 2], newcolnames, srt = tl.srt, :
     no font could be found for family "Arial"
    Warning in text.default(pos.xlabel[, 1], pos.xlabel[, 2], newcolnames, srt = tl.srt, :
     no font could be found for family "Arial"
    Warning in text.default(pos.xlabel[, 1], pos.xlabel[, 2], newcolnames, srt = tl.srt, :
     no font could be found for family "Arial"
    Warning in text.default(pos.xlabel[, 1], pos.xlabel[, 2], newcolnames, srt = tl.srt, :
     no font could be found for family "Arial"
    Warning in text.default(pos.xlabel[, 1], pos.xlabel[, 2], newcolnames, srt = tl.srt, :
     no font could be found for family "Arial"
    Warning in text.default(pos.xlabel[, 1], pos.xlabel[, 2], newcolnames, srt = tl.srt, :
     no font could be found for family "Arial"
    Warning in text.default(pos.xlabel[, 1], pos.xlabel[, 2], newcolnames, srt = tl.srt, :
     no font could be found for family "Arial"
    Warning in text.default(pos.xlabel[, 1], pos.xlabel[, 2], newcolnames, srt = tl.srt, :
     no font could be found for family "Arial"
    Warning in text.default(pos.xlabel[, 1], pos.xlabel[, 2], newcolnames, srt = tl.srt, :
     no font could be found for family "Arial"
    Warning in text.default(pos.xlabel[, 1], pos.xlabel[, 2], newcolnames, srt = tl.srt, :
     no font could be found for family "Arial"
    Warning in text.default(pos.xlabel[, 1], pos.xlabel[, 2], newcolnames, srt = tl.srt, :
     no font could be found for family "Arial"
    Warning in text.default(pos.xlabel[, 1], pos.xlabel[, 2], newcolnames, srt = tl.srt, :
     no font could be found for family "Arial"
    Warning in text.default(pos.xlabel[, 1], pos.xlabel[, 2], newcolnames, srt = tl.srt, :
     no font could be found for family "Arial"
    Warning in text.default(pos.xlabel[, 1], pos.xlabel[, 2], newcolnames, srt = tl.srt, :
     no font could be found for family "Arial"
    Warning in text.default(pos.xlabel[, 1], pos.xlabel[, 2], newcolnames, srt = tl.srt, :
     no font could be found for family "Arial"
    Warning in text.default(pos.xlabel[, 1], pos.xlabel[, 2], newcolnames, srt = tl.srt, :
     no font could be found for family "Arial"
    Warning in text.default(pos.xlabel[, 1], pos.xlabel[, 2], newcolnames, srt = tl.srt, :
     no font could be found for family "Arial"
    Warning in text.default(pos.xlabel[, 1], pos.xlabel[, 2], newcolnames, srt = tl.srt, :
     no font could be found for family "Arial"
    Warning in text.default(pos.xlabel[, 1], pos.xlabel[, 2], newcolnames, srt = tl.srt, :
     no font could be found for family "Arial"
    Warning in text.default(pos.xlabel[, 1], pos.xlabel[, 2], newcolnames, srt = tl.srt, :
     no font could be found for family "Arial"
    Warning in text.default(pos.xlabel[, 1], pos.xlabel[, 2], newcolnames, srt = tl.srt, :
     no font could be found for family "Arial"
    Warning in text.default(pos.xlabel[, 1], pos.xlabel[, 2], newcolnames, srt = tl.srt, :
     no font could be found for family "Arial"
    Warning in text.default(pos.xlabel[, 1], pos.xlabel[, 2], newcolnames, srt = tl.srt, :
     no font could be found for family "Arial"
    Warning in text.default(pos.xlabel[, 1], pos.xlabel[, 2], newcolnames, srt = tl.srt, :
     no font could be found for family "Arial"
    Warning in text.default(pos.xlabel[, 1], pos.xlabel[, 2], newcolnames, srt = tl.srt, :
     no font could be found for family "Arial"
    Warning in text.default(pos.xlabel[, 1], pos.xlabel[, 2], newcolnames, srt = tl.srt, :
     no font could be found for family "Arial"
    Warning in text.default(pos.xlabel[, 1], pos.xlabel[, 2], newcolnames, srt = tl.srt, :
     no font could be found for family "Arial"
    Warning in text.default(pos.xlabel[, 1], pos.xlabel[, 2], newcolnames, srt = tl.srt, :
     no font could be found for family "Arial"
    Warning in text.default(pos.xlabel[, 1], pos.xlabel[, 2], newcolnames, srt = tl.srt, :
     no font could be found for family "Arial"
    Warning in text.default(pos.xlabel[, 1], pos.xlabel[, 2], newcolnames, srt = tl.srt, :
     no font could be found for family "Arial"
    Warning in text.default(pos.xlabel[, 1], pos.xlabel[, 2], newcolnames, srt = tl.srt, :
     no font could be found for family "Arial"
    Warning in text.default(pos.xlabel[, 1], pos.xlabel[, 2], newcolnames, srt = tl.srt, :
     no font could be found for family "Arial"
    Warning in text.default(pos.xlabel[, 1], pos.xlabel[, 2], newcolnames, srt = tl.srt, :
     no font could be found for family "Arial"
    Warning in text.default(pos.xlabel[, 1], pos.xlabel[, 2], newcolnames, srt = tl.srt, :
     no font could be found for family "Arial"
    Warning in text.default(pos.xlabel[, 1], pos.xlabel[, 2], newcolnames, srt = tl.srt, :
     no font could be found for family "Arial"
    Warning in text.default(pos.xlabel[, 1], pos.xlabel[, 2], newcolnames, srt = tl.srt, :
     no font could be found for family "Arial"
    Warning in text.default(pos.xlabel[, 1], pos.xlabel[, 2], newcolnames, srt = tl.srt, :
     no font could be found for family "Arial"
    Warning in text.default(pos.xlabel[, 1], pos.xlabel[, 2], newcolnames, srt = tl.srt, :
     no font could be found for family "Arial"
    Warning in text.default(pos.xlabel[, 1], pos.xlabel[, 2], newcolnames, srt = tl.srt, :
     no font could be found for family "Arial"
    Warning in text.default(pos.xlabel[, 1], pos.xlabel[, 2], newcolnames, srt = tl.srt, :
     no font could be found for family "Arial"
    Warning in text.default(pos.xlabel[, 1], pos.xlabel[, 2], newcolnames, srt = tl.srt, :
     no font could be found for family "Arial"
    Warning in text.default(pos.xlabel[, 1], pos.xlabel[, 2], newcolnames, srt = tl.srt, :
     no font could be found for family "Arial"
    Warning in text.default(pos.xlabel[, 1], pos.xlabel[, 2], newcolnames, srt = tl.srt, :
     no font could be found for family "Arial"
    Warning in text.default(pos.xlabel[, 1], pos.xlabel[, 2], newcolnames, srt = tl.srt, :
     no font could be found for family "Arial"
    Warning in text.default(pos.xlabel[, 1], pos.xlabel[, 2], newcolnames, srt = tl.srt, :
     no font could be found for family "Arial"
    Warning in text.default(pos.xlabel[, 1], pos.xlabel[, 2], newcolnames, srt = tl.srt, :
     no font could be found for family "Arial"
    Warning in text.default(pos.xlabel[, 1], pos.xlabel[, 2], newcolnames, srt = tl.srt, :
     no font could be found for family "Arial"
    Warning in text.default(pos.xlabel[, 1], pos.xlabel[, 2], newcolnames, srt = tl.srt, :
     no font could be found for family "Arial"
    Warning in text.default(pos.xlabel[, 1], pos.xlabel[, 2], newcolnames, srt = tl.srt, :
     no font could be found for family "Arial"
    Warning in text.default(pos.xlabel[, 1], pos.xlabel[, 2], newcolnames, srt = tl.srt, :
     no font could be found for family "Arial"
    Warning in text.default(pos.xlabel[, 1], pos.xlabel[, 2], newcolnames, srt = tl.srt, :
     no font could be found for family "Arial"
    Warning in text.default(pos.xlabel[, 1], pos.xlabel[, 2], newcolnames, srt = tl.srt, :
     no font could be found for family "Arial"
    Warning in text.default(pos.xlabel[, 1], pos.xlabel[, 2], newcolnames, srt = tl.srt, :
     no font could be found for family "Arial"
    Warning in text.default(pos.xlabel[, 1], pos.xlabel[, 2], newcolnames, srt = tl.srt, :
     no font could be found for family "Arial"
    Warning in text.default(pos.xlabel[, 1], pos.xlabel[, 2], newcolnames, srt = tl.srt, :
     no font could be found for family "Arial"
    Warning in text.default(pos.xlabel[, 1], pos.xlabel[, 2], newcolnames, srt = tl.srt, :
     no font could be found for family "Arial"
    Warning in text.default(pos.xlabel[, 1], pos.xlabel[, 2], newcolnames, srt = tl.srt, :
     no font could be found for family "Arial"
    Warning in text.default(pos.xlabel[, 1], pos.xlabel[, 2], newcolnames, srt = tl.srt, :
     no font could be found for family "Arial"
    Warning in text.default(pos.xlabel[, 1], pos.xlabel[, 2], newcolnames, srt = tl.srt, :
     no font could be found for family "Arial"
    Warning in text.default(pos.xlabel[, 1], pos.xlabel[, 2], newcolnames, srt = tl.srt, :
     no font could be found for family "Arial"
    Warning in text.default(pos.xlabel[, 1], pos.xlabel[, 2], newcolnames, srt = tl.srt, :
     no font could be found for family "Arial"
    Warning in text.default(pos.xlabel[, 1], pos.xlabel[, 2], newcolnames, srt = tl.srt, :
     no font could be found for family "Arial"
    Warning in text.default(pos.xlabel[, 1], pos.xlabel[, 2], newcolnames, srt = tl.srt, :
     no font could be found for family "Arial"
    Warning in text.default(pos.xlabel[, 1], pos.xlabel[, 2], newcolnames, srt = tl.srt, :
     no font could be found for family "Arial"
    Warning in text.default(pos.xlabel[, 1], pos.xlabel[, 2], newcolnames, srt = tl.srt, :
     no font could be found for family "Arial"
    Warning in text.default(pos.xlabel[, 1], pos.xlabel[, 2], newcolnames, srt = tl.srt, :
     no font could be found for family "Arial"
    Warning in text.default(pos.xlabel[, 1], pos.xlabel[, 2], newcolnames, srt = tl.srt, :
     no font could be found for family "Arial"
    Warning in text.default(pos.xlabel[, 1], pos.xlabel[, 2], newcolnames, srt = tl.srt, :
     no font could be found for family "Arial"
    Warning in text.default(pos.xlabel[, 1], pos.xlabel[, 2], newcolnames, srt = tl.srt, :
     no font could be found for family "Arial"
    Warning in text.default(pos.xlabel[, 1], pos.xlabel[, 2], newcolnames, srt = tl.srt, :
     no font could be found for family "Arial"
    Warning in text.default(pos.xlabel[, 1], pos.xlabel[, 2], newcolnames, srt = tl.srt, :
     no font could be found for family "Arial"
    Warning in text.default(pos.xlabel[, 1], pos.xlabel[, 2], newcolnames, srt = tl.srt, :
     no font could be found for family "Arial"
    Warning in text.default(pos.xlabel[, 1], pos.xlabel[, 2], newcolnames, srt = tl.srt, :
     no font could be found for family "Arial"
    Warning in text.default(pos.xlabel[, 1], pos.xlabel[, 2], newcolnames, srt = tl.srt, :
     no font could be found for family "Arial"
    Warning in text.default(pos.xlabel[, 1], pos.xlabel[, 2], newcolnames, srt = tl.srt, :
     no font could be found for family "Arial"
    Warning in text.default(pos.xlabel[, 1], pos.xlabel[, 2], newcolnames, srt = tl.srt, :
     no font could be found for family "Arial"
    Warning in text.default(pos.xlabel[, 1], pos.xlabel[, 2], newcolnames, srt = tl.srt, :
     no font could be found for family "Arial"
    Warning in text.default(pos.ylabel[, 1], pos.ylabel[, 2], newrownames, col = tl.col, :
     no font could be found for family "Arial"
    Warning in text.default(pos.ylabel[, 1], pos.ylabel[, 2], newrownames, col = tl.col, :
     no font could be found for family "Arial"
    Warning in text.default(pos.ylabel[, 1], pos.ylabel[, 2], newrownames, col = tl.col, :
     no font could be found for family "Arial"
    Warning in text.default(pos.ylabel[, 1], pos.ylabel[, 2], newrownames, col = tl.col, :
     no font could be found for family "Arial"
    Warning in text.default(pos.ylabel[, 1], pos.ylabel[, 2], newrownames, col = tl.col, :
     no font could be found for family "Arial"
    Warning in text.default(pos.ylabel[, 1], pos.ylabel[, 2], newrownames, col = tl.col, :
     no font could be found for family "Arial"
    Warning in text.default(pos.ylabel[, 1], pos.ylabel[, 2], newrownames, col = tl.col, :
     no font could be found for family "Arial"
    Warning in text.default(pos.ylabel[, 1], pos.ylabel[, 2], newrownames, col = tl.col, :
     no font could be found for family "Arial"
    Warning in text.default(pos.ylabel[, 1], pos.ylabel[, 2], newrownames, col = tl.col, :
     no font could be found for family "Arial"
    Warning in text.default(pos.ylabel[, 1], pos.ylabel[, 2], newrownames, col = tl.col, :
     no font could be found for family "Arial"
    Warning in text.default(pos.ylabel[, 1], pos.ylabel[, 2], newrownames, col = tl.col, :
     no font could be found for family "Arial"
    Warning in text.default(pos.ylabel[, 1], pos.ylabel[, 2], newrownames, col = tl.col, :
     no font could be found for family "Arial"
    Warning in text.default(pos.ylabel[, 1], pos.ylabel[, 2], newrownames, col = tl.col, :
     no font could be found for family "Arial"
    Warning in text.default(pos.ylabel[, 1], pos.ylabel[, 2], newrownames, col = tl.col, :
     no font could be found for family "Arial"
    Warning in text.default(pos.ylabel[, 1], pos.ylabel[, 2], newrownames, col = tl.col, :
     no font could be found for family "Arial"
    Warning in text.default(pos.ylabel[, 1], pos.ylabel[, 2], newrownames, col = tl.col, :
     no font could be found for family "Arial"
    Warning in text.default(pos.ylabel[, 1], pos.ylabel[, 2], newrownames, col = tl.col, :
     no font could be found for family "Arial"
    Warning in text.default(pos.ylabel[, 1], pos.ylabel[, 2], newrownames, col = tl.col, :
     no font could be found for family "Arial"
    Warning in text.default(pos.ylabel[, 1], pos.ylabel[, 2], newrownames, col = tl.col, :
     no font could be found for family "Arial"
    Warning in text.default(pos.ylabel[, 1], pos.ylabel[, 2], newrownames, col = tl.col, :
     no font could be found for family "Arial"
    Warning in text.default(pos.ylabel[, 1], pos.ylabel[, 2], newrownames, col = tl.col, :
     no font could be found for family "Arial"
    Warning in text.default(pos.ylabel[, 1], pos.ylabel[, 2], newrownames, col = tl.col, :
     no font could be found for family "Arial"
    Warning in text.default(pos.ylabel[, 1], pos.ylabel[, 2], newrownames, col = tl.col, :
     no font could be found for family "Arial"
    Warning in text.default(pos.ylabel[, 1], pos.ylabel[, 2], newrownames, col = tl.col, :
     no font could be found for family "Arial"
    Warning in text.default(pos.ylabel[, 1], pos.ylabel[, 2], newrownames, col = tl.col, :
     no font could be found for family "Arial"
    Warning in text.default(pos.ylabel[, 1], pos.ylabel[, 2], newrownames, col = tl.col, :
     no font could be found for family "Arial"
    Warning in text.default(pos.ylabel[, 1], pos.ylabel[, 2], newrownames, col = tl.col, :
     no font could be found for family "Arial"
    Warning in text.default(pos.ylabel[, 1], pos.ylabel[, 2], newrownames, col = tl.col, :
     no font could be found for family "Arial"
    Warning in text.default(pos.ylabel[, 1], pos.ylabel[, 2], newrownames, col = tl.col, :
     no font could be found for family "Arial"
    Warning in text.default(pos.ylabel[, 1], pos.ylabel[, 2], newrownames, col = tl.col, :
     no font could be found for family "Arial"
    Warning in text.default(pos.ylabel[, 1], pos.ylabel[, 2], newrownames, col = tl.col, :
     no font could be found for family "Arial"
    Warning in text.default(pos.ylabel[, 1], pos.ylabel[, 2], newrownames, col = tl.col, :
     no font could be found for family "Arial"
    Warning in text.default(pos.ylabel[, 1], pos.ylabel[, 2], newrownames, col = tl.col, :
     no font could be found for family "Arial"
    Warning in text.default(pos.ylabel[, 1], pos.ylabel[, 2], newrownames, col = tl.col, :
     no font could be found for family "Arial"
    Warning in doTryCatch(return(expr), name, parentenv, handler) :
     no font could be found for family "Arial"
    Warning in doTryCatch(return(expr), name, parentenv, handler) :
     no font could be found for family "Arial"
    Warning in doTryCatch(return(expr), name, parentenv, handler) :
     no font could be found for family "Arial"
    Warning in doTryCatch(return(expr), name, parentenv, handler) :
     no font could be found for family "Arial"
    Warning in doTryCatch(return(expr), name, parentenv, handler) :
     no font could be found for family "Arial"
    Warning in doTryCatch(return(expr), name, parentenv, handler) :
     no font could be found for family "Arial"
    Warning in doTryCatch(return(expr), name, parentenv, handler) :
     no font could be found for family "Arial"
    Warning in doTryCatch(return(expr), name, parentenv, handler) :
     no font could be found for family "Arial"
    Warning in doTryCatch(return(expr), name, parentenv, handler) :
     no font could be found for family "Arial"
    Warning in doTryCatch(return(expr), name, parentenv, handler) :
     no font could be found for family "Arial"
    Warning in doTryCatch(return(expr), name, parentenv, handler) :
     no font could be found for family "Arial"
    Warning in doTryCatch(return(expr), name, parentenv, handler) :
     no font could be found for family "Arial"
    Warning in doTryCatch(return(expr), name, parentenv, handler) :
     no font could be found for family "Arial"
    Warning in doTryCatch(return(expr), name, parentenv, handler) :
     no font could be found for family "Arial"
    Warning in doTryCatch(return(expr), name, parentenv, handler) :
     no font could be found for family "Arial"
    Warning in doTryCatch(return(expr), name, parentenv, handler) :
     no font could be found for family "Arial"
    Warning in doTryCatch(return(expr), name, parentenv, handler) :
     no font could be found for family "Arial"
    Warning in doTryCatch(return(expr), name, parentenv, handler) :
     no font could be found for family "Arial"
    Warning in doTryCatch(return(expr), name, parentenv, handler) :
     no font could be found for family "Arial"
    Warning in doTryCatch(return(expr), name, parentenv, handler) :
     no font could be found for family "Arial"
    Warning in doTryCatch(return(expr), name, parentenv, handler) :
     no font could be found for family "Arial"
    Warning in doTryCatch(return(expr), name, parentenv, handler) :
     no font could be found for family "Arial"
    Warning in doTryCatch(return(expr), name, parentenv, handler) :
     no font could be found for family "Arial"
    Warning in doTryCatch(return(expr), name, parentenv, handler) :
     no font could be found for family "Arial"
    Warning in doTryCatch(return(expr), name, parentenv, handler) :
     no font could be found for family "Arial"
    Warning in doTryCatch(return(expr), name, parentenv, handler) :
     no font could be found for family "Arial"
    Warning in doTryCatch(return(expr), name, parentenv, handler) :
     no font could be found for family "Arial"
    Warning in doTryCatch(return(expr), name, parentenv, handler) :
     no font could be found for family "Arial"
    Warning in doTryCatch(return(expr), name, parentenv, handler) :
     no font could be found for family "Arial"
    Warning in doTryCatch(return(expr), name, parentenv, handler) :
     no font could be found for family "Arial"
    Warning in doTryCatch(return(expr), name, parentenv, handler) :
     no font could be found for family "Arial"
    Warning in doTryCatch(return(expr), name, parentenv, handler) :
     no font could be found for family "Arial"
    Warning in doTryCatch(return(expr), name, parentenv, handler) :
     no font could be found for family "Arial"
    Warning in doTryCatch(return(expr), name, parentenv, handler) :
     no font could be found for family "Arial"
    Warning in doTryCatch(return(expr), name, parentenv, handler) :
     no font could be found for family "Arial"
    Warning in doTryCatch(return(expr), name, parentenv, handler) :
     no font could be found for family "Arial"
    Warning in doTryCatch(return(expr), name, parentenv, handler) :
     no font could be found for family "Arial"
    Warning in doTryCatch(return(expr), name, parentenv, handler) :
     no font could be found for family "Arial"
    Warning in doTryCatch(return(expr), name, parentenv, handler) :
     no font could be found for family "Arial"
    Warning in doTryCatch(return(expr), name, parentenv, handler) :
     no font could be found for family "Arial"
    Warning in doTryCatch(return(expr), name, parentenv, handler) :
     no font could be found for family "Arial"
    Warning in doTryCatch(return(expr), name, parentenv, handler) :
     no font could be found for family "Arial"
    Warning in doTryCatch(return(expr), name, parentenv, handler) :
     no font could be found for family "Arial"
    Warning in doTryCatch(return(expr), name, parentenv, handler) :
     no font could be found for family "Arial"
    Warning in doTryCatch(return(expr), name, parentenv, handler) :
     no font could be found for family "Arial"
    Warning in doTryCatch(return(expr), name, parentenv, handler) :
     no font could be found for family "Arial"
    Warning in doTryCatch(return(expr), name, parentenv, handler) :
     no font could be found for family "Arial"
    Warning in doTryCatch(return(expr), name, parentenv, handler) :
     no font could be found for family "Arial"
    Warning in doTryCatch(return(expr), name, parentenv, handler) :
     no font could be found for family "Arial"
    Warning in doTryCatch(return(expr), name, parentenv, handler) :
     no font could be found for family "Arial"
    Warning in doTryCatch(return(expr), name, parentenv, handler) :
     no font could be found for family "Arial"
    Warning in doTryCatch(return(expr), name, parentenv, handler) :
     no font could be found for family "Arial"
    Warning in doTryCatch(return(expr), name, parentenv, handler) :
     no font could be found for family "Arial"
    Warning in doTryCatch(return(expr), name, parentenv, handler) :
     no font could be found for family "Arial"
    Warning in doTryCatch(return(expr), name, parentenv, handler) :
     no font could be found for family "Arial"
    Warning in doTryCatch(return(expr), name, parentenv, handler) :
     no font could be found for family "Arial"
    Warning in doTryCatch(return(expr), name, parentenv, handler) :
     no font could be found for family "Arial"
    Warning in doTryCatch(return(expr), name, parentenv, handler) :
     no font could be found for family "Arial"
    Warning in doTryCatch(return(expr), name, parentenv, handler) :
     no font could be found for family "Arial"
    Warning in doTryCatch(return(expr), name, parentenv, handler) :
     no font could be found for family "Arial"
    Warning in doTryCatch(return(expr), name, parentenv, handler) :
     no font could be found for family "Arial"
    Warning in doTryCatch(return(expr), name, parentenv, handler) :
     no font could be found for family "Arial"
    Warning in doTryCatch(return(expr), name, parentenv, handler) :
     no font could be found for family "Arial"
    Warning in doTryCatch(return(expr), name, parentenv, handler) :
     no font could be found for family "Arial"
    Warning in doTryCatch(return(expr), name, parentenv, handler) :
     no font could be found for family "Arial"
    Warning in doTryCatch(return(expr), name, parentenv, handler) :
     no font could be found for family "Arial"
    Warning in doTryCatch(return(expr), name, parentenv, handler) :
     no font could be found for family "Arial"
    Warning in doTryCatch(return(expr), name, parentenv, handler) :
     no font could be found for family "Arial"
    Warning in doTryCatch(return(expr), name, parentenv, handler) :
     no font could be found for family "Arial"
    Warning in doTryCatch(return(expr), name, parentenv, handler) :
     no font could be found for family "Arial"
    Warning in doTryCatch(return(expr), name, parentenv, handler) :
     no font could be found for family "Arial"
    Warning in doTryCatch(return(expr), name, parentenv, handler) :
     no font could be found for family "Arial"
    Warning in doTryCatch(return(expr), name, parentenv, handler) :
     no font could be found for family "Arial"
    Warning in doTryCatch(return(expr), name, parentenv, handler) :
     no font could be found for family "Arial"
    Warning in doTryCatch(return(expr), name, parentenv, handler) :
     no font could be found for family "Arial"
    Warning in doTryCatch(return(expr), name, parentenv, handler) :
     no font could be found for family "Arial"
    Warning in doTryCatch(return(expr), name, parentenv, handler) :
     no font could be found for family "Arial"
    Warning in doTryCatch(return(expr), name, parentenv, handler) :
     no font could be found for family "Arial"
    Warning in doTryCatch(return(expr), name, parentenv, handler) :
     no font could be found for family "Arial"
    Warning in doTryCatch(return(expr), name, parentenv, handler) :
     no font could be found for family "Arial"
    Warning in doTryCatch(return(expr), name, parentenv, handler) :
     no font could be found for family "Arial"
    Warning in doTryCatch(return(expr), name, parentenv, handler) :
     no font could be found for family "Arial"
    Warning in doTryCatch(return(expr), name, parentenv, handler) :
     no font could be found for family "Arial"
    Warning in doTryCatch(return(expr), name, parentenv, handler) :
     no font could be found for family "Arial"
    Warning in doTryCatch(return(expr), name, parentenv, handler) :
     no font could be found for family "Arial"
    Warning in doTryCatch(return(expr), name, parentenv, handler) :
     no font could be found for family "Arial"
    Warning in doTryCatch(return(expr), name, parentenv, handler) :
     no font could be found for family "Arial"
    Warning in doTryCatch(return(expr), name, parentenv, handler) :
     no font could be found for family "Arial"
    Warning in doTryCatch(return(expr), name, parentenv, handler) :
     no font could be found for family "Arial"
    Warning in doTryCatch(return(expr), name, parentenv, handler) :
     no font could be found for family "Arial"
    Warning in doTryCatch(return(expr), name, parentenv, handler) :
     no font could be found for family "Arial"
    Warning in doTryCatch(return(expr), name, parentenv, handler) :
     no font could be found for family "Arial"
    Warning in doTryCatch(return(expr), name, parentenv, handler) :
     no font could be found for family "Arial"
    Warning in doTryCatch(return(expr), name, parentenv, handler) :
     no font could be found for family "Arial"
    Warning in doTryCatch(return(expr), name, parentenv, handler) :
     no font could be found for family "Arial"
    Warning in doTryCatch(return(expr), name, parentenv, handler) :
     no font could be found for family "Arial"
    Warning in doTryCatch(return(expr), name, parentenv, handler) :
     no font could be found for family "Arial"
    Warning in doTryCatch(return(expr), name, parentenv, handler) :
     no font could be found for family "Arial"
    Warning in doTryCatch(return(expr), name, parentenv, handler) :
     no font could be found for family "Arial"
    Warning in doTryCatch(return(expr), name, parentenv, handler) :
     no font could be found for family "Arial"
    Warning in doTryCatch(return(expr), name, parentenv, handler) :
     no font could be found for family "Arial"
    Warning in doTryCatch(return(expr), name, parentenv, handler) :
     no font could be found for family "Arial"
    Warning in doTryCatch(return(expr), name, parentenv, handler) :
     no font could be found for family "Arial"
    Warning in doTryCatch(return(expr), name, parentenv, handler) :
     no font could be found for family "Arial"
    Warning in doTryCatch(return(expr), name, parentenv, handler) :
     no font could be found for family "Arial"
    Warning in doTryCatch(return(expr), name, parentenv, handler) :
     no font could be found for family "Arial"
    Warning in doTryCatch(return(expr), name, parentenv, handler) :
     no font could be found for family "Arial"
    Warning in doTryCatch(return(expr), name, parentenv, handler) :
     no font could be found for family "Arial"
    Warning in doTryCatch(return(expr), name, parentenv, handler) :
     no font could be found for family "Arial"
    Warning in doTryCatch(return(expr), name, parentenv, handler) :
     no font could be found for family "Arial"
    Warning in doTryCatch(return(expr), name, parentenv, handler) :
     no font could be found for family "Arial"
    Warning in doTryCatch(return(expr), name, parentenv, handler) :
     no font could be found for family "Arial"
    Warning in doTryCatch(return(expr), name, parentenv, handler) :
     no font could be found for family "Arial"
    Warning in doTryCatch(return(expr), name, parentenv, handler) :
     no font could be found for family "Arial"
    Warning in doTryCatch(return(expr), name, parentenv, handler) :
     no font could be found for family "Arial"
    Warning in doTryCatch(return(expr), name, parentenv, handler) :
     no font could be found for family "Arial"
    Warning in doTryCatch(return(expr), name, parentenv, handler) :
     no font could be found for family "Arial"
    Warning in doTryCatch(return(expr), name, parentenv, handler) :
     no font could be found for family "Arial"
    Warning in doTryCatch(return(expr), name, parentenv, handler) :
     no font could be found for family "Arial"
    Warning in doTryCatch(return(expr), name, parentenv, handler) :
     no font could be found for family "Arial"
    Warning in doTryCatch(return(expr), name, parentenv, handler) :
     no font could be found for family "Arial"
    Warning in doTryCatch(return(expr), name, parentenv, handler) :
     no font could be found for family "Arial"
    Warning in doTryCatch(return(expr), name, parentenv, handler) :
     no font could be found for family "Arial"
    Warning in doTryCatch(return(expr), name, parentenv, handler) :
     no font could be found for family "Arial"
    Warning in doTryCatch(return(expr), name, parentenv, handler) :
     no font could be found for family "Arial"
    Warning in doTryCatch(return(expr), name, parentenv, handler) :
     no font could be found for family "Arial"
    Warning in doTryCatch(return(expr), name, parentenv, handler) :
     no font could be found for family "Arial"
    Warning in doTryCatch(return(expr), name, parentenv, handler) :
     no font could be found for family "Arial"
    Warning in doTryCatch(return(expr), name, parentenv, handler) :
     no font could be found for family "Arial"
    Warning in doTryCatch(return(expr), name, parentenv, handler) :
     no font could be found for family "Arial"
    Warning in doTryCatch(return(expr), name, parentenv, handler) :
     no font could be found for family "Arial"
    Warning in doTryCatch(return(expr), name, parentenv, handler) :
     no font could be found for family "Arial"
    Warning in doTryCatch(return(expr), name, parentenv, handler) :
     no font could be found for family "Arial"
    Warning in doTryCatch(return(expr), name, parentenv, handler) :
     no font could be found for family "Arial"
    Warning in doTryCatch(return(expr), name, parentenv, handler) :
     no font could be found for family "Arial"
    Warning in doTryCatch(return(expr), name, parentenv, handler) :
     no font could be found for family "Arial"
    Warning in doTryCatch(return(expr), name, parentenv, handler) :
     no font could be found for family "Arial"
    Warning in doTryCatch(return(expr), name, parentenv, handler) :
     no font could be found for family "Arial"
    Warning in doTryCatch(return(expr), name, parentenv, handler) :
     no font could be found for family "Arial"
    Warning in doTryCatch(return(expr), name, parentenv, handler) :
     no font could be found for family "Arial"
    Warning in doTryCatch(return(expr), name, parentenv, handler) :
     no font could be found for family "Arial"
    Warning in doTryCatch(return(expr), name, parentenv, handler) :
     no font could be found for family "Arial"
    Warning in doTryCatch(return(expr), name, parentenv, handler) :
     no font could be found for family "Arial"
    Warning in doTryCatch(return(expr), name, parentenv, handler) :
     no font could be found for family "Arial"
    Warning in doTryCatch(return(expr), name, parentenv, handler) :
     no font could be found for family "Arial"
    Warning in doTryCatch(return(expr), name, parentenv, handler) :
     no font could be found for family "Arial"
    Warning in doTryCatch(return(expr), name, parentenv, handler) :
     no font could be found for family "Arial"
    Warning in doTryCatch(return(expr), name, parentenv, handler) :
     no font could be found for family "Arial"
    Warning in doTryCatch(return(expr), name, parentenv, handler) :
     no font could be found for family "Arial"
    Warning in doTryCatch(return(expr), name, parentenv, handler) :
     no font could be found for family "Arial"
    Warning in doTryCatch(return(expr), name, parentenv, handler) :
     no font could be found for family "Arial"
    Warning in doTryCatch(return(expr), name, parentenv, handler) :
     no font could be found for family "Arial"
    Warning in doTryCatch(return(expr), name, parentenv, handler) :
     no font could be found for family "Arial"
    Warning in doTryCatch(return(expr), name, parentenv, handler) :
     no font could be found for family "Arial"
    Warning in doTryCatch(return(expr), name, parentenv, handler) :
     no font could be found for family "Arial"
    Warning in doTryCatch(return(expr), name, parentenv, handler) :
     no font could be found for family "Arial"
    Warning in doTryCatch(return(expr), name, parentenv, handler) :
     no font could be found for family "Arial"
    Warning in doTryCatch(return(expr), name, parentenv, handler) :
     no font could be found for family "Arial"
    Warning in doTryCatch(return(expr), name, parentenv, handler) :
     no font could be found for family "Arial"
    Warning in doTryCatch(return(expr), name, parentenv, handler) :
     no font could be found for family "Arial"
    Warning in doTryCatch(return(expr), name, parentenv, handler) :
     no font could be found for family "Arial"
    Warning in doTryCatch(return(expr), name, parentenv, handler) :
     no font could be found for family "Arial"
    Warning in doTryCatch(return(expr), name, parentenv, handler) :
     no font could be found for family "Arial"
    Warning in doTryCatch(return(expr), name, parentenv, handler) :
     no font could be found for family "Arial"
    Warning in doTryCatch(return(expr), name, parentenv, handler) :
     no font could be found for family "Arial"
    Warning in doTryCatch(return(expr), name, parentenv, handler) :
     no font could be found for family "Arial"
    Warning in doTryCatch(return(expr), name, parentenv, handler) :
     no font could be found for family "Arial"
    Warning in doTryCatch(return(expr), name, parentenv, handler) :
     no font could be found for family "Arial"
    Warning in doTryCatch(return(expr), name, parentenv, handler) :
     no font could be found for family "Arial"
    Warning in doTryCatch(return(expr), name, parentenv, handler) :
     no font could be found for family "Arial"
    Warning in doTryCatch(return(expr), name, parentenv, handler) :
     no font could be found for family "Arial"
    Warning in doTryCatch(return(expr), name, parentenv, handler) :
     no font could be found for family "Arial"
    Warning in doTryCatch(return(expr), name, parentenv, handler) :
     no font could be found for family "Arial"
    Warning in doTryCatch(return(expr), name, parentenv, handler) :
     no font could be found for family "Arial"
    Warning in doTryCatch(return(expr), name, parentenv, handler) :
     no font could be found for family "Arial"
    Warning in doTryCatch(return(expr), name, parentenv, handler) :
     no font could be found for family "Arial"
    Warning in doTryCatch(return(expr), name, parentenv, handler) :
     no font could be found for family "Arial"
    Warning in doTryCatch(return(expr), name, parentenv, handler) :
     no font could be found for family "Arial"
    Warning in doTryCatch(return(expr), name, parentenv, handler) :
     no font could be found for family "Arial"
    Warning in doTryCatch(return(expr), name, parentenv, handler) :
     no font could be found for family "Arial"
    Warning in doTryCatch(return(expr), name, parentenv, handler) :
     no font could be found for family "Arial"
    Warning in doTryCatch(return(expr), name, parentenv, handler) :
     no font could be found for family "Arial"
    Warning in doTryCatch(return(expr), name, parentenv, handler) :
     no font could be found for family "Arial"
    Warning in doTryCatch(return(expr), name, parentenv, handler) :
     no font could be found for family "Arial"
    Warning in doTryCatch(return(expr), name, parentenv, handler) :
     no font could be found for family "Arial"
    Warning in doTryCatch(return(expr), name, parentenv, handler) :
     no font could be found for family "Arial"
    Warning in doTryCatch(return(expr), name, parentenv, handler) :
     no font could be found for family "Arial"
    Warning in doTryCatch(return(expr), name, parentenv, handler) :
     no font could be found for family "Arial"
    Warning in doTryCatch(return(expr), name, parentenv, handler) :
     no font could be found for family "Arial"
    Warning in doTryCatch(return(expr), name, parentenv, handler) :
     no font could be found for family "Arial"
    Warning in doTryCatch(return(expr), name, parentenv, handler) :
     no font could be found for family "Arial"
    Warning in doTryCatch(return(expr), name, parentenv, handler) :
     no font could be found for family "Arial"
    Warning in doTryCatch(return(expr), name, parentenv, handler) :
     no font could be found for family "Arial"
    Warning in doTryCatch(return(expr), name, parentenv, handler) :
     no font could be found for family "Arial"
    Warning in doTryCatch(return(expr), name, parentenv, handler) :
     no font could be found for family "Arial"
    Warning in doTryCatch(return(expr), name, parentenv, handler) :
     no font could be found for family "Arial"
    Warning in doTryCatch(return(expr), name, parentenv, handler) :
     no font could be found for family "Arial"
    Warning in doTryCatch(return(expr), name, parentenv, handler) :
     no font could be found for family "Arial"
    Warning in doTryCatch(return(expr), name, parentenv, handler) :
     no font could be found for family "Arial"
    Warning in doTryCatch(return(expr), name, parentenv, handler) :
     no font could be found for family "Arial"
    Warning in doTryCatch(return(expr), name, parentenv, handler) :
     no font could be found for family "Arial"
    Warning in doTryCatch(return(expr), name, parentenv, handler) :
     no font could be found for family "Arial"
    Warning in doTryCatch(return(expr), name, parentenv, handler) :
     no font could be found for family "Arial"
    Warning in doTryCatch(return(expr), name, parentenv, handler) :
     no font could be found for family "Arial"
    Warning in doTryCatch(return(expr), name, parentenv, handler) :
     no font could be found for family "Arial"
    Warning in doTryCatch(return(expr), name, parentenv, handler) :
     no font could be found for family "Arial"
    Warning in doTryCatch(return(expr), name, parentenv, handler) :
     no font could be found for family "Arial"
    Warning in doTryCatch(return(expr), name, parentenv, handler) :
     no font could be found for family "Arial"
    Warning in doTryCatch(return(expr), name, parentenv, handler) :
     no font could be found for family "Arial"
    Warning in doTryCatch(return(expr), name, parentenv, handler) :
     no font could be found for family "Arial"
    Warning in doTryCatch(return(expr), name, parentenv, handler) :
     no font could be found for family "Arial"
    Warning in doTryCatch(return(expr), name, parentenv, handler) :
     no font could be found for family "Arial"
    Warning in doTryCatch(return(expr), name, parentenv, handler) :
     no font could be found for family "Arial"
    Warning in doTryCatch(return(expr), name, parentenv, handler) :
     no font could be found for family "Arial"
    Warning in doTryCatch(return(expr), name, parentenv, handler) :
     no font could be found for family "Arial"
    Warning in doTryCatch(return(expr), name, parentenv, handler) :
     no font could be found for family "Arial"
    Warning in doTryCatch(return(expr), name, parentenv, handler) :
     no font could be found for family "Arial"
    Warning in doTryCatch(return(expr), name, parentenv, handler) :
     no font could be found for family "Arial"
    Warning in doTryCatch(return(expr), name, parentenv, handler) :
     no font could be found for family "Arial"
    Warning in doTryCatch(return(expr), name, parentenv, handler) :
     no font could be found for family "Arial"
    Warning in doTryCatch(return(expr), name, parentenv, handler) :
     no font could be found for family "Arial"
    Warning in doTryCatch(return(expr), name, parentenv, handler) :
     no font could be found for family "Arial"
    Warning in doTryCatch(return(expr), name, parentenv, handler) :
     no font could be found for family "Arial"
    Warning in doTryCatch(return(expr), name, parentenv, handler) :
     no font could be found for family "Arial"
    Warning in doTryCatch(return(expr), name, parentenv, handler) :
     no font could be found for family "Arial"
    Warning in doTryCatch(return(expr), name, parentenv, handler) :
     no font could be found for family "Arial"
    Warning in doTryCatch(return(expr), name, parentenv, handler) :
     no font could be found for family "Arial"
    Warning in doTryCatch(return(expr), name, parentenv, handler) :
     no font could be found for family "Arial"
    Warning in doTryCatch(return(expr), name, parentenv, handler) :
     no font could be found for family "Arial"
    Warning in doTryCatch(return(expr), name, parentenv, handler) :
     no font could be found for family "Arial"
    Warning in doTryCatch(return(expr), name, parentenv, handler) :
     no font could be found for family "Arial"
    Warning in doTryCatch(return(expr), name, parentenv, handler) :
     no font could be found for family "Arial"
    Warning in doTryCatch(return(expr), name, parentenv, handler) :
     no font could be found for family "Arial"
    Warning in doTryCatch(return(expr), name, parentenv, handler) :
     no font could be found for family "Arial"
    Warning in doTryCatch(return(expr), name, parentenv, handler) :
     no font could be found for family "Arial"
    Warning in doTryCatch(return(expr), name, parentenv, handler) :
     no font could be found for family "Arial"
    Warning in doTryCatch(return(expr), name, parentenv, handler) :
     no font could be found for family "Arial"
    Warning in doTryCatch(return(expr), name, parentenv, handler) :
     no font could be found for family "Arial"
    Warning in doTryCatch(return(expr), name, parentenv, handler) :
     no font could be found for family "Arial"
    Warning in doTryCatch(return(expr), name, parentenv, handler) :
     no font could be found for family "Arial"
    Warning in doTryCatch(return(expr), name, parentenv, handler) :
     no font could be found for family "Arial"
    Warning in doTryCatch(return(expr), name, parentenv, handler) :
     no font could be found for family "Arial"
    Warning in doTryCatch(return(expr), name, parentenv, handler) :
     no font could be found for family "Arial"
    Warning in doTryCatch(return(expr), name, parentenv, handler) :
     no font could be found for family "Arial"
    Warning in doTryCatch(return(expr), name, parentenv, handler) :
     no font could be found for family "Arial"
    Warning in doTryCatch(return(expr), name, parentenv, handler) :
     no font could be found for family "Arial"
    Warning in doTryCatch(return(expr), name, parentenv, handler) :
     no font could be found for family "Arial"
    Warning in doTryCatch(return(expr), name, parentenv, handler) :
     no font could be found for family "Arial"
    Warning in doTryCatch(return(expr), name, parentenv, handler) :
     no font could be found for family "Arial"
    Warning in doTryCatch(return(expr), name, parentenv, handler) :
     no font could be found for family "Arial"
    Warning in doTryCatch(return(expr), name, parentenv, handler) :
     no font could be found for family "Arial"
    Warning in doTryCatch(return(expr), name, parentenv, handler) :
     no font could be found for family "Arial"
    Warning in doTryCatch(return(expr), name, parentenv, handler) :
     no font could be found for family "Arial"
    Warning in doTryCatch(return(expr), name, parentenv, handler) :
     no font could be found for family "Arial"
    Warning in doTryCatch(return(expr), name, parentenv, handler) :
     no font could be found for family "Arial"
    Warning in doTryCatch(return(expr), name, parentenv, handler) :
     no font could be found for family "Arial"
    Warning in doTryCatch(return(expr), name, parentenv, handler) :
     no font could be found for family "Arial"
    Warning in doTryCatch(return(expr), name, parentenv, handler) :
     no font could be found for family "Arial"
    Warning in doTryCatch(return(expr), name, parentenv, handler) :
     no font could be found for family "Arial"
    Warning in doTryCatch(return(expr), name, parentenv, handler) :
     no font could be found for family "Arial"
    Warning in doTryCatch(return(expr), name, parentenv, handler) :
     no font could be found for family "Arial"
    Warning in doTryCatch(return(expr), name, parentenv, handler) :
     no font could be found for family "Arial"
    Warning in doTryCatch(return(expr), name, parentenv, handler) :
     no font could be found for family "Arial"
    Warning in doTryCatch(return(expr), name, parentenv, handler) :
     no font could be found for family "Arial"
    Warning in doTryCatch(return(expr), name, parentenv, handler) :
     no font could be found for family "Arial"
    Warning in doTryCatch(return(expr), name, parentenv, handler) :
     no font could be found for family "Arial"
    Warning in doTryCatch(return(expr), name, parentenv, handler) :
     no font could be found for family "Arial"
    Warning in doTryCatch(return(expr), name, parentenv, handler) :
     no font could be found for family "Arial"
    Warning in doTryCatch(return(expr), name, parentenv, handler) :
     no font could be found for family "Arial"
    Warning in doTryCatch(return(expr), name, parentenv, handler) :
     no font could be found for family "Arial"
    Warning in doTryCatch(return(expr), name, parentenv, handler) :
     no font could be found for family "Arial"
    Warning in doTryCatch(return(expr), name, parentenv, handler) :
     no font could be found for family "Arial"
    Warning in doTryCatch(return(expr), name, parentenv, handler) :
     no font could be found for family "Arial"
    Warning in doTryCatch(return(expr), name, parentenv, handler) :
     no font could be found for family "Arial"
    Warning in doTryCatch(return(expr), name, parentenv, handler) :
     no font could be found for family "Arial"
    Warning in doTryCatch(return(expr), name, parentenv, handler) :
     no font could be found for family "Arial"
    Warning in doTryCatch(return(expr), name, parentenv, handler) :
     no font could be found for family "Arial"
    Warning in doTryCatch(return(expr), name, parentenv, handler) :
     no font could be found for family "Arial"
    Warning in doTryCatch(return(expr), name, parentenv, handler) :
     no font could be found for family "Arial"
    Warning in doTryCatch(return(expr), name, parentenv, handler) :
     no font could be found for family "Arial"
    Warning in doTryCatch(return(expr), name, parentenv, handler) :
     no font could be found for family "Arial"
    Warning in doTryCatch(return(expr), name, parentenv, handler) :
     no font could be found for family "Arial"
    Warning in doTryCatch(return(expr), name, parentenv, handler) :
     no font could be found for family "Arial"
    Warning in doTryCatch(return(expr), name, parentenv, handler) :
     no font could be found for family "Arial"
    Warning in doTryCatch(return(expr), name, parentenv, handler) :
     no font could be found for family "Arial"
    Warning in doTryCatch(return(expr), name, parentenv, handler) :
     no font could be found for family "Arial"
    Warning in doTryCatch(return(expr), name, parentenv, handler) :
     no font could be found for family "Arial"
    Warning in doTryCatch(return(expr), name, parentenv, handler) :
     no font could be found for family "Arial"
    Warning in doTryCatch(return(expr), name, parentenv, handler) :
     no font could be found for family "Arial"
    Warning in doTryCatch(return(expr), name, parentenv, handler) :
     no font could be found for family "Arial"
    Warning in doTryCatch(return(expr), name, parentenv, handler) :
     no font could be found for family "Arial"
    Warning in doTryCatch(return(expr), name, parentenv, handler) :
     no font could be found for family "Arial"
    Warning in doTryCatch(return(expr), name, parentenv, handler) :
     no font could be found for family "Arial"
    Warning in doTryCatch(return(expr), name, parentenv, handler) :
     no font could be found for family "Arial"
    Warning in doTryCatch(return(expr), name, parentenv, handler) :
     no font could be found for family "Arial"
    Warning in doTryCatch(return(expr), name, parentenv, handler) :
     no font could be found for family "Arial"
    Warning in doTryCatch(return(expr), name, parentenv, handler) :
     no font could be found for family "Arial"
    Warning in doTryCatch(return(expr), name, parentenv, handler) :
     no font could be found for family "Arial"
    Warning in doTryCatch(return(expr), name, parentenv, handler) :
     no font could be found for family "Arial"
    Warning in doTryCatch(return(expr), name, parentenv, handler) :
     no font could be found for family "Arial"
    Warning in doTryCatch(return(expr), name, parentenv, handler) :
     no font could be found for family "Arial"
    Warning in doTryCatch(return(expr), name, parentenv, handler) :
     no font could be found for family "Arial"
    Warning in doTryCatch(return(expr), name, parentenv, handler) :
     no font could be found for family "Arial"
    Warning in doTryCatch(return(expr), name, parentenv, handler) :
     no font could be found for family "Arial"
    Warning in doTryCatch(return(expr), name, parentenv, handler) :
     no font could be found for family "Arial"
    Warning in doTryCatch(return(expr), name, parentenv, handler) :
     no font could be found for family "Arial"
    Warning in doTryCatch(return(expr), name, parentenv, handler) :
     no font could be found for family "Arial"
    Warning in doTryCatch(return(expr), name, parentenv, handler) :
     no font could be found for family "Arial"
    Warning in doTryCatch(return(expr), name, parentenv, handler) :
     no font could be found for family "Arial"
    Warning in doTryCatch(return(expr), name, parentenv, handler) :
     no font could be found for family "Arial"
    Warning in doTryCatch(return(expr), name, parentenv, handler) :
     no font could be found for family "Arial"
    Warning in doTryCatch(return(expr), name, parentenv, handler) :
     no font could be found for family "Arial"
    Warning in doTryCatch(return(expr), name, parentenv, handler) :
     no font could be found for family "Arial"
    Warning in doTryCatch(return(expr), name, parentenv, handler) :
     no font could be found for family "Arial"
    Warning in doTryCatch(return(expr), name, parentenv, handler) :
     no font could be found for family "Arial"
    Warning in doTryCatch(return(expr), name, parentenv, handler) :
     no font could be found for family "Arial"
    Warning in doTryCatch(return(expr), name, parentenv, handler) :
     no font could be found for family "Arial"
    Warning in doTryCatch(return(expr), name, parentenv, handler) :
     no font could be found for family "Arial"
    Warning in doTryCatch(return(expr), name, parentenv, handler) :
     no font could be found for family "Arial"
    Warning in doTryCatch(return(expr), name, parentenv, handler) :
     no font could be found for family "Arial"
    Warning in doTryCatch(return(expr), name, parentenv, handler) :
     no font could be found for family "Arial"
    Warning in doTryCatch(return(expr), name, parentenv, handler) :
     no font could be found for family "Arial"
    Warning in doTryCatch(return(expr), name, parentenv, handler) :
     no font could be found for family "Arial"
    Warning in doTryCatch(return(expr), name, parentenv, handler) :
     no font could be found for family "Arial"
    Warning in doTryCatch(return(expr), name, parentenv, handler) :
     no font could be found for family "Arial"
    Warning in doTryCatch(return(expr), name, parentenv, handler) :
     no font could be found for family "Arial"
    Warning in doTryCatch(return(expr), name, parentenv, handler) :
     no font could be found for family "Arial"
    Warning in doTryCatch(return(expr), name, parentenv, handler) :
     no font could be found for family "Arial"
    Warning in doTryCatch(return(expr), name, parentenv, handler) :
     no font could be found for family "Arial"
    Warning in doTryCatch(return(expr), name, parentenv, handler) :
     no font could be found for family "Arial"
    Warning in doTryCatch(return(expr), name, parentenv, handler) :
     no font could be found for family "Arial"
    Warning in doTryCatch(return(expr), name, parentenv, handler) :
     no font could be found for family "Arial"
    Warning in doTryCatch(return(expr), name, parentenv, handler) :
     no font could be found for family "Arial"
    Warning in doTryCatch(return(expr), name, parentenv, handler) :
     no font could be found for family "Arial"
    Warning in doTryCatch(return(expr), name, parentenv, handler) :
     no font could be found for family "Arial"
    Warning in doTryCatch(return(expr), name, parentenv, handler) :
     no font could be found for family "Arial"
    Warning in doTryCatch(return(expr), name, parentenv, handler) :
     no font could be found for family "Arial"
    Warning in doTryCatch(return(expr), name, parentenv, handler) :
     no font could be found for family "Arial"
    Warning in doTryCatch(return(expr), name, parentenv, handler) :
     no font could be found for family "Arial"
    Warning in doTryCatch(return(expr), name, parentenv, handler) :
     no font could be found for family "Arial"
    Warning in doTryCatch(return(expr), name, parentenv, handler) :
     no font could be found for family "Arial"
    Warning in doTryCatch(return(expr), name, parentenv, handler) :
     no font could be found for family "Arial"
    Warning in doTryCatch(return(expr), name, parentenv, handler) :
     no font could be found for family "Arial"
    Warning in doTryCatch(return(expr), name, parentenv, handler) :
     no font could be found for family "Arial"
    Warning in doTryCatch(return(expr), name, parentenv, handler) :
     no font could be found for family "Arial"
    Warning in doTryCatch(return(expr), name, parentenv, handler) :
     no font could be found for family "Arial"
    Warning in doTryCatch(return(expr), name, parentenv, handler) :
     no font could be found for family "Arial"
    Warning in doTryCatch(return(expr), name, parentenv, handler) :
     no font could be found for family "Arial"
    Warning in doTryCatch(return(expr), name, parentenv, handler) :
     no font could be found for family "Arial"
    Warning in doTryCatch(return(expr), name, parentenv, handler) :
     no font could be found for family "Arial"
    Warning in doTryCatch(return(expr), name, parentenv, handler) :
     no font could be found for family "Arial"
    Warning in doTryCatch(return(expr), name, parentenv, handler) :
     no font could be found for family "Arial"
    Warning in doTryCatch(return(expr), name, parentenv, handler) :
     no font could be found for family "Arial"
    Warning in doTryCatch(return(expr), name, parentenv, handler) :
     no font could be found for family "Arial"
    Warning in doTryCatch(return(expr), name, parentenv, handler) :
     no font could be found for family "Arial"
    Warning in doTryCatch(return(expr), name, parentenv, handler) :
     no font could be found for family "Arial"
    Warning in doTryCatch(return(expr), name, parentenv, handler) :
     no font could be found for family "Arial"
    Warning in doTryCatch(return(expr), name, parentenv, handler) :
     no font could be found for family "Arial"
    Warning in doTryCatch(return(expr), name, parentenv, handler) :
     no font could be found for family "Arial"
    Warning in doTryCatch(return(expr), name, parentenv, handler) :
     no font could be found for family "Arial"
    Warning in doTryCatch(return(expr), name, parentenv, handler) :
     no font could be found for family "Arial"
    Warning in doTryCatch(return(expr), name, parentenv, handler) :
     no font could be found for family "Arial"
    Warning in doTryCatch(return(expr), name, parentenv, handler) :
     no font could be found for family "Arial"
    Warning in doTryCatch(return(expr), name, parentenv, handler) :
     no font could be found for family "Arial"
    Warning in doTryCatch(return(expr), name, parentenv, handler) :
     no font could be found for family "Arial"
    Warning in doTryCatch(return(expr), name, parentenv, handler) :
     no font could be found for family "Arial"
    Warning in doTryCatch(return(expr), name, parentenv, handler) :
     no font could be found for family "Arial"
    Warning in doTryCatch(return(expr), name, parentenv, handler) :
     no font could be found for family "Arial"
    Warning in doTryCatch(return(expr), name, parentenv, handler) :
     no font could be found for family "Arial"
    Warning in doTryCatch(return(expr), name, parentenv, handler) :
     no font could be found for family "Arial"
    Warning in doTryCatch(return(expr), name, parentenv, handler) :
     no font could be found for family "Arial"
    Warning in doTryCatch(return(expr), name, parentenv, handler) :
     no font could be found for family "Arial"
    Warning in doTryCatch(return(expr), name, parentenv, handler) :
     no font could be found for family "Arial"
    Warning in doTryCatch(return(expr), name, parentenv, handler) :
     no font could be found for family "Arial"
    Warning in doTryCatch(return(expr), name, parentenv, handler) :
     no font could be found for family "Arial"
    Warning in doTryCatch(return(expr), name, parentenv, handler) :
     no font could be found for family "Arial"
    Warning in doTryCatch(return(expr), name, parentenv, handler) :
     no font could be found for family "Arial"
    Warning in doTryCatch(return(expr), name, parentenv, handler) :
     no font could be found for family "Arial"
    Warning in doTryCatch(return(expr), name, parentenv, handler) :
     no font could be found for family "Arial"
    Warning in doTryCatch(return(expr), name, parentenv, handler) :
     no font could be found for family "Arial"
    Warning in doTryCatch(return(expr), name, parentenv, handler) :
     no font could be found for family "Arial"
    Warning in doTryCatch(return(expr), name, parentenv, handler) :
     no font could be found for family "Arial"
    Warning in doTryCatch(return(expr), name, parentenv, handler) :
     no font could be found for family "Arial"
    Warning in doTryCatch(return(expr), name, parentenv, handler) :
     no font could be found for family "Arial"
    Warning in doTryCatch(return(expr), name, parentenv, handler) :
     no font could be found for family "Arial"
    Warning in doTryCatch(return(expr), name, parentenv, handler) :
     no font could be found for family "Arial"
    Warning in doTryCatch(return(expr), name, parentenv, handler) :
     no font could be found for family "Arial"
    Warning in doTryCatch(return(expr), name, parentenv, handler) :
     no font could be found for family "Arial"
    Warning in doTryCatch(return(expr), name, parentenv, handler) :
     no font could be found for family "Arial"
    Warning in doTryCatch(return(expr), name, parentenv, handler) :
     no font could be found for family "Arial"
    Warning in doTryCatch(return(expr), name, parentenv, handler) :
     no font could be found for family "Arial"
    Warning in doTryCatch(return(expr), name, parentenv, handler) :
     no font could be found for family "Arial"
    Warning in doTryCatch(return(expr), name, parentenv, handler) :
     no font could be found for family "Arial"
    Warning in doTryCatch(return(expr), name, parentenv, handler) :
     no font could be found for family "Arial"
    Warning in doTryCatch(return(expr), name, parentenv, handler) :
     no font could be found for family "Arial"
    Warning in doTryCatch(return(expr), name, parentenv, handler) :
     no font could be found for family "Arial"
    Warning in doTryCatch(return(expr), name, parentenv, handler) :
     no font could be found for family "Arial"
    Warning in doTryCatch(return(expr), name, parentenv, handler) :
     no font could be found for family "Arial"
    Warning in doTryCatch(return(expr), name, parentenv, handler) :
     no font could be found for family "Arial"
    Warning in doTryCatch(return(expr), name, parentenv, handler) :
     no font could be found for family "Arial"
    Warning in doTryCatch(return(expr), name, parentenv, handler) :
     no font could be found for family "Arial"
    Warning in doTryCatch(return(expr), name, parentenv, handler) :
     no font could be found for family "Arial"
    Warning in doTryCatch(return(expr), name, parentenv, handler) :
     no font could be found for family "Arial"
    Warning in doTryCatch(return(expr), name, parentenv, handler) :
     no font could be found for family "Arial"
    Warning in doTryCatch(return(expr), name, parentenv, handler) :
     no font could be found for family "Arial"
    Warning in doTryCatch(return(expr), name, parentenv, handler) :
     no font could be found for family "Arial"
    Warning in doTryCatch(return(expr), name, parentenv, handler) :
     no font could be found for family "Arial"
    Warning in doTryCatch(return(expr), name, parentenv, handler) :
     no font could be found for family "Arial"
    Warning in doTryCatch(return(expr), name, parentenv, handler) :
     no font could be found for family "Arial"
    Warning in doTryCatch(return(expr), name, parentenv, handler) :
     no font could be found for family "Arial"
    Warning in doTryCatch(return(expr), name, parentenv, handler) :
     no font could be found for family "Arial"
    Warning in doTryCatch(return(expr), name, parentenv, handler) :
     no font could be found for family "Arial"
    Warning in doTryCatch(return(expr), name, parentenv, handler) :
     no font could be found for family "Arial"
    Warning in doTryCatch(return(expr), name, parentenv, handler) :
     no font could be found for family "Arial"
    Warning in doTryCatch(return(expr), name, parentenv, handler) :
     no font could be found for family "Arial"
    Warning in doTryCatch(return(expr), name, parentenv, handler) :
     no font could be found for family "Arial"
    Warning in doTryCatch(return(expr), name, parentenv, handler) :
     no font could be found for family "Arial"
    Warning in doTryCatch(return(expr), name, parentenv, handler) :
     no font could be found for family "Arial"
    Warning in doTryCatch(return(expr), name, parentenv, handler) :
     no font could be found for family "Arial"
    Warning in doTryCatch(return(expr), name, parentenv, handler) :
     no font could be found for family "Arial"
    --- finished re-building ‘Trichoptera.Rmd’
    
    SUMMARY: processing the following files failed:
     ‘PLN.Rmd’ ‘PLNLDA.Rmd’ ‘PLNPCA.Rmd’ ‘PLNmixture.Rmd’ ‘PLNnetwork.Rmd’
    
    Error: Vignette re-building failed.
    Execution halted
Flavor: r-release-macos-arm64