CRAN Package Check Results for Package PCRedux

Last updated on 2021-09-20 05:50:10 CEST.

Flavor Version Tinstall Tcheck Ttotal Status Flags
r-devel-linux-x86_64-debian-clang 1.1 16.02 152.54 168.56 OK
r-devel-linux-x86_64-debian-gcc 1.1 13.00 116.66 129.66 OK
r-devel-linux-x86_64-fedora-clang 1.1 207.58 OK
r-devel-linux-x86_64-fedora-gcc 1.1 197.33 OK
r-devel-windows-x86_64 1.1 19.00 147.00 166.00 OK
r-devel-windows-x86_64-gcc10-UCRT 1.1 ERROR
r-patched-linux-x86_64 1.1 20.79 145.64 166.43 OK
r-patched-solaris-x86 1.1 275.40 OK
r-release-linux-x86_64 1.1 15.97 145.97 161.94 OK
r-release-macos-arm64 1.1 OK
r-release-macos-x86_64 1.1 OK
r-release-windows-ix86+x86_64 1.1 37.00 185.00 222.00 OK
r-oldrel-macos-x86_64 1.1 OK
r-oldrel-windows-ix86+x86_64 1.1 37.00 196.00 233.00 OK

Check Details

Version: 1.1
Check: package dependencies
Result: NOTE
    Package suggested but not available for checking: 'RDML'
Flavor: r-devel-windows-x86_64-gcc10-UCRT

Version: 1.1
Check: whether package can be installed
Result: WARN
    Found the following significant warnings:
     WARNING: installation-time patches will not be applied, could not get the patches index
Flavor: r-devel-windows-x86_64-gcc10-UCRT

Version: 1.1
Check: PDF version of manual
Result: WARN
    LaTeX errors when creating PDF version.
    This typically indicates Rd problems.
Flavor: r-devel-windows-x86_64-gcc10-UCRT

Version: 1.1
Check: PDF version of manual without hyperrefs or index
Result: ERROR
    Re-running with no redirection of stdout/stderr.
Flavor: r-devel-windows-x86_64-gcc10-UCRT