CRAN Package Check Results for Package OutrankingTools

Last updated on 2021-07-31 05:51:56 CEST.

Flavor Version Tinstall Tcheck Ttotal Status Flags
r-devel-linux-x86_64-debian-clang 1.0 6.53 44.53 51.06 NOTE
r-devel-linux-x86_64-debian-gcc 1.0 4.81 34.68 39.49 NOTE
r-devel-linux-x86_64-fedora-clang 1.0 67.71 NOTE
r-devel-linux-x86_64-fedora-gcc 1.0 57.37 NOTE
r-devel-windows-x86_64 1.0 7.00 66.00 73.00 OK
r-devel-windows-x86_64-gcc10-UCRT 1.0 OK
r-patched-linux-x86_64 1.0 NOTE
r-patched-solaris-x86 1.0 84.40 NOTE
r-release-linux-x86_64 1.0 4.41 42.95 47.36 NOTE
r-release-macos-arm64 1.0 OK
r-release-macos-x86_64 1.0 OK
r-release-windows-ix86+x86_64 1.0 11.00 42.00 53.00 OK
r-oldrel-macos-x86_64 1.0 OK
r-oldrel-windows-ix86+x86_64 1.0 8.00 58.00 66.00 OK

Check Details

Version: 1.0
Check: for non-standard things in the check directory
Result: NOTE
    Found the following files/directories:
     'result.txt'
Flavors: r-devel-linux-x86_64-debian-clang, r-devel-linux-x86_64-debian-gcc, r-devel-linux-x86_64-fedora-clang, r-devel-linux-x86_64-fedora-gcc, r-patched-linux-x86_64, r-patched-solaris-x86, r-release-linux-x86_64