CRAN Package Check Results for Package NetworkInference

Last updated on 2021-08-03 05:52:54 CEST.

Flavor Version Tinstall Tcheck Ttotal Status Flags
r-devel-linux-x86_64-debian-clang 1.2.4 64.16 101.88 166.04 OK
r-devel-linux-x86_64-debian-gcc 1.2.4 38.10 74.76 112.86 OK
r-devel-linux-x86_64-fedora-clang 1.2.4 225.22 OK
r-devel-linux-x86_64-fedora-gcc 1.2.4 196.22 OK
r-devel-windows-x86_64 1.2.4 57.00 151.00 208.00 OK
r-devel-windows-x86_64-gcc10-UCRT 1.2.4 OK
r-patched-linux-x86_64 1.2.4 47.64 92.72 140.36 OK
r-patched-solaris-x86 1.2.4 220.70 OK
r-release-linux-x86_64 1.2.4 44.26 92.48 136.74 OK
r-release-macos-arm64 1.2.4 WARN
r-release-macos-x86_64 1.2.4 OK
r-release-windows-ix86+x86_64 1.2.4 140.00 173.00 313.00 OK
r-oldrel-macos-x86_64 1.2.4 OK
r-oldrel-windows-ix86+x86_64 1.2.4 106.00 170.00 276.00 OK

Check Details

Version: 1.2.4
Check: re-building of vignette outputs
Result: WARN
    Error(s) in re-building vignettes:
    --- re-building ‘quickstart_vignette.Rmd’ using rmarkdown
    Warning in engine$weave(file, quiet = quiet, encoding = enc) :
     Pandoc (>= 1.12.3) not available. Falling back to R Markdown v1.
    NetworkInference: Inferring latent diffusion networks.
    Version 1.2.4
    copyright (c) 2016, Fridolin Linder, Pennsylvania State University
     Bruce Desmarais, Pennsylvania State University
    For citation information, type citation("NetworkInference").
    Type help("NetworkInference") to get started.
    
    --- finished re-building ‘quickstart_vignette.Rmd’
    
    --- re-building ‘tutorial_vignette.Rmd’ using rmarkdown
    Warning in engine$weave(file, quiet = quiet, encoding = enc) :
     Pandoc (>= 1.12.3) not available. Falling back to R Markdown v1.
    NetworkInference: Inferring latent diffusion networks.
    Version 1.2.4
    copyright (c) 2016, Fridolin Linder, Pennsylvania State University
     Bruce Desmarais, Pennsylvania State University
    For citation information, type citation("NetworkInference").
    Type help("NetworkInference") to get started.
    
    
    Attaching package: 'dplyr'
    
    The following objects are masked from 'package:stats':
    
     filter, lag
    
    The following objects are masked from 'package:base':
    
     intersect, setdiff, setequal, union
    
    Quitting from lines 188-190 (tutorial_vignette.Rmd)
    Error: processing vignette 'tutorial_vignette.Rmd' failed with diagnostics:
    polygon edge not found
    --- failed re-building ‘tutorial_vignette.Rmd’
    
    SUMMARY: processing the following file failed:
     ‘tutorial_vignette.Rmd’
    
    Error: Vignette re-building failed.
    Execution halted
Flavor: r-release-macos-arm64