CRAN Package Check Results for Package MixedPsy

Last updated on 2022-01-26 05:54:21 CET.

Flavor Version Tinstall Tcheck Ttotal Status Flags
r-devel-linux-x86_64-debian-clang 1.1.0 11.84 124.33 136.17 OK
r-devel-linux-x86_64-debian-gcc 1.1.0 7.78 96.03 103.81 OK
r-devel-linux-x86_64-fedora-clang 1.1.0 158.18 OK
r-devel-linux-x86_64-fedora-gcc 1.1.0 152.33 OK
r-devel-windows-x86_64-new-UL 1.1.0 35.00 146.00 181.00 OK
r-devel-windows-x86_64-new-TK 1.1.0 ERROR
r-patched-linux-x86_64 1.1.0 15.08 112.57 127.65 OK
r-release-linux-x86_64 1.1.0 7.16 112.19 119.35 OK
r-release-macos-arm64 1.1.0 OK
r-release-macos-x86_64 1.1.0 OK
r-release-windows-ix86+x86_64 1.1.0 27.00 133.00 160.00 OK
r-oldrel-macos-x86_64 1.1.0 OK
r-oldrel-windows-ix86+x86_64 1.1.0 27.00 135.00 162.00 OK

Check Details

Version: 1.1.0
Check: package dependencies
Result: ERROR
    Package required but not available: 'lme4'
    
    See section 'The DESCRIPTION file' in the 'Writing R Extensions'
    manual.
Flavor: r-devel-windows-x86_64-new-TK