CRAN Package Check Results for Package MiRKAT

Last updated on 2021-09-23 05:51:30 CEST.

Flavor Version Tinstall Tcheck Ttotal Status Flags
r-devel-linux-x86_64-debian-clang 1.1.5 14.85 229.45 244.30 OK
r-devel-linux-x86_64-debian-gcc 1.1.5 12.14 168.20 180.34 OK
r-devel-linux-x86_64-fedora-clang 1.1.5 291.34 OK
r-devel-linux-x86_64-fedora-gcc 1.1.5 280.40 OK
r-devel-windows-x86_64 1.1.5 17.00 188.00 205.00 OK
r-devel-windows-x86_64-gcc10-UCRT 1.1.5 ERROR
r-patched-linux-x86_64 1.1.5 14.98 216.22 231.20 OK
r-patched-solaris-x86 1.1.5 389.00 OK
r-release-linux-x86_64 1.1.5 13.04 213.85 226.89 OK
r-release-macos-arm64 1.1.5 OK
r-release-macos-x86_64 1.1.5 OK
r-release-windows-ix86+x86_64 1.1.5 62.00 260.00 322.00 OK
r-oldrel-macos-x86_64 1.1.5 OK
r-oldrel-windows-ix86+x86_64 1.1.5 24.00 209.00 233.00 OK

Check Details

Version: 1.1.5
Check: package dependencies
Result: NOTE
    Packages suggested but not available for checking:
     'propr', 'tidyverse', 'kableExtra'
Flavor: r-devel-windows-x86_64-gcc10-UCRT

Version: 1.1.5
Check: re-building of vignette outputs
Result: WARN
    Error(s) in re-building vignettes:
    --- re-building 'MiRKAT_Vignette.Rmd' using rmarkdown
    This is vegan 2.5-7
    Loading required package: Matrix
    Quitting from lines 19-25 (MiRKAT_Vignette.Rmd)
    Error: processing vignette 'MiRKAT_Vignette.Rmd' failed with diagnostics:
    there is no package called 'propr'
    --- failed re-building 'MiRKAT_Vignette.Rmd'
    
    SUMMARY: processing the following file failed:
     'MiRKAT_Vignette.Rmd'
    
    Error: Vignette re-building failed.
    Execution halted
Flavor: r-devel-windows-x86_64-gcc10-UCRT

Version: 1.1.5
Check: PDF version of manual
Result: WARN
    LaTeX errors when creating PDF version.
    This typically indicates Rd problems.
Flavor: r-devel-windows-x86_64-gcc10-UCRT

Version: 1.1.5
Check: PDF version of manual without hyperrefs or index
Result: ERROR
    Re-running with no redirection of stdout/stderr.
Flavor: r-devel-windows-x86_64-gcc10-UCRT