CRAN Package Check Results for Package MedianaDesigner

Last updated on 2021-11-28 05:49:38 CET.

Flavor Version Tinstall Tcheck Ttotal Status Flags
r-devel-linux-x86_64-debian-clang 0.6 OK
r-devel-linux-x86_64-debian-gcc 0.6 53.35 148.18 201.53 OK
r-devel-linux-x86_64-fedora-clang 0.6 355.35 NOTE
r-devel-linux-x86_64-fedora-gcc 0.6 324.02 OK
r-devel-windows-x86_64-new-UL 0.6 77.00 294.00 371.00 OK
r-devel-windows-x86_64-new-TK 0.6 OK
r-devel-windows-x86_64-old 0.6 54.00 278.00 332.00 OK
r-patched-linux-x86_64 0.6 58.94 191.09 250.03 OK
r-patched-solaris-x86 0.6 360.70 OK
r-release-linux-x86_64 0.6 43.64 193.71 237.35 OK
r-release-macos-arm64 0.6 NOTE
r-release-macos-x86_64 0.6 NOTE
r-release-windows-ix86+x86_64 0.6 122.00 315.00 437.00 OK
r-oldrel-macos-x86_64 0.6 NOTE
r-oldrel-windows-ix86+x86_64 0.6 96.00 320.00 416.00 OK

Check Details

Version: 0.6
Check: installed package size
Result: NOTE
     installed size is 6.2Mb
     sub-directories of 1Mb or more:
     libs 5.4Mb
Flavors: r-devel-linux-x86_64-fedora-clang, r-release-macos-arm64, r-release-macos-x86_64, r-oldrel-macos-x86_64